NOAA-Style Climate Reports


Report for 2015 January
                   Monthly Climatological Summary for Jan 2015

Name: Paradise Weather Station   City: Paradise   State: CA
Elevation: 1824 ft  Lat: N 39° 45' 32"   Lon: W 121° 36' 43"

                  Temperature (°F), Rain (in), Wind Speed (mph)

                                      Heat  Cool        Avg
    Mean                              Deg   Deg         Wind                 Dom
Day Temp  High   Time   Low    Time   Days  Days  Rain  Speed High   Time    Dir
----------------------------------------------------------------------------------
 1  38.9  50.7  12:27p  31.0  11:52p  26.1   0.0  0.00   0.3  12.0   5:18a   NNE
 2  37.1  50.3  11:46a  29.3   4:10a  27.9   0.0  0.00   0.1   4.0   1:00p    SE
 3  38.4  50.8  12:57p  31.0   5:59a  26.6   0.0  0.00   0.1   5.0  11:50a     S
 4  42.2  55.7   1:55p  33.5   3:03a  22.8   0.0  0.00   0.1   6.0   8:29a   NNW
 5  46.8  64.3   1:36p  37.7   4:32a  18.2   0.0  0.00   0.1   4.0   9:05a   NNW
 6  50.9  67.8  11:17a  41.2   7:27a  14.1   0.0  0.00   0.2   5.0  10:15a     N
 7  55.2  72.3   1:22p  46.7   6:49a   9.8   0.0  0.00   0.5   8.0   8:54a   NNE
 8  53.6  67.9  11:57a  46.0   2:43a  11.4   0.0  0.00   0.3   6.0   6:02a   NNE
 9  52.6  62.0  11:39a  46.5   5:49a  12.4   0.0  0.00   0.1   7.0  12:12a   NNE
10  50.3  57.5  11:36a  44.7   1:58a  14.7   0.0  0.00   0.0   3.0   9:56a    NE
11  49.5  60.0  12:14p  41.1   8:06a  15.5   0.0  0.00   0.1   4.0  10:50a   SSE
12  48.8  60.2  12:59p  40.6   6:00a  16.2   0.0  0.00   0.1  12.0  10:44p     N
13  54.6  64.9   1:17p  45.9  10:58p  10.4   0.0  0.00   1.4  14.0   6:27a   NNE
14  47.3  58.8  11:24a  37.0   5:02a  17.7   0.0  0.00   0.3  10.0   6:58a   ENE
15  47.8  57.7  12:56p  41.3   4:27a  17.2   0.0  0.00   0.2   7.0  11:23p     E
16  49.9  52.2   1:47a  45.9   7:00a  15.1   0.0  0.12   0.3   8.0   4:53a   SSE
17  51.9  60.1   1:09p  46.7   6:39a  13.1   0.0  0.00   0.1   6.0  10:58p     S
18  54.0  60.7   1:56p  49.9  12:00a  11.0   0.0  0.00   0.1   6.0  12:52p   SSE
19  51.5  62.4  12:51p  42.9  11:39p  13.5   0.0  0.00   0.1   6.0  12:15p     N
20  46.2  57.1   1:41p  37.6   7:20a  18.8   0.0  0.00   0.2   0.0   6:31p    NE
21  52.3  66.4   1:02p  39.6  11:56p  12.7   0.0  0.00   0.6  17.0  12:45a    NE
22  48.0  59.6  11:50a  39.2   5:46a  17.0   0.0  0.00   0.1   4.0   8:05a   SSW
23  57.3  72.6   1:11p  43.2   1:41a   7.7   0.0  0.00   0.8  15.0   6:53p   NNE
24  61.6  78.1   1:02p  47.3   5:53a   3.4   0.0  0.00   0.6  13.0  10:18a   NNE
25  58.0  72.0  12:53p  45.9  11:59p   7.0   0.0  0.00   0.3  11.0   1:32a     N
26  52.4  67.8  11:35a  42.7   4:39a  12.6   0.0  0.00   0.0   3.0   9:33a     W
27  51.7  57.0  12:18p  47.1  11:28p  13.3   0.0  0.00   0.3   8.0   5:43a   SSE
28  52.9  69.2   1:10p  42.1   7:34a  12.1   0.0  0.00   0.1   6.0   1:41p   NNE
29  52.3  67.3  12:33p  42.7   4:40a  12.7   0.0  0.00   0.2  10.0  10:00a    NE
30  54.4  70.8   1:04p  44.8   7:44a  10.6   0.0  0.00   0.5  13.0  10:09a   NNE
31  54.5  72.7   1:26p  41.5   5:37a  10.5   0.0  0.00   0.5   9.0   1:53p     N
----------------------------------------------------------------------------------
    50.4  78.1    24    29.3     2   452.1   0.0  0.12   0.3  17.0    21     NNE

Max >=  90.0:  0
Max <=  80.0: 31
Min <=  45.0: 21
Min <=  32.0:  3
Max Rain: 0.12 on day 16
Days of Rain: 1 (>= 0.01 in)  1 (>= 0.10 in)  0 (>= 1.00 in)
Heat Base: 65.0  Cool Base: 65.0  Method: Integration