NOAA-Style Climate Reports


Report for 2015 February
                   Monthly Climatological Summary for Feb 2015

Name: Paradise Weather Station   City: Paradise   State: CA
Elevation: 1824 ft  Lat: N 39° 45' 32"   Lon: W 121° 36' 43"

                  Temperature (°F), Rain (in), Wind Speed (mph)

                                      Heat  Cool        Avg
    Mean                              Deg   Deg         Wind                 Dom
Day Temp  High   Time   Low    Time   Days  Days  Rain  Speed High   Time    Dir
----------------------------------------------------------------------------------
 1  49.6  61.4   2:19p  40.9   4:44a  15.4   0.0  0.00   0.1   4.0  11:11a     S
 2  52.8  62.9   2:08p  45.1   2:50a  12.2   0.0  0.03   0.2   9.0  10:47a   NNE
 3  54.5  66.8  11:49a  47.8  12:11a  10.5   0.0  0.00   0.2   6.0  10:56a   SSE
 4  53.0  63.2   3:34p  43.7   6:45a  12.0   0.0  0.00   0.1   7.0   1:58p   SSE
 5  55.6  59.5   4:33p  48.1  12:44a   9.4   0.0  0.00   0.7  11.0   9:15p   SSE
 6  52.5  61.3   4:54a  47.7   1:03p  12.5   0.0  3.43   3.4  22.0   1:13p   SSE
 7  55.0  58.5   3:28p  52.9   7:50a  10.0   0.0  0.04   1.8  22.0  12:08a     S
 8  53.9  55.7   9:31a  52.3  11:56p  11.1   0.0  0.96   1.8  15.0  11:07p   SSE
 9  51.5  56.9   2:43p  45.3  11:55p  13.5   0.0  0.15   2.0  15.0  12:28a     S
10  49.5  65.1   1:23p  39.9   7:37a  15.5   0.0  0.00   0.3   7.0   6:09a    NE
11  51.8  64.7  12:17p  41.7   6:03a  13.2   0.0  0.00   0.1   4.0  10:28a   NNW
12  56.5  71.7  12:05p  47.3   7:03a   8.5   0.0  0.00   0.2   5.0   9:37a    NE
13  56.1  70.9  12:40p  48.2   7:04a   8.9   0.0  0.00   0.1   4.0  12:37p     S
14  57.4  73.1   1:19p  47.7   5:42a   7.6   0.0  0.00   0.1   5.0   6:58a    NE
15  59.3  76.0  12:12p  46.9   4:30a   5.7   0.0  0.00   0.5  12.0   1:33p   NNE
16  56.9  73.2   1:03p  45.9   2:21a   8.1   0.0  0.00   0.3   6.0   6:37a    NE
17  55.0  69.6   1:40p  45.8   4:27a  10.0   0.0  0.00   0.2   5.0   8:08a     S
18  53.7  69.1   1:42p  43.2   5:50a  11.3   0.0  0.00   0.0   4.0  10:47a   SSW
19  53.4  68.1  11:50a  44.1   7:06a  11.6   0.0  0.00   0.1   5.0   1:07p   SSW
20  54.6  72.1  12:31p  41.9   6:27a  10.4   0.0  0.00   0.2   7.0  11:59a     N
21  50.9  66.6  12:10p  41.6   6:47a  14.1   0.0  0.00   0.4  18.0  11:35p    NW
22  52.0  62.0   1:43p  45.7   8:14p  13.0   0.0  0.00   3.0  25.0   1:59a   NNE
23  49.4  60.6   1:52p  42.3   6:57a  15.6   0.0  0.00   2.1  23.0   5:09a   NNE
24  50.8  69.3   1:10p  37.9   6:00a  14.2   0.0  0.00   0.4   8.0  12:02a     N
25  49.6  64.8  12:26p  36.2   6:50a  15.4   0.0  0.00   0.1   5.0  10:41a   SSE
26  54.6  71.4   1:46p  41.0   4:21a  10.4   0.0  0.00   0.0   7.0   6:18p   NNW
27  49.8  63.4   1:04p  40.5  11:55p  15.2   0.0  0.18   0.5   8.0   2:37p     S
28  44.2  55.5  11:33a  38.9   3:11a  20.8   0.0  0.02   0.2   7.0  11:08a     S
----------------------------------------------------------------------------------
    53.0  76.0    15    36.2    25   336.1   0.0  4.81   0.7  25.0    22      SE

Max >=  90.0:  0
Max <=  80.0: 28
Min <=  45.0: 14
Min <=  32.0:  0
Max Rain: 3.43 on day 6
Days of Rain: 7 (>= 0.01 in)  4 (>= 0.10 in)  1 (>= 1.00 in)
Heat Base: 65.0  Cool Base: 65.0  Method: Integration