NOAA-Style Climate Reports


Report for 2015 March
                   Monthly Climatological Summary for Mar 2015

Name: Paradise Weather Station   City: Paradise   State: CA
Elevation: 1824 ft  Lat: N 39° 45' 32"   Lon: W 121° 36' 43"

                  Temperature (°F), Rain (in), Wind Speed (mph)

                                      Heat  Cool        Avg
    Mean                              Deg   Deg         Wind                 Dom
Day Temp  High   Time   Low    Time   Days  Days  Rain  Speed High   Time    Dir
----------------------------------------------------------------------------------
 1  50.4  66.6   1:31p  38.6   3:02a  14.6   0.0  0.00   0.8  14.0   8:36a   NNE
 2  47.8  58.1   1:40p  39.6  11:55p  17.2   0.0  0.00   0.4   8.0   1:23p     S
 3  48.2  63.8   1:55p  37.1   5:26a  16.8   0.0  0.00   0.4  10.0  11:59p   NNW
 4  51.6  64.4   2:04p  41.5   5:58a  13.4   0.0  0.00   0.8  15.0  12:44a    NE
 5  51.3  68.0  12:54p  39.0   4:36a  13.7   0.0  0.00   0.3   7.0   8:36a   ESE
 6  56.2  74.6   2:00p  42.7   3:53a   8.8   0.0  0.00   0.3   6.0   5:50a    NE
 7  56.2  74.1   1:40p  42.9   6:07a   8.8   0.0  0.00   0.3   6.0  12:49p   WSW
 8  55.5  74.9   2:25p  43.4   7:41a   9.5   0.0  0.00   0.1   6.0  11:53a     S
 9  60.6  80.9   1:20p  46.3   3:26a   4.4   0.0  0.00   0.4  11.0   7:36a    NE
10  58.9  71.1   1:46p  47.8   7:38a   6.1   0.0  0.00   0.2   5.0   1:28p   SSE
11  53.3  57.6  12:00a  47.9  11:58p  11.7   0.0  0.32   0.1   7.0   4:18a   SSE
12  59.3  76.5   2:58p  45.1   5:28a   5.7   0.0  0.01   0.6  10.0  10:35p   NNE
13  62.9  74.5   1:21p  49.3   6:02a   2.1   0.0  0.00   0.3  10.0   1:01a     E
14  64.6  78.2   2:04p  55.7   4:40a   0.4   0.0  0.00   0.1   7.0   1:17p     S
15  63.4  72.0  12:36p  53.5  10:16p   1.6   0.0  0.00   0.6   9.0  10:36a     S
16  56.7  66.0  12:30p  52.5   7:24a   8.3   0.0  0.03   0.0   6.0   4:40p     E
17  58.0  73.4   3:04p  47.7   7:35a   7.0   0.0  0.00   0.2   5.0  12:47p     S
18  60.4  77.3   2:33p  46.1   5:21a   4.6   0.0  0.00   0.4  10.0   6:52a   NNW
19  61.8  77.4   2:56p  50.8   6:39a   3.2   0.0  0.00   0.4   8.0   8:58a    NE
20  59.4  71.6   2:36p  50.8   3:39a   5.6   0.0  0.00   0.4   7.0   2:31p   SSE
21  58.8  73.0   2:50p  45.6   7:35a   6.2   0.0  0.00   0.3   8.0   2:05p     S
22  55.8  63.9   2:55p  48.4  11:58p   9.2   0.0  0.22   0.8  13.0   3:12p     S
23  52.0  62.3   2:47p  47.7   6:02a  13.0   0.0  0.00   0.6   9.0   3:08a     S
24  53.1  65.2   3:23p  47.0  11:52p  11.9   0.0  0.01   0.1   6.0   2:36p   SSE
25  59.9  77.9   2:42p  44.4   3:52a   5.1   0.0  0.00   0.3   8.0  12:42p     N
26  63.4  80.6   2:44p  50.6   6:37a   1.6   0.0  0.00   0.2   6.0   2:42p     S
27  65.4  82.5   3:03p  52.4   5:51a   0.0   0.4  0.00   0.4   8.0   4:57p     S
28  64.5  83.2   2:50p  50.2   6:56a   0.5   0.0  0.00   0.2  10.0  10:18a     N
29  62.7  82.9   2:32p  50.6   4:58a   2.3   0.0  0.00   0.2   9.0   6:12a     N
30  64.4  78.7   2:58p  51.5   6:51a   0.6   0.0  0.00   0.3   6.0   3:37p     S
31  58.4  70.6   3:06p  48.7  11:59p   6.6   0.0  0.00   0.6  14.0   3:02p   NNW
----------------------------------------------------------------------------------
    57.9  83.2    28    37.1     3   220.5   0.4  0.59   0.4  15.0     4       E

Max >=  90.0:  0
Max <=  80.0: 26
Min <=  45.0:  9
Min <=  32.0:  0
Max Rain: 0.32 on day 11
Days of Rain: 5 (>= 0.01 in)  2 (>= 0.10 in)  0 (>= 1.00 in)
Heat Base: 65.0  Cool Base: 65.0  Method: Integration