NOAA-Style Climate Reports


Report for 2015 April
                   Monthly Climatological Summary for Apr 2015

Name: Paradise Weather Station   City: Paradise   State: CA
Elevation: 1824 ft  Lat: N 39° 45' 32"   Lon: W 121° 36' 43"

                  Temperature (°F), Rain (in), Wind Speed (mph)

                                      Heat  Cool        Avg
    Mean                              Deg   Deg         Wind                 Dom
Day Temp  High   Time   Low    Time   Days  Days  Rain  Speed High   Time    Dir
----------------------------------------------------------------------------------
 1  51.8  69.3   2:09p  41.1   5:40a  13.2   0.0  0.00   0.1   9.0   7:40p   NNW
 2  55.4  71.1   1:53p  45.3   3:07a   9.6   0.0  0.00   0.9  15.0  10:04a     N
 3  56.8  72.7   2:33p  46.2   6:46a   8.2   0.0  0.00   0.7  10.0   1:45a     E
 4  54.9  66.1   1:18p  44.3   4:51a  10.1   0.0  0.00   0.4   9.0  11:04p     S
 5  45.5  50.5  12:00a  40.4  11:18p  19.5   0.0  0.36   0.4   8.0   6:26a   SSE
 6  47.4  58.1   3:10p  37.9   6:51a  17.6   0.0  0.01   0.8  15.0   6:19p     S
 7  43.0  51.4   2:12p  38.2  10:04a  22.0   0.0  1.31   1.6   9.0  12:15p   SSE
 8  44.9  54.2   2:46p  40.2  11:53p  20.1   0.0  0.07   0.1   5.0   1:24p   NNE
 9  49.7  65.8   2:38p  37.4   6:54a  15.3   0.0  0.00   0.2   5.0  11:08a     S
10  54.7  70.8   2:49p  41.7   5:06a  10.3   0.0  0.00   0.4   9.0   2:32p     S
11  56.6  73.8   2:45p  44.9   6:31a   8.4   0.0  0.00   0.6   7.0  12:22p     N
12  60.8  80.5   2:40p  46.3   7:01a   4.2   0.0  0.00   0.6   7.0   1:19p   NNE
13  62.0  77.4   2:53p  50.8   3:27a   3.0   0.0  0.00   1.1  12.0   1:17p     S
14  52.2  66.6   2:47p  38.6   6:37a  12.8   0.0  0.00   0.9  12.0   2:32a    NW
15  58.3  74.5   3:07p  48.1   4:48a   6.7   0.0  0.00   1.2  18.0  12:52a   NNE
16  64.0  81.9   2:51p  52.3  12:46a   1.0   0.0  0.00   1.0  18.0  10:39a     N
17  62.8  80.8   2:23p  47.4   5:21a   2.2   0.0  0.00   0.3   6.0  11:35a   ESE
18  64.1  82.0   2:56p  49.8   6:59a   0.9   0.0  0.00   0.3   6.0   3:06p     S
19  67.3  87.9   2:37p  53.3   7:00a   0.0   2.3  0.00   0.3   7.0   5:20p    NE
20  67.0  83.5   2:36p  53.9   5:23a   0.0   2.0  0.00   0.2   6.0   3:09p     S
21  62.3  76.4   2:47p  53.3   6:26a   2.7   0.0  0.00   0.3   6.0   2:17p     S
22  62.9  77.8   2:57p  53.1   6:38a   2.1   0.0  0.00   0.3   7.0   2:59p     S
23  62.5  77.9   2:39p  50.6   6:32a   2.5   0.0  0.27   0.3  11.0   8:17p     S
24  54.9  67.4   2:07p  45.5   6:30a  10.1   0.0  0.47   0.5   9.0   1:37p     S
25  53.6  67.7   2:42p  45.6   6:38a  11.4   0.0  0.46   0.2  10.0   1:37p   SSW
26  59.2  75.5   3:17p  44.2   6:48a   5.8   0.0  0.00   0.4  12.0   3:54p   NNW
27  69.0  87.4   2:26p  51.8   5:00a   0.0   4.0  0.00   0.7  15.0   7:38a     N
28  69.1  82.9   2:11p  56.8   5:45a   0.0   4.1  0.00   0.5  10.0   2:33p     S
29  66.5  83.8   2:43p  53.4   6:31a   0.0   1.5  0.00   0.2   6.0  12:39p     S
30  73.3  89.1   2:27p  59.0   1:10a   0.0   8.3  0.00   1.4  19.0   7:34a   NNE
----------------------------------------------------------------------------------
    58.4  89.1    30    37.4     9   219.7  22.2  2.95   0.6  19.0    30       E

Max >=  90.0:  0
Max <=  80.0: 20
Min <=  45.0: 11
Min <=  32.0:  0
Max Rain: 1.31 on day 7
Days of Rain: 7 (>= 0.01 in)  5 (>= 0.10 in)  1 (>= 1.00 in)
Heat Base: 65.0  Cool Base: 65.0  Method: Integration