NOAA-Style Climate Reports


Report for 2015 May
                   Monthly Climatological Summary for May 2015

Name: Paradise Weather Station   City: Paradise   State: CA
Elevation: 1824 ft  Lat: N 39° 45' 32"   Lon: W 121° 36' 43"

                  Temperature (°F), Rain (in), Wind Speed (mph)

                                      Heat  Cool        Avg
    Mean                              Deg   Deg         Wind                 Dom
Day Temp  High   Time   Low    Time   Days  Days  Rain  Speed High   Time    Dir
----------------------------------------------------------------------------------
 1  74.9  92.9   3:10p  63.1   7:27a   0.0   9.9  0.00   0.5   7.0   4:49a     S
 2  71.6  89.0   2:54p  59.2   5:28a   0.0   6.6  0.00   0.3   5.0  11:10a     S
 3  69.6  86.9   3:13p  58.1   6:13a   0.0   4.6  0.00   0.3   6.0   5:10p     S
 4  65.4  83.3   3:18p  51.3   6:52a   0.0   0.4  0.00   0.3   6.0  12:44p     S
 5  64.0  80.3   3:04p  50.4   6:57a   1.0   0.0  0.00   0.2   7.0   8:57a     S
 6  64.0  82.9   3:13p  50.7   6:50a   1.0   0.0  0.00   0.5  12.0  11:37p    SW
 7  61.5  74.8   3:07p  49.3   6:01a   3.5   0.0  0.00   1.2  20.0   5:01a   NNE
 8  58.8  75.9   3:15p  43.8   6:42a   6.2   0.0  0.01   0.4   9.0   7:55p     S
 9  63.9  82.2   3:11p  48.6   6:39a   1.1   0.0  0.00   0.2   8.0   2:25p     S
10  66.1  81.8   2:48p  52.4   6:59a   0.0   1.1  0.00   0.3   6.0   1:29p     S
11  62.9  78.5   3:06p  51.2   6:12a   2.1   0.0  0.00   0.6  10.0  12:18p     S
12  55.0  64.9   2:50p  49.7   7:28a  10.0   0.0  0.00   0.2   5.0  11:30a   SSE
13  57.3  72.4   3:14p  46.7   6:58a   7.7   0.0  0.00   0.6   8.0   3:51p     S
14  57.7  74.9   3:14p  45.1   6:58a   7.3   0.0  0.00   0.3   7.0   2:34p     S
15  58.2  70.3   2:36p  47.3   6:27a   6.8   0.0  0.01   0.3   9.0   2:04p     S
16  61.3  77.2   3:20p  51.5   6:49a   3.7   0.0  0.05   0.2   6.0  12:30p     S
17  61.2  74.6   1:17p  52.0   4:05a   3.8   0.0  0.00   0.2   5.0  11:27a     S
18  62.4  77.6   3:25p  49.0   6:43a   2.6   0.0  0.00   0.3   8.0   4:54p     S
19  61.1  77.6   2:55p  49.3   6:10a   3.9   0.0  0.00   0.2   5.0  11:19a     S
20  63.9  78.4   2:42p  55.1   1:34a   1.1   0.0  0.00   0.3   7.0   1:30p     S
21  61.6  75.7   3:13p  47.9   6:18a   3.4   0.0  0.00   0.5   8.0   2:43p     S
22  64.3  78.4   3:20p  53.8   7:30a   0.7   0.0  0.00   0.2   7.0  12:09p     S
23  62.4  73.7   3:22p  53.7   6:56a   2.6   0.0  0.18   0.1   6.0   4:01p     S
24  69.1  87.4   3:00p  52.3   6:04a   0.0   4.1  0.00   0.3   6.0   1:01p     S
25  70.3  84.6   3:12p  56.8   7:02a   0.0   5.3  0.00   0.4   7.0   2:30p     S
26  69.1  85.0   3:17p  56.3   6:37a   0.0   4.1  0.00   0.3   6.0   1:35p     S
27  69.6  88.5   3:17p  54.4   6:26a   0.0   4.6  0.00   0.3   6.0  11:26a     S
28  71.3  91.0   3:06p  55.4   6:10a   0.0   6.3  0.00   0.2   5.0  11:44a     S
29  73.6  92.1   2:16p  57.0   6:31a   0.0   8.6  0.00   0.2   6.0   1:13p     S
30  74.1  93.6   3:10p  60.7   5:53a   0.0   9.1  0.00   0.1   5.0   1:30p     S
31  71.7  86.9   3:12p  60.2   7:01a   0.0   6.7  0.00   0.4   8.0   6:54p     S
----------------------------------------------------------------------------------
    65.1  93.6    30    43.8     8    68.5  71.4  0.25   0.3  20.0     7       S

Max >=  90.0:  4
Max <=  80.0: 15
Min <=  45.0:  1
Min <=  32.0:  0
Max Rain: 0.18 on day 23
Days of Rain: 4 (>= 0.01 in)  1 (>= 0.10 in)  0 (>= 1.00 in)
Heat Base: 65.0  Cool Base: 65.0  Method: Integration