NOAA-Style Climate Reports


Report for 2015 June
                   Monthly Climatological Summary for Jun 2015

Name: Paradise Weather Station   City: Paradise   State: CA
Elevation: 1824 ft  Lat: N 39° 45' 32"   Lon: W 121° 36' 43"

                  Temperature (°F), Rain (in), Wind Speed (mph)

                                      Heat  Cool        Avg
    Mean                              Deg   Deg         Wind                 Dom
Day Temp  High   Time   Low    Time   Days  Days  Rain  Speed High   Time    Dir
----------------------------------------------------------------------------------
 1  67.8  82.1   3:15p  54.5   7:38a   0.0   2.8  0.00   0.6   9.0  11:00a     S
 2  68.5  85.6   2:50p  53.4   6:32a   0.0   3.5  0.00   0.3   6.0   8:31a     S
 3  71.1  87.0   2:37p  56.9   6:48a   0.0   6.1  0.00   0.3   6.0  11:42a     S
 4  67.2  87.9   2:21p  59.1  11:50p   0.0   2.2  0.22   0.3   9.0   2:23p     S
 5  72.9  93.6   1:52p  59.2  12:00a   0.0   7.9  0.55   0.6  13.0   6:55a     N
 6  74.5  94.8   3:11p  57.6   5:03a   0.0   9.5  0.00   0.4  11.0   8:41p     S
 7  79.3 100.4   3:10p  62.0   6:16a   0.0  14.3  0.00   0.3   9.0   2:48p   SSW
 8  80.3  99.8   2:41p  64.6   6:07a   0.0  15.3  0.00   0.2   5.0  10:56a     S
 9  81.6  99.8   1:52p  70.0   5:58a   0.0  16.6  0.00   0.6  12.0   5:28p     S
10  72.7  84.1   1:21p  65.6  11:56p   0.0   7.7  0.00   0.4   7.0   3:34p   SSW
11  77.8  98.8   2:32p  61.2   6:16a   0.0  12.8  0.00   0.3   9.0   3:56p     W
12  81.8 103.5   2:35p  64.0   6:05a   0.0  16.8  0.00   0.3   6.0   1:00p   SSE
13  81.2  97.9   2:36p  67.9   6:03a   0.0  16.2  0.00   0.3   5.0   4:25p     S
14  76.7  91.8   2:34p  63.2   6:17a   0.0  11.7  0.00   0.3   5.0  10:31a     S
15  73.8  90.8   2:43p  57.6   6:25a   0.0   8.8  0.00   0.3   6.0  11:05a     S
16  76.1  96.2   2:32p  60.6   5:38a   0.0  11.1  0.00   0.2   6.0   3:29p     S
17  78.3  97.4   3:09p  64.3   5:06a   0.0  13.3  0.00   0.2   5.0   1:10p     S
18  77.8  94.6   2:44p  64.8   6:33a   0.0  12.8  0.00   0.4   7.0   2:01p     S
19  74.9  92.8   3:00p  59.4   5:56a   0.0   9.9  0.00   0.2   5.0  10:17a     S
20  77.6  95.2   3:04p  63.9   6:42a   0.0  12.6  0.00   0.3   7.0   6:09p   SSE
21  76.1  89.6   2:49p  63.8  11:59p   0.0  11.1  0.00   0.6   9.0   3:54a     S
22  73.9  93.8   3:24p  59.5   6:46a   0.0   8.9  0.00   0.3   6.0  12:22p     S
23  77.0  99.4   3:20p  58.4   6:03a   0.0  12.0  0.00   0.2   6.0  12:10p     S
24  79.0  98.0   3:10p  63.0   6:25a   0.0  14.0  0.00   0.2   5.0  11:33a     S
25  82.8 102.9   3:12p  66.6   6:04a   0.0  17.8  0.00   0.2   6.0   1:11p     S
26  85.2 105.3   3:04p  69.6   4:41a   0.0  20.2  0.00   0.2   6.0  12:14p     S
27  82.9 100.1   2:51p  69.9   5:50a   0.0  17.9  0.00   0.2   5.0   2:50p     S
28  80.5 100.4   3:31p  67.8   6:10a   0.0  15.5  0.00   0.2   6.0   4:40p   SSE
29  82.3 103.5   3:12p  65.9   7:03a   0.0  17.3  0.00   0.3   7.0  12:02p     S
30  86.2 107.7   3:01p  69.2   5:19a   0.0  21.2  0.00   0.1   5.0   3:20p   SSE
----------------------------------------------------------------------------------
    77.3 107.7    30    53.4     2     0.0 367.8  0.77   0.3  13.0     5       S

Max >=  90.0: 24
Max <=  80.0:  0
Min <=  45.0:  0
Min <=  32.0:  0
Max Rain: 0.55 on day 5
Days of Rain: 2 (>= 0.01 in)  2 (>= 0.10 in)  0 (>= 1.00 in)
Heat Base: 65.0  Cool Base: 65.0  Method: Integration