NOAA-Style Climate Reports


Report for 2015 July
                   Monthly Climatological Summary for Jul 2015

Name: Paradise Weather Station   City: Paradise   State: CA
Elevation: 1824 ft  Lat: N 39° 45' 32"   Lon: W 121° 36' 43"

                  Temperature (°F), Rain (in), Wind Speed (mph)

                                      Heat  Cool        Avg
    Mean                              Deg   Deg         Wind                 Dom
Day Temp  High   Time   Low    Time   Days  Days  Rain  Speed High   Time    Dir
----------------------------------------------------------------------------------
 1  86.6 102.5  12:13p  73.2   6:31a   0.0  21.6  0.00   0.4   8.0   2:05p     S
 2  86.7 103.9   3:28p  71.5   6:20a   0.0  21.7  0.00   0.4   8.0  11:38p     S
 3  83.4  97.9   3:28p  72.4   7:32a   0.0  18.4  0.00   0.2   6.0  10:36a     S
 4  84.8 101.1   3:26p  71.0   6:16a   0.0  19.8  0.00   0.1   5.0   1:20p     S
 5  83.8 100.2   3:21p  71.7   7:21a   0.0  18.8  0.00   0.3   5.0  11:38a     S
 6  78.8  95.9   3:16p  65.7   6:37a   0.0  13.8  0.00   0.3   7.0   3:59p     S
 7  77.6  94.1   3:10p  65.0   6:10a   0.0  12.6  0.00   0.2   6.0   2:35p     S
 8  73.6  85.6  12:58p  62.7   6:34a   0.0   8.6  0.00   0.2   7.0   5:06p     S
 9  67.9  74.7   5:34p  60.5   6:54a   0.0   2.9  0.00   0.2   6.0   3:19p     S
10  68.0  84.4   3:09p  58.1   6:31a   0.0   3.0  0.00   0.2   9.0   4:21p     S
11  69.8  86.7   2:31p  58.2   6:16a   0.0   4.8  0.00   0.2   6.0   9:10p     S
12  72.6  87.0   2:52p  61.9   5:39a   0.0   7.6  0.00   0.3   7.0   2:27p     S
13  73.7  91.4   2:00p  61.4   5:54a   0.0   8.7  0.00   0.2   7.0  11:43a     S
14  74.7  92.2   2:53p  61.5   6:56a   0.0   9.7  0.00   0.2   6.0   8:22a     S
15  76.6  96.9   3:05p  61.2   6:31a   0.0  11.6  0.00   0.2   6.0   1:46p     S
16  79.3  95.8   3:15p  64.4   6:00a   0.0  14.3  0.00   0.3   8.0   1:55p     S
17  80.7  97.0   3:13p  67.8   5:19a   0.0  15.7  0.00   0.3   6.0  11:17a     S
18  78.3  94.3   3:08p  68.2   6:44a   0.0  13.3  0.00   0.2   5.0  11:30a     S
19  78.0  95.5   2:54p  64.4   5:27a   0.0  13.0  0.00   0.3   7.0   1:30p     S
20  81.7  99.3   3:06p  68.0   6:14a   0.0  16.7  0.00   0.3   6.0  11:45a     S
21  82.3  95.3   3:16p  71.2   6:14a   0.0  17.3  0.00   0.4   8.0   3:34p     S
22  77.3  91.9   2:40p  65.6   6:05a   0.0  12.3  0.00   0.5   8.0   9:05a     S
23  68.5  87.1   3:21p  54.8   6:06a   0.0   3.5  0.00   0.3   7.0   3:29p     S
24  71.4  89.8   3:02p  57.0   6:25a   0.0   6.4  0.00   0.3   6.0   2:43p     S
25  74.1  91.7   2:57p  61.2   6:17a   0.0   9.1  0.00   0.4   8.0   3:47p     S
26  74.9  92.2   2:08p  61.4   6:28a   0.0   9.9  0.00   0.3   6.0  12:18p     S
27  77.5  96.1   2:16p  61.0   5:55a   0.0  12.5  0.00   0.4  12.0   2:37p    SW
28  85.1 102.9   2:00p  72.3  12:59a   0.0  20.1  0.00   1.2  17.0   6:13a   NNE
29  89.5 107.3   2:28p  76.9  12:00a   0.0  24.5  0.00   0.9  14.0   5:13a    NE
30  86.6 106.3   2:53p  73.0   5:19a   0.0  21.6  0.00   0.3   7.0   6:00a   SSE
31  81.5  93.5   5:11p  71.0   6:13a   0.0  16.5  0.00   0.0   4.0  12:45p    NE
----------------------------------------------------------------------------------
    78.2 107.3    29    54.8    23     0.0 410.3  0.00   0.3  17.0    28       S

Max >=  90.0: 24
Max <=  80.0:  1
Min <=  45.0:  0
Min <=  32.0:  0
Max Rain: 0.00 on day 0
Days of Rain: 0 (>= 0.01 in)  0 (>= 0.10 in)  0 (>= 1.00 in)
Heat Base: 65.0  Cool Base: 65.0  Method: Integration