NOAA-Style Climate Reports


Report for 2015 August
                   Monthly Climatological Summary for Aug 2015

Name: Paradise Weather Station   City: Paradise   State: CA
Elevation: 1824 ft  Lat: N 39° 45' 32"   Lon: W 121° 36' 43"

                  Temperature (°F), Rain (in), Wind Speed (mph)

                                      Heat  Cool        Avg
    Mean                              Deg   Deg         Wind                 Dom
Day Temp  High   Time   Low    Time   Days  Days  Rain  Speed High   Time    Dir
----------------------------------------------------------------------------------
 1  79.2  94.8   3:07p  67.9   6:18a   0.0  14.2  0.00   0.2   3.0   8:43a     E
 2  78.2  93.7   3:11p  69.4   6:15a   0.0  13.2  0.00   0.1   5.0   2:24p     E
 3  76.1  92.2   2:31p  63.8   6:16a   0.0  11.1  0.00   0.2   5.0  11:37a     E
 4  68.3  78.3  11:47a  60.3   5:53a   0.0   3.3  0.00   0.2   7.0   5:30p     E
 5  71.5  87.2   3:19p  58.4   6:07a   0.0   6.5  0.00   0.1   5.0  11:35a     E
 6  76.3  94.7   2:11p  61.1   6:18a   0.0  11.3  0.00   0.2   5.0  10:51a     E
 7  78.2  92.3   2:09p  67.5   5:39a   0.0  13.2  0.00   0.2   5.0   2:34a     E
 8  74.9  89.4   2:53p  63.6   6:48a   0.0   9.9  0.00   0.2   5.0   1:21p     E
 9  75.5  94.8   3:17p  60.0   6:40a   0.0  10.5  0.00   0.2   6.0   3:05p     E
10  75.1  89.6   2:46p  63.6   7:02a   0.0  10.1  0.00   0.2   7.0   5:00p     E
11  72.6  89.1   2:37p  58.4   6:40a   0.0   7.6  0.00   0.3   7.0  11:56a     E
12  73.1  91.4   3:11p  58.7   6:24a   0.0   8.1  0.00   0.2   6.0   2:22p     E
13  74.1  91.1   2:52p  60.6   7:00a   0.0   9.1  0.00   0.4   9.0  10:26p     E
14  72.0  89.2   2:42p  59.2   7:12a   0.0   7.0  0.00   0.6   6.0  12:00p     E
15  74.6  96.8   2:23p  63.3   2:28a   0.0   9.6  0.00   0.5   8.0   3:13p     E
16  79.3  98.6   1:35p  64.7   6:30a   0.0  14.3  0.00   0.2   5.0   2:02p     E
17  82.2 102.8   2:47p  69.3   5:39a   0.0  17.2  0.00   0.3   6.0   1:01a     E
18  80.9 100.0   2:52p  67.8   6:32a   0.0  15.9  0.00   0.2   7.0   2:06p     E
19  77.0  95.0   3:09p  63.9   7:02a   0.0  12.0  0.00   0.1   5.0  11:16a     E
20  73.6  88.7   2:37p  61.9   6:46a   0.0   8.6  0.00   0.1   3.0  10:18a     E
21  73.1  91.8   2:50p  60.1   6:53a   0.0   8.1  0.00   0.2   6.0   4:45p     E
22  74.6  92.8   2:46p  60.6   6:37a   0.0   9.6  0.00   0.2   7.0   2:14p     E
23  74.1  91.8   2:40p  60.1   6:37a   0.0   9.1  0.00   0.2   7.0  12:08p     E
24  75.9  93.5   3:06p  62.7   6:50a   0.0  10.9  0.00   0.3   6.0   1:37p     E
25  77.1  94.8   2:27p  63.7   6:38a   0.0  12.1  0.00   0.2   6.0  12:55p    SE
26  77.8  95.7   3:03p  63.9   6:56a   0.0  12.8  0.00   0.3   6.0  10:41a    SE
27  79.9  97.9   2:28p  67.4   6:38a   0.0  14.9  0.00   0.2   5.0  11:42a     S
28  81.1  96.0   2:39p  69.2   6:30a   0.0  16.1  0.00   0.3   8.0   1:45p   SSE
29  72.3  84.0   2:41p  63.0   6:08a   0.0   7.3  0.08   0.7  10.0   2:32p   SSE
30  68.4  85.3   3:00p  55.9   6:41a   0.0   3.4  0.00   0.2   6.0   2:45p     S
31  71.3  90.2   2:36p  56.3   6:52a   0.0   6.3  0.00   0.2   5.0  12:08p     S
----------------------------------------------------------------------------------
    75.4 102.8    17    55.9    30     0.0 323.3  0.08   0.3  10.0    29     ESE

Max >=  90.0: 22
Max <=  80.0:  1
Min <=  45.0:  0
Min <=  32.0:  0
Max Rain: 0.08 on day 29
Days of Rain: 1 (>= 0.01 in)  0 (>= 0.10 in)  0 (>= 1.00 in)
Heat Base: 65.0  Cool Base: 65.0  Method: Integration