NOAA-Style Climate Reports


Report for 2015 September
                   Monthly Climatological Summary for Sep 2015

Name: Paradise Weather Station   City: Paradise   State: CA
Elevation: 1824 ft  Lat: N 39° 45' 32"   Lon: W 121° 36' 43"

                  Temperature (°F), Rain (in), Wind Speed (mph)

                                      Heat  Cool        Avg
    Mean                              Deg   Deg         Wind                 Dom
Day Temp  High   Time   Low    Time   Days  Days  Rain  Speed High   Time    Dir
----------------------------------------------------------------------------------
 1  76.4  89.9   3:02p  59.9   6:25a   0.0  11.4  0.00   0.6   6.0   2:38p     S
 2  70.9  87.6   2:48p  59.5   6:37a   0.0   5.9  0.00   0.0   3.0   9:11p   SSW
 3  66.2  81.3   2:32p  55.5   6:45a   0.0   1.2  0.00   0.4   7.0   2:09p     S
 4  64.6  79.5   1:51p  53.2   6:30a   0.4   0.0  0.00   0.3   8.0  12:44p     S
 5  64.5  82.2   2:06p  50.1   6:35a   0.5   0.0  0.00   0.5  13.0   3:43p     W
 6  69.5  88.5   2:58p  56.8   4:49a   0.0   4.5  0.00   0.0   3.5  12:01a     E
 7  72.1  92.5   2:32p  56.5   5:46a   0.0   7.1  0.00   0.2   7.0   3:10p     S
 8  76.0  96.6   2:45p  59.8   6:42a   0.0  11.0  0.00   0.2   7.0  10:55a    SE
 9  80.0 101.8   2:36p  65.6   5:23a   0.0  15.0  0.00   0.3   7.0   2:49p   SSE
10  83.9 103.4   2:35p  70.7   3:07a   0.0  18.9  0.00   0.4   8.0   6:49a    NE
11  82.1  98.4  12:59p  72.2  11:47p   0.0  17.1  0.00   0.1   6.0   1:50p    SE
12  78.2  94.1   1:06p  68.8   4:14a   0.0  13.2  0.00   0.1   5.0   1:37p     S
13  75.9  86.4   2:14p  69.0  11:52p   0.0  10.9  0.00   0.1   4.0   6:21a   ESE
14  67.9  76.8  11:33a  62.2  10:35p   0.0   2.9  0.00   0.3   9.0  11:59a     S
15  62.0  68.1   2:27p  57.3   7:56a   3.0   0.0  0.00   0.3   8.0  11:52a     S
16  55.6  65.5  11:55a  51.5   3:36a   9.4   0.0  0.38   0.5   9.0   9:01a   SSE
17  61.6  75.5   3:04p  52.7   7:20a   3.4   0.0  0.00   0.2   8.0   3:18p   SSW
18  68.6  82.1   4:42p  56.4  12:00a   0.0   3.6  0.00   1.6  11.0   5:29a   NNW
19  69.9  89.2   2:23p  54.0   6:45a   0.0   4.9  0.00   0.2   6.0   1:27p     S
20  74.0  94.5   2:19p  60.6   6:12a   0.0   9.0  0.00   0.2   5.0   9:47a   SSE
21  75.7  95.6   2:16p  62.2   6:15a   0.0  10.7  0.00   0.2   5.0   8:16a    SE
22  73.7  89.0   1:44p  61.8  11:57p   0.0   8.7  0.00   0.5  10.0  11:15a     S
23  68.6  86.5   2:27p  53.9   7:02a   0.0   3.6  0.00   0.1   5.0  12:55p     S
24  73.0  92.1   2:26p  61.1   2:14a   0.0   8.0  0.00   0.2   6.0   9:40a   ESE
25  73.8  91.6   2:20p  62.8   6:39a   0.0   8.8  0.00   0.2   6.0   1:11p   SSE
26  72.8  89.5   2:30p  61.9   7:34a   0.0   7.8  0.00   0.2   7.0   1:02p     S
27  72.3  90.7   2:10p  61.6   5:55a   0.0   7.3  0.00   0.2   7.0   2:19p     S
28  71.6  88.9   2:25p  60.4   7:05a   0.0   6.6  0.00   0.3   5.0  12:07p     S
29  67.4  82.5   2:28p  58.5   7:28a   0.0   2.4  0.00   0.2   5.0  12:51p     S
30  61.7  71.6   2:50p  53.7   6:28a   3.3   0.0  0.00   0.0   4.0   2:21p   SSE
----------------------------------------------------------------------------------
    71.0 103.4    10    50.1     5    20.0 200.5  0.38   0.3  13.0     5       S

Max >=  90.0: 11
Max <=  80.0:  6
Min <=  45.0:  0
Min <=  32.0:  0
Max Rain: 0.38 on day 16
Days of Rain: 1 (>= 0.01 in)  1 (>= 0.10 in)  0 (>= 1.00 in)
Heat Base: 65.0  Cool Base: 65.0  Method: Integration