ParadiseWeatherStation.org
Reports – Climate

NOAA-Style Climate Reports

Report for 2015 October
                   Monthly Climatological Summary for Oct 2015

Name: Paradise Weather Station   City: Paradise   State: CA
Elevation: 1824 ft  Lat: N 39° 45' 32"   Lon: W 121° 36' 43"

                  Temperature (°F), Rain (in), Wind Speed (mph)

                                      Heat  Cool        Avg
    Mean                              Deg   Deg         Wind                 Dom
Day Temp  High   Time   Low    Time   Days  Days  Rain  Speed High   Time    Dir
----------------------------------------------------------------------------------
 1  61.5  69.4   2:09p  55.5   7:34a   3.5   0.0  0.11   0.1   8.0   2:08p     E
 2  66.5  85.4   2:42p  52.5   6:19a   0.0   1.5  0.00   0.2   9.0  12:36p   NNW
 3  66.6  79.7   2:17p  55.6   6:41a   0.0   1.6  0.00   1.4  25.0  11:17p   NNE
 4  71.9  85.8   2:23p  60.2  11:54p   0.0   6.9  0.00   1.5  22.0  12:35a   NNE
 5  64.3  78.6   2:05p  53.9   7:15a   0.7   0.0  0.00   0.2   5.0  11:49a     S
 6  65.1  79.4   2:23p  54.1   7:14a   0.0   0.1  0.00   0.2   7.0  11:09a   NNW
 7  66.1  79.5  12:30p  54.6   7:02a   0.0   1.1  0.00   0.1   6.0   1:30p     S
 8  69.2  83.4   1:57p  59.9   6:57a   0.0   4.2  0.00   0.1   4.0  12:04p     S
 9  69.8  88.5   2:19p  58.2   7:16a   0.0   4.8  0.00   0.2   5.0   9:01a   SSE
10  70.2  87.4   2:10p  58.5   7:26a   0.0   5.2  0.00   0.4   8.0   1:25p     S
11  68.9  87.2   2:09p  56.5   7:04a   0.0   3.9  0.00   0.1   6.0   1:15p     S
12  71.3  90.4   2:27p  59.4   7:10a   0.0   6.3  0.00   0.1   4.0   6:07a   SSE
13  72.5  91.7   2:27p  61.6   6:10a   0.0   7.5  0.00   0.2   8.0   8:29a   ESE
14  72.5  89.4   1:31p  61.3   6:49a   0.0   7.5  0.00   0.1   5.0   3:37p   SSE
15  71.1  86.3   2:08p  59.3   7:03a   0.0   6.1  0.00   0.2   7.0  10:23a     S
16  69.0  84.6   1:53p  58.5   7:02a   0.0   4.0  0.00   0.1   5.0   2:11p     S
17  62.5  68.8   2:20a  57.1  11:48p   2.5   0.0  0.16   0.1   6.0   2:50p   SSE
18  59.0  68.3   2:28p  51.5   6:04a   6.0   0.0  0.00   0.1   5.0   3:24p     S
19  58.5  71.4   1:53p  50.1   6:50a   6.5   0.0  0.00   0.2   8.0   1:10p     S
20  65.1  79.6   1:51p  51.3   1:39a   0.0   0.1  0.00   0.8  13.0  11:38a   NNE
21  68.2  82.0   2:16p  57.9   8:02a   0.0   3.2  0.00   0.9  15.0   3:39a    NE
22  65.4  81.0   2:03p  56.3   3:22a   0.0   0.4  0.00   0.2   7.0  10:07a     N
23  66.0  77.6  11:53a  56.3   1:20a   0.0   1.0  0.00   0.4  11.0   3:44a    NE
24  62.8  77.0   1:50p  55.8   4:41a   2.2   0.0  0.00   0.1   5.0   1:39p     E
25  63.8  77.6   2:05p  55.5  11:39p   1.2   0.0  0.00   0.4   8.0   9:50a     S
26  60.3  76.7   2:14p  49.5   6:58a   4.7   0.0  0.00   0.1   5.0   1:57p     S
27  61.4  67.9  11:53a  54.8   3:21a   3.6   0.0  0.00   0.1   7.0   2:22p     N
28  56.7  63.2   2:32p  50.0  11:53p   8.3   0.0  0.04   0.1   7.0   2:36p    NE
29  57.4  74.1   1:31p  46.5   6:56a   7.6   0.0  0.00   0.2   8.0   2:51p     N
30  63.0  78.6   2:23p  51.4   1:43a   2.0   0.0  0.00   0.3   8.0   7:29a    NE
31  64.4  76.6   1:56p  52.1   8:06a   0.6   0.0  0.00   0.3   5.0   4:13p     S
----------------------------------------------------------------------------------
    65.5  91.7    13    46.5    29    49.4  65.4  0.31   0.3  25.0     3      NE

Max >=  90.0:  2
Max <=  80.0: 18
Min <=  45.0:  0
Min <=  32.0:  0
Max Rain: 0.16 on day 17
Days of Rain: 3 (>= 0.01 in)  2 (>= 0.10 in)  0 (>= 1.00 in)
Heat Base: 65.0  Cool Base: 65.0  Method: Integration