ParadiseWeatherStation.org
Reports – Climate

NOAA-Style Climate Reports

Report for 2015 November
                   Monthly Climatological Summary for Nov 2015

Name: Paradise Weather Station   City: Paradise   State: CA
Elevation: 1824 ft  Lat: N 39° 45' 32"   Lon: W 121° 36' 43"

                  Temperature (°F), Rain (in), Wind Speed (mph)

                                      Heat  Cool        Avg
    Mean                              Deg   Deg         Wind                 Dom
Day Temp  High   Time   Low    Time   Days  Days  Rain  Speed High   Time    Dir
----------------------------------------------------------------------------------
 1  59.1  65.4  12:00a  51.8  11:19p   5.9   0.0  0.37   0.3  10.0  11:20a   SSE
 2  49.4  55.2   1:32p  43.0  11:59p  15.6   0.0  0.44   0.0   6.0   4:29p     N
 3  48.2  60.8   1:16p  38.7   6:20a  16.8   0.0  0.00   0.3  10.0   3:37p     N
 4  46.2  59.4  11:15a  37.0   5:30a  18.8   0.0  0.01   0.2   7.0   2:53a     N
 5  46.9  57.5   1:27p  40.5  11:56p  18.1   0.0  0.00   0.2   6.0   3:37a   ENE
 6  51.5  66.5  11:31a  40.0  12:31a  13.5   0.0  0.00   0.3  11.0   4:51a   NNE
 7  50.0  64.9   1:15p  40.8   5:39a  15.0   0.0  0.00   0.1   5.0  12:10p   SSE
 8  47.5  51.1   6:42a  43.9   1:41a  17.5   0.0  0.43   0.2   8.0  11:55a   SSE
 9  43.1  46.5  12:00a  38.7   1:58p  21.9   0.0  0.83   0.3   8.0   3:02a   SSE
10  44.3  55.7  12:44p  36.7   7:02a  20.7   0.0  0.01   0.1   5.0   9:20a   ENE
11  43.5  56.0  12:14p  36.0   6:30a  21.5   0.0  0.00   0.2   7.0   7:24a    NE
12  47.1  60.8  11:45a  35.8   6:48a  17.9   0.0  0.00   0.0   6.0  10:46p     N
13  48.5  63.2  12:24p  38.3   6:36a  16.5   0.0  0.00   0.0   4.0   9:43a    SW
14  50.3  63.2   1:21p  40.9   6:04a  14.7   0.0  0.00   0.2  11.0  11:23p     S
15  44.6  50.3   4:58a  35.7  11:34p  20.4   0.0  1.07   0.8  11.0   1:02a     S
16  40.5  52.4  12:13p  30.7   7:10a  24.5   0.0  0.00   0.2   6.0  10:31a     N
17  46.2  58.4  12:39p  38.9   3:37a  18.8   0.0  0.00   0.1   6.0   1:28a    NE
18  48.5  61.2  11:45a  40.2   5:53a  16.5   0.0  0.00   0.0   5.0   1:01p     N
19  50.6  63.0  12:10p  41.5   6:19a  14.4   0.0  0.00   0.0   2.0  12:13a   NNE
20  59.2  72.7  12:29p  45.7   2:51a   5.8   0.0  0.00   0.9  14.9   7:16p   NNE
21  55.8  67.2  12:47p  48.9   4:33a   9.2   0.0  0.00   0.2   8.1   8:17a   NNE
22  57.0  68.5  12:20p  49.8  11:42p   8.0   0.0  0.00   0.4   9.2   2:17a   NNE
23  52.9  64.5  11:56a  46.7   7:29a  12.1   0.0  0.00   0.1   5.8  11:52p     S
24  44.0  51.9   1:01a  36.9  10:08p  21.0   0.0  0.15   1.0  12.7   9:00a     S
25  38.9  48.8  12:16p  33.4   3:14a  26.1   0.0  0.00   0.2  10.3  11:57p     N
26  41.9  50.1  12:40p  35.7   3:34a  23.1   0.0  0.00   2.0  21.9   9:30a   NNE
27  41.1  51.8  12:31p  31.8   7:06a  23.9   0.0  0.00   0.9  16.1   5:47p   NNE
28  41.0  51.4   1:08p  32.8   8:59p  24.0   0.0  0.00   1.1  16.1   6:52a   NNE
29  40.2  52.3  11:28a  33.7  11:59p  24.8   0.0  0.00   0.4  10.3   1:01a   NNE
30  40.6  47.3   2:50p  32.8   1:17a  24.4   0.0  0.00   0.1   4.6   5:41a    NE
----------------------------------------------------------------------------------
    47.3  72.7    20    30.7    16   531.4   0.0  3.31   0.4  21.9    26      NE

Max >=  90.0:  0
Max <=  80.0: 30
Min <=  45.0: 25
Min <=  32.0:  2
Max Rain: 1.07 on day 15
Days of Rain: 8 (>= 0.01 in)  6 (>= 0.10 in)  1 (>= 1.00 in)
Heat Base: 65.0  Cool Base: 65.0  Method: Integration