NOAA-Style Climate Reports


Report for 2015 December
                   Monthly Climatological Summary for Dec 2015

Name: Paradise Weather Station   City: Paradise   State: CA
Elevation: 1824 ft  Lat: N 39° 45' 32"   Lon: W 121° 36' 43"

                  Temperature (°F), Rain (in), Wind Speed (mph)

                                      Heat  Cool        Avg
    Mean                              Deg   Deg         Wind                 Dom
Day Temp  High   Time   Low    Time   Days  Days  Rain  Speed High   Time    Dir
----------------------------------------------------------------------------------
 1  43.2  56.4  11:28a  35.1   3:08a  21.8   0.0  0.00   0.1   4.6  10:26a     E
 2  48.8  57.4  12:17p  43.5   3:23a  16.2   0.0  0.00   0.0   3.5  12:40p     S
 3  47.7  52.6  10:14a  43.5  12:34p  17.3   0.0  0.69   1.4  14.9   6:56a   SSE
 4  45.7  52.8   2:22p  39.2  11:47p  19.3   0.0  0.00   0.2   8.1   6:02a     S
 5  45.7  54.1  12:46p  39.2  12:06a  19.3   0.0  0.00   0.1   5.8  12:14p   SSE
 6  48.0  51.0  11:54p  43.0   5:53a  17.0   0.0  0.46   0.7  11.5   4:13a    SE
 7  52.6  58.5  11:54a  46.5  11:58p  12.4   0.0  0.02   0.1   6.9   7:32a   SSE
 8  48.6  56.2  11:09a  44.0  10:33p  16.4   0.0  0.00   0.0   3.5   1:53p    NW
 9  52.0  53.4   9:01p  48.7  12:00a  13.0   0.0  0.81   1.1  10.3  11:39a   SSE
10  48.5  53.9   1:10p  42.8  11:58p  16.5   0.0  0.49   1.5  17.3   2:01a     S
11  44.3  49.1  11:25a  40.6  11:59p  20.7   0.0  0.01   0.2   6.9   2:54a   SSE
12  42.4  48.1  12:59p  35.8   4:41a  22.6   0.0  0.03   0.4   8.1   8:29p    SE
13  41.9  45.7   4:53a  34.2  11:43p  23.1   0.0  1.22   1.8  21.9   6:31a     S
14  37.6  49.1  12:08p  31.5   4:25a  27.4   0.0  0.00   0.2  10.3   1:13p     N
15  38.6  50.3  12:08p  29.9   4:38a  26.4   0.0  0.00   0.2   8.1   5:36a     N
16  39.0  47.6  12:24p  30.8   7:36a  26.0   0.0  0.00   0.1   8.1   2:54a   SSE
17  43.1  46.7  11:40a  38.8   1:05a  21.9   0.0  0.00   0.1   8.1   1:41p   SSE
18  44.1  47.7  11:38a  42.1   5:12a  20.9   0.0  1.97   1.0  11.5  10:20a   SSE
19  41.8  45.1   2:05p  33.8  11:41p  23.2   0.0  0.55   0.1   6.9   5:52a   SSE
20  37.9  40.8  11:53p  33.5   1:14a  27.1   0.0  0.67   0.9  10.3  12:28p    SE
21  44.8  48.0   9:38p  40.8  12:00a  20.2   0.0  1.90   1.8  13.8   6:13a   SSE
22  50.7  57.1  12:55p  45.4  11:51p  14.3   0.0  0.16   0.7   9.2   3:07a     S
23  41.1  49.6  11:52a  34.0   7:12a  23.9   0.0  0.00   0.2   8.1   9:59a     N
24  38.1  44.7   2:13p  31.7  11:58p  26.9   0.0  0.13   0.6  12.7   7:37a     S
25  36.6  45.3  11:44a  31.5  12:05a  28.4   0.0  0.00   0.1  11.5  10:23p   NNE
26  38.4  48.7   1:34p  29.3   2:43a  26.6   0.0  0.00   1.1  18.4   1:20p   NNE
27  36.5  43.0  10:57a  28.8   2:42a  28.5   0.0  0.00   0.0   3.5   6:37a    NE
28  37.1  45.6   1:32p  31.3  11:57p  27.9   0.0  0.04   0.1   8.1   1:42a   NNE
29  37.8  48.6  12:06p  30.3   1:27a  27.2   0.0  0.00   0.3   9.2   3:43a   NNE
30  38.6  46.5  12:27p  33.7  12:14a  26.4   0.0  0.00   0.2   9.2  11:06p     N
31  40.8  49.4   1:31p  35.0  11:52p  24.2   0.0  0.00   2.8  19.6   8:05a   NNE
----------------------------------------------------------------------------------
    43.0  58.5     7    28.8    27   683.0   0.0  9.15   0.6  21.9    13      SE

Max >=  90.0:  0
Max <=  80.0: 31
Min <=  45.0: 28
Min <=  32.0:  9
Max Rain: 1.97 on day 18
Days of Rain: 15 (>= 0.01 in)  11 (>= 0.10 in)  3 (>= 1.00 in)
Heat Base: 65.0  Cool Base: 65.0  Method: Integration