ParadiseWeatherStation.org
Reports – Climate

NOAA-Style Climate Reports

Report for 2016
                   Annual Climatological Summary for 2016

Name: Paradise Weather Station   City: Paradise   State: CA
Elevation: 1824 ft  Lat: N 39° 45' 32"   Lon: W 121° 36' 43"

                  Temperature (°F), Heat Base: 65.0  Cool Base: 65.0
                          Dep.  Heat  Cool                       Max  Max  Min  Min
        Mean  Mean        From  Deg   Deg                        >=   <=   <=   <=
 YR MO  Max   Min   Mean  Norm  Days  Days  Hi  Date  Low  Date 90.0 80.0 45.0  32.0
------------------------------------------------------------------------------------
 16  1  51.4  40.4  45.3  -0.7   611     0  62.0  27  32.1    8    0   31   26    0
 16  2  64.6  42.9  52.4   3.9   364     0  79.3   8  28.7    1    0   29   18    3
 16  3  62.1  44.1  52.1   0.9   399     0  74.3  17  35.4    8    0   31   19    0
 16  4  73.5  49.3  60.1   4.2   172    24  90.5   6  37.7   15    1   23    6    0
 16  5  79.0  54.5  65.3   2.0    92   100  99.2  31  43.4   22    5   14    1    0
 16  6  90.1  61.2  74.1   2.7    20   292 103.3  27  49.3   16   18    5    0    0
 16  7  94.6  63.5  77.2  -0.9     0   379 105.7  27  52.5   10   22    0    0    0
 16  8  93.1  63.2  76.3  -0.6     0   350 100.7  13  57.5   28   24    0    0    0
 16  9  87.3  57.8  70.7  -1.8    16   185 100.1  25  48.1   22   12    6    0    0
 16 10  68.0  50.0  57.6  -5.7   230     1  84.4   9  41.2    3    0   28    4    0
 16 11  60.7  44.0  51.0  -1.1   418     0  75.9   9  34.6   29    0   30   17    0
 16 12  52.9  37.0  43.9  -2.1   655     0  63.2  29  28.8   17    0   31   26    8
------------------------------------------------------------------------------------
        73.1  50.7  60.5   0.1  2981  1334 105.7 Jul  28.7  Feb   82  228  117   11

                                Precipitation (in)

              Dep.   Max        Days of Rain
              From   Obs.           >=
 YR MO Total  Norm   Day Date 0.01 0.10 1.00
---------------------------------------------
 16  1 17.31  6.85  3.57  17    22   16    6
 16  2  1.62 -7.45  0.71  17     7    3    0
 16  3 13.60  5.65  3.29   5    14   12    7
 16  4  2.12 -1.97  1.64  22     5    2    1
 16  5  0.67 -1.20  0.28   7     7    2    0
 16  6  0.44 -0.26  0.29  17     2    2    0
 16  7  0.00 -0.08  0.00   0     0    0    0
 16  8  0.00 -0.23  0.00  29     0    0    0
 16  9  0.00 -0.79  0.00  16     0    0    0
 16 10 11.12  7.99  3.41  25    13   11    3
 16 11  5.45 -1.43  2.24  19    14    9    2
 16 12 14.31  4.73  6.08  15    10    9    6
---------------------------------------------
       66.64 11.81  6.08  Dec   94   66   25

                                Wind Speed (mph)
                          Dom
 YR MO   Avg.  Hi   Date  Dir
------------------------------
 16  1   0.7  19.6    1   SSE
 16  2   0.4  21.9    8   ESE
 16  3   0.8  24.0    5   SSE
 16  4   0.4  20.0    5   SSE
 16  5   0.3  16.0    1   ESE
 16  6   0.3  12.0   11   SSE
 16  7   0.3  12.0   10     S
 16  8   0.6  13.0    6    SE
 16  9   0.3  16.0   25     S
 16 10   0.4  23.0    2     S
 16 11   0.2  13.0   26   SSE
 16 12   0.5  21.0   18    SE
------------------------------
         0.4  24.0  Mar   SSE