NOAA-Style Climate Reports


Report for 2016 January
                   Monthly Climatological Summary for Jan 2016

Name: Paradise Weather Station   City: Paradise   State: CA
Elevation: 1824 ft  Lat: N 39° 45' 32"   Lon: W 121° 36' 43"

                  Temperature (°F), Rain (in), Wind Speed (mph)

                                      Heat  Cool        Avg
    Mean                              Deg   Deg         Wind                 Dom
Day Temp  High   Time   Low    Time   Days  Days  Rain  Speed High   Time    Dir
----------------------------------------------------------------------------------
 1  38.3  45.0  12:30p  34.3   4:34a  26.7   0.0  0.00   2.3  19.6  12:02a    NE
 2  41.0  49.6   1:59p  35.1  12:00a  24.0   0.0  0.00   0.7   9.2   5:45a   NNE
 3  45.7  52.2   1:32p  42.0  12:04a  19.3   0.0  0.00   0.1   5.8   6:03a    NE
 4  44.5  47.7  10:11a  40.9   4:45a  20.5   0.0  0.33   0.5  10.3  10:08p    SE
 5  45.1  47.8   1:20a  43.4   9:44p  19.9   0.0  2.19   1.3  14.9   4:18a   SSE
 6  41.6  43.8  12:36a  38.8  10:05p  23.4   0.0  1.92   1.7  12.7  12:57p   SSE
 7  40.5  44.3  12:42p  36.6   8:53p  24.5   0.0  0.17   0.0   6.9   1:17a    SE
 8  39.9  48.6  11:46a  32.1   7:34a  25.1   0.0  0.01   0.0   4.6  12:51p   SSE
 9  42.1  44.3  12:21p  40.2   5:39a  22.9   0.0  0.28   0.2   6.9   7:21a    SE
10  41.7  52.9  11:47a  34.4   7:51a  23.3   0.0  0.00   0.1   6.9  11:12a   NNE
11  45.9  53.8   1:38p  38.8  12:00a  19.1   0.0  0.00   0.1   5.8   2:46a   NNE
12  47.1  57.1  12:21p  38.2   2:12a  17.9   0.0  0.02   0.7  11.5  10:48p    SE
13  45.4  51.4   1:26a  38.8  11:20p  19.6   0.0  0.96   2.0  14.9   4:15a     S
14  40.7  44.4  11:39a  38.2   7:33a  24.3   0.0  0.75   1.0  12.7   7:13p   SSE
15  44.8  51.5  11:53a  39.3   6:10a  20.2   0.0  0.08   0.1   5.8  10:19a    SE
16  46.6  50.0   4:08p  43.3   5:18a  18.4   0.0  0.67   0.5  11.5  11:51a   SSE
17  49.5  51.0   3:46p  46.9  12:00a  15.5   0.0  3.57   2.0  14.9  10:54p   SSE
18  50.3  55.7  12:36p  46.7   7:36a  14.7   0.0  0.83   0.4  11.5  12:11a   SSE
19  49.7  52.9   3:56p  47.2  10:28a  15.3   0.0  1.07   2.2  12.7   6:40a   SSE
20  50.0  58.4  12:40p  44.2  11:48p  15.0   0.0  0.00   0.2   6.9  12:00a   SSE
21  50.3  59.9  12:09p  43.1   8:10a  14.7   0.0  0.07   0.2   5.8   3:44p   SSE
22  48.9  50.9   3:53a  46.6   7:24a  16.1   0.0  1.82   2.4  17.3  11:09p   SSE
23  46.4  50.4  12:00a  43.9  11:59p  18.6   0.0  0.39   1.8  12.7  12:02a     S
24  45.6  49.8  12:47p  43.4  12:21a  19.4   0.0  0.06   0.0   5.8   9:30p   ENE
25  45.9  56.8  12:12p  39.0   7:03a  19.1   0.0  0.00   0.1   4.6  11:57a     N
26  45.9  54.7  12:55p  38.4   7:50a  19.1   0.0  0.00   0.2   9.2   4:35a   SSE
27  48.7  62.0  12:56p  40.9   7:43a  16.3   0.0  0.00   0.0   4.6   1:17a    SE
28  47.5  53.5  11:27a  41.0   1:31a  17.5   0.0  0.08   0.1   8.1   3:06p   ESE
29  50.4  52.4   1:26p  45.3  11:59p  14.6   0.0  1.77   1.5  17.3   1:39p     S
30  43.7  50.6  12:51p  37.6  10:47p  21.3   0.0  0.13   0.1   8.1  12:11a   NNW
31  39.9  51.0  12:18p  33.9  11:16p  25.1   0.0  0.14   0.2  12.7   6:23p   NNW
----------------------------------------------------------------------------------
    45.3  62.0    27    32.1     8   611.4   0.0 17.31   0.7  19.6     1     SSE

Max >=  90.0:  0
Max <=  80.0: 31
Min <=  45.0: 26
Min <=  32.0:  0
Max Rain: 3.57 on day 17
Days of Rain: 22 (>= 0.01 in)  16 (>= 0.10 in)  6 (>= 1.00 in)
Heat Base: 65.0  Cool Base: 65.0  Method: Integration