ParadiseWeatherStation.org
Reports – Climate

NOAA-Style Climate Reports

Report for 2016 February
                   Monthly Climatological Summary for Feb 2016

Name: Paradise Weather Station   City: Paradise   State: CA
Elevation: 1824 ft  Lat: N 39° 45' 32"   Lon: W 121° 36' 43"

                  Temperature (°F), Rain (in), Wind Speed (mph)

                                      Heat  Cool        Avg
    Mean                              Deg   Deg         Wind                 Dom
Day Temp  High   Time   Low    Time   Days  Days  Rain  Speed High   Time    Dir
----------------------------------------------------------------------------------
 1  37.6  51.7   1:43p  28.7   5:23a  27.4   0.0  0.00   0.1   6.9  11:16a   NNW
 2  37.1  41.8   1:11p  31.3  11:50p  27.9   0.0  0.05   0.1   8.1   5:36a    SE
 3  39.1  46.9  12:30p  31.1  12:20a  25.9   0.0  0.02   0.1   5.8   4:59p   SSE
 4  45.1  56.3   1:38p  39.7   7:47a  19.9   0.0  0.01   0.1   8.1   1:49p     N
 5  45.4  58.0   1:26p  36.1   6:56a  19.6   0.0  0.00   0.1   4.6   1:41p    SE
 6  49.2  62.9  12:20p  39.8  12:51a  15.8   0.0  0.00   0.1   4.6   1:14p   NNE
 7  61.5  76.4   1:34p  44.6   1:19a   3.5   0.0  0.00   1.3  19.6  11:32p     N
 8  65.5  79.3   1:29p  50.3  11:55p   0.0   0.5  0.00   1.8  21.9  12:13a   NNE
 9  58.5  75.2   1:20p  49.2   3:00a   6.5   0.0  0.00   0.3  10.3   6:25a    NE
10  57.5  70.7   1:55p  48.1   4:28a   7.5   0.0  0.00   0.3   9.2   8:54a   NNE
11  57.6  70.2   1:41p  49.6   6:22a   7.4   0.0  0.00   0.1   5.8   9:04a   ESE
12  55.8  71.0  12:22p  47.3   4:49a   9.2   0.0  0.00   0.1   4.6   8:19a   ENE
13  56.4  72.4   1:08p  44.4   4:40a   8.6   0.0  0.00   0.2   8.1   8:29a   NNE
14  58.0  72.6  12:00p  47.0   3:05a   7.0   0.0  0.00   0.1   7.0  11:53a     N
15  61.9  77.3  12:11p  50.4   5:13a   3.1   0.0  0.00   0.3  11.0   1:39a     N
16  59.1  73.7   1:10p  47.8   6:52a   5.9   0.0  0.00   0.2   4.0   9:42a     E
17  55.2  61.9  11:47a  42.3  11:53p   9.8   0.0  0.71   1.7  17.0   4:16p   SSE
18  45.1  49.0  12:42p  42.2  12:09a  19.9   0.0  0.26   1.9  12.0   1:03p     S
19  46.2  48.1  10:54a  43.4  11:58p  18.8   0.0  0.50   1.3  14.0   9:29a   SSE
20  47.5  61.2   1:30p  39.0   6:47a  17.5   0.0  0.00   0.1   7.0  12:05p   NNW
21  49.7  62.7   1:32p  39.3   5:34a  15.3   0.0  0.00   0.2   7.0   3:39p   ENE
22  52.0  68.4   1:22p  40.0   6:56a  13.0   0.0  0.00   0.4  10.0  10:34p   NNE
23  53.9  66.3   1:28p  45.6  11:57p  11.1   0.0  0.00   0.5  13.0   2:40a   NNE
24  54.3  67.5   1:16p  43.4   4:06a  10.7   0.0  0.00   0.2   5.0   5:51a    SE
25  56.0  71.9  12:23p  45.1   5:54a   9.0   0.0  0.00   0.2   5.0   7:59a     E
26  56.4  66.8   2:56p  47.8   5:03a   8.6   0.0  0.07   0.6   9.0   8:53p   SSE
27  52.1  59.8   2:04p  44.9  11:54p  12.9   0.0  0.00   0.0   6.0  12:33p    SE
28  52.2  63.9   1:56p  43.3   3:53a  12.8   0.0  0.00   0.1   5.0  11:35a    SE
29  54.9  68.4  11:44a  42.4   4:40a  10.1   0.0  0.00   0.2   5.0   8:07a   ESE
----------------------------------------------------------------------------------
    52.4  79.3     8    28.7     1   364.7   0.5  1.62   0.4  21.9     8       E

Max >=  90.0:  0
Max <=  80.0: 29
Min <=  45.0: 18
Min <=  32.0:  3
Max Rain: 0.71 on day 17
Days of Rain: 7 (>= 0.01 in)  3 (>= 0.10 in)  0 (>= 1.00 in)
Heat Base: 65.0  Cool Base: 65.0  Method: Integration