NOAA-Style Climate Reports


Report for 2016 March
                   Monthly Climatological Summary for Mar 2016

Name: Paradise Weather Station   City: Paradise   State: CA
Elevation: 1824 ft  Lat: N 39° 45' 32"   Lon: W 121° 36' 43"

                  Temperature (°F), Rain (in), Wind Speed (mph)

                                      Heat  Cool        Avg
    Mean                              Deg   Deg         Wind                 Dom
Day Temp  High   Time   Low    Time   Days  Days  Rain  Speed High   Time    Dir
----------------------------------------------------------------------------------
 1  57.2  70.7   1:26p  47.8   6:48a   7.8   0.0  0.00   0.8  11.0  12:11p   SSE
 2  58.9  70.7  12:13p  49.6   3:09a   6.1   0.0  0.00   0.4   8.0   5:23p   SSE
 3  54.0  58.3   2:15a  51.8   5:50a  11.0   0.0  0.22   0.5  12.0  12:26a   SSE
 4  54.4  57.8   1:11p  51.3   3:47a  10.6   0.0  0.36   0.5  11.0   9:15p     S
 5  52.9  54.9   3:38p  47.6  11:24p  12.1   0.0  3.29   3.6  24.0   7:40p     S
 6  45.9  52.4   1:12p  39.0  11:55p  19.1   0.0  1.11   1.7  16.0  10:21p   SSE
 7  42.6  51.9   4:39p  37.4  11:33p  22.4   0.0  1.21   0.8  12.0   2:01a    SE
 8  43.6  50.4   2:33p  35.4   3:41a  21.4   0.0  0.01   0.2   8.0   6:20p   SSE
 9  48.8  53.4  11:44p  43.8   3:25a  16.2   0.0  0.11   0.9  10.0   9:41a   SSE
10  50.5  54.3   2:42a  48.1   3:37p  14.5   0.0  1.94   2.1  15.0   7:01p    SE
11  46.8  49.4   1:00a  42.9  11:16p  18.2   0.0  1.09   1.2  14.0  11:04a   SSE
12  44.7  47.1   7:27p  42.8   6:25a  20.3   0.0  1.57   2.8  19.0   4:41p   SSE
13  47.7  50.0   9:12p  45.9  12:00a  17.3   0.0  1.53   3.5  19.0   3:21p     S
14  48.7  58.9   2:47p  41.0  11:43p  16.3   0.0  0.00   0.9  12.0  12:13a     S
15  49.5  64.5   2:19p  37.6   4:38a  15.5   0.0  0.00   0.2   9.0   5:06p   NNW
16  56.6  72.4   3:02p  44.5   1:07a   8.4   0.0  0.00   0.4   8.0   6:16a   NNE
17  58.1  74.3   1:59p  44.8   6:54a   6.9   0.0  0.00   0.3  12.0   9:17a     E
18  58.5  73.0   2:52p  48.1   7:04a   6.5   0.0  0.00   0.3   6.0   1:25p    SE
19  58.9  71.7   3:08p  49.3   4:41a   6.1   0.0  0.00   0.4   7.0   2:26p     S
20  53.9  57.9  12:23a  50.9   8:56a  11.1   0.0  0.60   0.9  10.0   5:29p   SSE
21  47.8  51.7  12:00a  43.0  11:26p  17.2   0.0  0.55   1.0  11.0  11:10a     S
22  46.4  59.3   3:12p  37.9   6:59a  18.6   0.0  0.01   0.3   9.0   4:56p     S
23  51.3  66.6   2:24p  39.2   3:39a  13.7   0.0  0.00   0.3   7.0  10:46a   NNE
24  53.9  70.2   2:43p  43.2   5:43a  11.1   0.0  0.00   0.2   9.0   2:40p     W
25  57.0  73.7   3:23p  44.5   4:14a   8.0   0.0  0.00   0.3   9.0   6:33p    NW
26  60.5  73.6   2:06p  48.5   5:20a   4.5   0.0  0.00   0.6  15.0   3:43a   NNE
27  56.6  66.9  12:50p  48.3  11:58p   8.4   0.0  0.00   0.1   5.0  12:05p     S
28  48.7  58.2   3:29p  40.9   6:12a  16.3   0.0  0.00   0.3  10.0   2:36p     N
29  50.9  66.6   2:57p  36.2   5:58a  14.1   0.0  0.00   0.5  12.0  12:53p    NW
30  54.2  70.7   2:59p  41.9   6:25a  10.8   0.0  0.00   0.3   8.0  11:42a    SW
31  56.0  72.4   2:42p  44.5   7:11a   9.0   0.0  0.00   0.2   6.0  12:32p   SSW
----------------------------------------------------------------------------------
    52.1  74.3    17    35.4     8   399.5   0.0 13.60   0.8  24.0     5     SSE

Max >=  90.0:  0
Max <=  80.0: 31
Min <=  45.0: 19
Min <=  32.0:  0
Max Rain: 3.29 on day 5
Days of Rain: 14 (>= 0.01 in)  12 (>= 0.10 in)  7 (>= 1.00 in)
Heat Base: 65.0  Cool Base: 65.0  Method: Integration