NOAA-Style Climate Reports


Report for 2016 April
                   Monthly Climatological Summary for Apr 2016

Name: Paradise Weather Station   City: Paradise   State: CA
Elevation: 1824 ft  Lat: N 39° 45' 32"   Lon: W 121° 36' 43"

                  Temperature (°F), Rain (in), Wind Speed (mph)

                                      Heat  Cool        Avg
    Mean                              Deg   Deg         Wind                 Dom
Day Temp  High   Time   Low    Time   Days  Days  Rain  Speed High   Time    Dir
----------------------------------------------------------------------------------
 1  56.6  70.9   2:43p  45.7   7:12a   8.4   0.0  0.00   0.2   5.0  12:47p     S
 2  59.3  75.6   2:42p  47.0   6:58a   5.7   0.0  0.00   0.2   8.0  12:23p     S
 3  61.7  78.0   3:01p  49.5   6:45a   3.3   0.0  0.00   0.2   6.0  12:24p     S
 4  59.8  75.2   3:06p  47.5   7:19a   5.2   0.0  0.00   0.3   7.0   1:56p   SSW
 5  66.2  83.8   2:49p  48.9   2:37a   0.0   1.2  0.00   1.1  20.0  10:06p     N
 6  74.1  90.5   2:44p  61.1   4:02a   0.0   9.1  0.00   1.2  16.0  12:00a    NE
 7  69.3  83.6   1:08p  57.7  11:42p   0.0   4.3  0.00   0.4   7.0   2:20a     S
 8  63.0  78.4   1:40p  49.6   6:44a   2.0   0.0  0.00   0.2   6.0   2:25p     S
 9  56.0  59.2   2:55a  53.6  11:24p   9.0   0.0  0.04   0.1   8.0  12:26p     S
10  55.8  60.7   2:14p  52.2   7:22a   9.2   0.0  0.07   0.0   4.0   2:25a   SSE
11  59.7  71.0   2:07p  53.8   3:06a   5.3   0.0  0.00   0.1   6.0   1:06p     S
12  58.5  65.4  12:46p  52.6   4:24a   6.5   0.0  0.00   0.2   8.0   8:46p     S
13  56.4  63.5   4:03p  49.7   8:07a   8.6   0.0  0.00   0.6   9.0  10:50p     S
14  48.7  59.6   3:40p  40.6   6:23a  16.3   0.0  0.35   0.3   8.0   9:58p   SSW
15  53.5  71.7   2:48p  37.7   5:43a  11.5   0.0  0.00   0.5   9.0   9:32a     N
16  65.0  83.4   2:39p  47.5  12:36a   0.0   0.0  0.00   0.6  10.0   4:21p     N
17  69.0  83.9   2:50p  57.0   2:01a   0.0   4.0  0.00   0.7  12.0   5:46a    NE
18  66.8  84.4   2:18p  51.2   6:27a   0.0   1.8  0.00   0.2   5.0  11:44a     S
19  68.6  83.9   1:55p  58.4   6:24a   0.0   3.6  0.00   0.4   7.0  12:51p   ENE
20  64.5  79.0   2:24p  53.1   5:19a   0.5   0.0  0.00   0.4   9.0   5:10p     S
21  60.3  72.2   2:54p  50.1   5:15a   4.7   0.0  0.00   0.7   9.0   6:33p     S
22  50.5  56.6  12:00a  46.1   9:25p  14.5   0.0  1.64   0.8  11.0   5:48a     S
23  52.7  65.6   3:05p  44.8   6:38a  12.3   0.0  0.02   0.1   8.0   3:33p     W
24  57.5  71.7   2:25p  48.5  11:36p   7.5   0.0  0.00   0.4  10.0  12:22p    SW
25  54.5  71.0   2:30p  40.8   5:43a  10.5   0.0  0.00   0.5  13.0   1:46p    NW
26  56.0  67.2   1:35p  43.5   4:23a   9.0   0.0  0.00   0.2   6.0  11:06a     S
27  53.7  66.2   2:27p  46.7   4:31a  11.3   0.0  0.00   0.1   8.0   2:46p     N
28  59.9  78.2   2:31p  43.6   6:28a   5.1   0.0  0.00   0.4  12.0   5:45p   NNW
29  61.0  75.3   2:25p  50.5   6:19a   4.0   0.0  0.00   0.3  10.0   7:03p     S
30  62.9  78.9   2:38p  49.5   5:03a   2.1   0.0  0.00   0.8  11.0  10:21a     N
----------------------------------------------------------------------------------
    60.1  90.5     6    37.7    15   172.5  24.0  2.12   0.4  20.0     5       E

Max >=  90.0:  1
Max <=  80.0: 23
Min <=  45.0:  6
Min <=  32.0:  0
Max Rain: 1.64 on day 22
Days of Rain: 5 (>= 0.01 in)  2 (>= 0.10 in)  1 (>= 1.00 in)
Heat Base: 65.0  Cool Base: 65.0  Method: Integration