NOAA-Style Climate Reports


Report for 2016 May
                   Monthly Climatological Summary for May 2016

Name: Paradise Weather Station   City: Paradise   State: CA
Elevation: 1824 ft  Lat: N 39° 45' 32"   Lon: W 121° 36' 43"

                  Temperature (°F), Rain (in), Wind Speed (mph)

                                      Heat  Cool        Avg
    Mean                              Deg   Deg         Wind                 Dom
Day Temp  High   Time   Low    Time   Days  Days  Rain  Speed High   Time    Dir
----------------------------------------------------------------------------------
 1  68.4  83.4   2:27p  55.7   1:13a   0.0   3.4  0.00   0.9  16.0   6:03a   ENE
 2  66.1  81.0   2:18p  54.2   4:43a   0.0   1.1  0.00   0.3   5.0   9:26a     S
 3  66.5  79.7   2:52p  56.0   5:04a   0.0   1.5  0.00   0.1   5.0   4:14a   ENE
 4  66.5  79.0   1:02p  58.7   2:31a   0.0   1.5  0.00   0.1   6.0   4:17a    NE
 5  57.8  66.1  11:50a  53.4  11:40p   7.2   0.0  0.00   0.3   8.0  12:46p     S
 6  55.2  60.0   3:55p  51.4   4:18a   9.8   0.0  0.08   0.0   4.0   1:48a    NE
 7  54.0  56.3  12:46a  52.8  10:49p  11.0   0.0  0.28   0.0   3.0   9:12a    SE
 8  56.9  63.6   5:05p  52.3   5:39a   8.1   0.0  0.03   0.0   5.0   5:22p    SE
 9  62.2  73.8   3:09p  54.0  12:00a   2.8   0.0  0.00   0.1   5.0  11:32a     S
10  67.2  84.6   2:59p  52.2   6:31a   0.0   2.2  0.00   0.5   9.0  10:42a   NNE
11  72.2  87.5   2:44p  59.9  11:37p   0.0   7.2  0.00   1.1  15.0   6:24a    NE
12  71.5  89.8   2:23p  57.7   4:04a   0.0   6.5  0.00   0.3   6.0   5:47a     E
13  70.9  85.6   2:46p  58.9  11:59p   0.0   5.9  0.00   0.3   7.0   1:03p     S
14  61.7  75.1   2:32p  49.3   6:06a   3.3   0.0  0.00   0.4   8.0  11:34a     S
15  65.5  81.0   2:36p  52.6   6:20a   0.0   0.5  0.00   0.3  14.0   2:35p    SW
16  70.1  84.6   2:32p  54.6   5:29a   0.0   5.1  0.00   0.7  16.0  10:41p     N
17  73.3  90.3   2:06p  57.3   6:33a   0.0   8.3  0.00   0.7  13.0   4:30p     N
18  76.2  91.8   2:45p  64.7   4:23a   0.0  11.2  0.00   0.5   9.0   9:15a    NE
19  68.2  80.3   2:22p  59.3  11:59p   0.0   3.2  0.00   0.3   7.0   1:07p     S
20  52.0  59.2  12:00a  48.5   8:05a  13.0   0.0  0.18   0.3   8.0   1:11p     S
21  52.5  63.8   3:59p  47.2  11:20p  12.5   0.0  0.00   0.3   9.0   4:40p     S
22  55.0  69.4   2:38p  43.4   6:08a  10.0   0.0  0.00   0.2   6.0  10:58a     S
23  58.4  71.1   3:23p  47.1   3:58a   6.6   0.0  0.00   0.2   7.0   6:05a     S
24  58.8  72.6   2:26p  52.6   6:19a   6.2   0.0  0.07   0.2   6.0   2:53p    SE
25  63.2  78.5   2:22p  49.8   5:48a   1.8   0.0  0.02   0.3   9.0   6:36p     S
26  65.9  82.8   3:02p  52.2   6:00a   0.0   0.9  0.01   0.2   7.0  10:08a   SSW
27  68.9  85.8   3:12p  55.1   5:12a   0.0   3.9  0.00   0.4  10.0   2:12p     E
28  71.3  88.2   2:31p  57.0   5:01a   0.0   6.3  0.00   0.4  11.0   8:55a    NE
29  72.4  90.2   2:18p  58.7   4:37a   0.0   7.4  0.00   0.3   7.0   5:22a   ESE
30  75.6  94.6   2:13p  60.2   6:07a   0.0  10.6  0.00   0.3   8.0   2:08p     N
31  78.6  99.2   2:47p  62.7   6:39a   0.0  13.6  0.00   0.2   7.0   2:20p   SSE
----------------------------------------------------------------------------------
    65.3  99.2    31    43.4    22    92.3 100.3  0.67   0.3  16.0     1       E

Max >=  90.0:  5
Max <=  80.0: 14
Min <=  45.0:  1
Min <=  32.0:  0
Max Rain: 0.28 on day 7
Days of Rain: 7 (>= 0.01 in)  2 (>= 0.10 in)  0 (>= 1.00 in)
Heat Base: 65.0  Cool Base: 65.0  Method: Integration