ParadiseWeatherStation.org
Reports – Climate

NOAA-Style Climate Reports

Report for 2016 June
                   Monthly Climatological Summary for Jun 2016

Name: Paradise Weather Station   City: Paradise   State: CA
Elevation: 1824 ft  Lat: N 39° 45' 32"   Lon: W 121° 36' 43"

                  Temperature (°F), Rain (in), Wind Speed (mph)

                                      Heat  Cool        Avg
    Mean                              Deg   Deg         Wind                 Dom
Day Temp  High   Time   Low    Time   Days  Days  Rain  Speed High   Time    Dir
----------------------------------------------------------------------------------
 1  79.5  96.7   2:51p  67.2   6:15a   0.0  14.5  0.00   0.4   7.0   3:27a    SE
 2  76.9  95.1   2:55p  61.8   5:57a   0.0  11.9  0.00   0.1   6.0   7:49a   SSE
 3  80.6 100.8   3:17p  63.8   6:47a   0.0  15.6  0.00   0.3   9.0  12:16p   NNE
 4  78.0  93.0   1:53p  66.2   4:43a   0.0  13.0  0.00   0.1   6.0   6:48a    NE
 5  80.5  98.0   2:10p  63.2   5:52a   0.0  15.5  0.00   0.3   8.0  10:37p   ESE
 6  82.0  95.9   2:31p  70.8   4:15a   0.0  17.0  0.00   0.4  10.0   5:27a   ENE
 7  78.3  92.7   3:17p  65.8   6:29a   0.0  13.3  0.00   0.2   6.0  11:56a     S
 8  74.5  88.4   2:34p  62.2   5:49a   0.0   9.5  0.00   0.4   8.0  11:00a     S
 9  69.9  84.2   3:19p  55.0   6:24a   0.0   4.9  0.00   0.3   6.0   5:30p     S
10  68.1  80.9   3:06p  59.6   6:19a   0.0   3.1  0.00   0.4   7.0   4:06p     S
11  71.5  89.5   3:00p  56.7   2:35a   0.0   6.5  0.00   0.5  12.0   7:39a     N
12  75.6  90.0   3:23p  65.6   3:49a   0.0  10.6  0.00   0.4   9.0   4:56a   SSW
13  71.5  84.1   3:25p  60.9   6:47a   0.0   6.5  0.00   0.4   8.0   2:34p     S
14  63.4  75.6   2:28p  53.2   6:13a   1.6   0.0  0.00   0.2   9.0  10:53a   SSE
15  57.2  62.4   4:38p  50.7   6:58a   7.8   0.0  0.00   0.6  10.0  10:04p     S
16  60.0  70.3   3:12p  49.3   6:46a   5.0   0.0  0.00   0.3   8.0  11:51a     S
17  61.0  70.6   1:43p  57.1   5:31a   4.0   0.0  0.29   0.1  10.0  11:11a     S
18  62.6  78.1   3:06p  53.1   4:57a   2.4   0.0  0.15   0.2  11.0   4:30p   NNW
19  69.3  85.2   2:23p  54.5   6:08a   0.0   4.3  0.00   0.3   7.0   4:10p     S
20  73.6  92.6   2:19p  58.8   5:28a   0.0   8.6  0.00   0.4   7.0   5:43a     E
21  77.1  99.1   2:46p  61.8   5:53a   0.0  12.1  0.00   0.2   6.0   3:25p    SE
22  77.0  93.7   2:39p  64.0   7:06a   0.0  12.0  0.00   0.2   5.0   4:40a     S
23  73.2  88.9   3:02p  58.5   6:06a   0.0   8.2  0.00   0.3   6.0   1:58p     S
24  72.9  91.2   2:58p  57.7   5:47a   0.0   7.9  0.00   0.3   7.0   1:54p    NE
25  78.1  98.0   3:28p  61.2   5:52a   0.0  13.1  0.00   0.3   8.0   7:52a    NE
26  79.6 100.0   2:54p  63.6   5:41a   0.0  14.6  0.00   0.2   6.0   1:15p   SSE
27  82.4 103.3   2:47p  67.5   5:12a   0.0  17.4  0.00   0.2   7.0   3:16p    SE
28  83.4 103.0   2:01p  69.8   6:14a   0.0  18.4  0.00   0.3   6.0   2:28a   ENE
29  82.6 101.5   2:36p  69.1   6:15a   0.0  17.6  0.00   0.3   5.0   2:06a     E
30  81.4 100.1   3:05p  66.1   6:30a   0.0  16.4  0.00   0.1   5.0  11:55a   SSE
----------------------------------------------------------------------------------
    74.1 103.3    27    49.3    16    20.8 292.5  0.44   0.3  12.0    11      SE

Max >=  90.0: 18
Max <=  80.0:  5
Min <=  45.0:  0
Min <=  32.0:  0
Max Rain: 0.29 on day 17
Days of Rain: 2 (>= 0.01 in)  2 (>= 0.10 in)  0 (>= 1.00 in)
Heat Base: 65.0  Cool Base: 65.0  Method: Integration