NOAA-Style Climate Reports


Report for 2016 July
                   Monthly Climatological Summary for Jul 2016

Name: Paradise Weather Station   City: Paradise   State: CA
Elevation: 1824 ft  Lat: N 39° 45' 32"   Lon: W 121° 36' 43"

                  Temperature (°F), Rain (in), Wind Speed (mph)

                                      Heat  Cool        Avg
    Mean                              Deg   Deg         Wind                 Dom
Day Temp  High   Time   Low    Time   Days  Days  Rain  Speed High   Time    Dir
----------------------------------------------------------------------------------
 1  80.9  99.4   2:10p  66.5   6:18a   0.0  15.9  0.00   0.1   4.0   1:53p     S
 2  80.2  97.8   2:15p  65.8   6:35a   0.0  15.2  0.00   0.2   5.0  12:16p     S
 3  78.9  93.9   3:24p  65.6   6:07a   0.0  13.9  0.00   0.2   7.0   3:46p     S
 4  77.5  92.1   2:32p  66.3   6:53a   0.0  12.5  0.00   0.2   5.0  11:56a     S
 5  75.2  90.6   3:20p  64.2   6:33a   0.0  10.2  0.00   0.2   6.0  12:50p     S
 6  72.9  87.4   1:59p  59.5   6:11a   0.0   7.9  0.00   0.2   6.0  12:23p     S
 7  73.2  88.5   3:04p  60.2   6:03a   0.0   8.2  0.00   0.2   5.0  12:00p     S
 8  72.4  87.7   3:31p  60.4   4:55a   0.0   7.4  0.00   0.2   5.0  12:45p     S
 9  72.8  85.2   2:39p  63.1   3:56a   0.0   7.8  0.00   0.8   8.0  11:24a     S
10  66.8  82.5   3:02p  52.5   5:58a   0.0   1.8  0.00   0.3  12.0   5:38p    NW
11  72.5  89.9   1:55p  59.0   2:03a   0.0   7.5  0.00   0.3   9.0   8:41a     S
12  73.7  91.1   3:01p  60.2   6:47a   0.0   8.7  0.00   0.2   5.0  12:57p     S
13  77.3  97.5   3:05p  61.8   6:17a   0.0  12.3  0.00   0.2   6.0   1:20p   SSE
14  79.5  99.7   2:49p  64.3   5:50a   0.0  14.5  0.00   0.1   6.0   1:37p     S
15  80.6  99.9   3:02p  66.9   5:21a   0.0  15.6  0.00   0.2   5.0  12:40p   SSE
16  76.9  92.0   3:16p  62.7   6:17a   0.0  11.9  0.00   0.2   7.0   3:18p     S
17  74.6  89.3   2:49p  61.2   6:36a   0.0   9.6  0.00   0.5  10.0   1:57p     S
18  70.5  84.1   3:05p  57.7   6:37a   0.0   5.5  0.00   0.4   8.0   3:13p     S
19  71.2  86.9   2:47p  57.9   6:38a   0.0   6.2  0.00   0.3   7.0   3:26p     S
20  72.9  90.7   2:30p  59.3   6:10a   0.0   7.9  0.00   0.2   7.0  12:09p     S
21  74.7  91.8   2:17p  61.9   4:35a   0.0   9.7  0.00   0.4   7.0  12:19p     S
22  74.4  95.0   2:34p  58.5   7:01a   0.0   9.4  0.00   0.1   5.0   1:14p   SSE
23  80.2 100.3   2:57p  64.6   4:44a   0.0  15.2  0.00   0.2   8.0   3:38p   SSE
24  80.8  99.8   3:08p  64.1   7:03a   0.0  15.8  0.00   0.2   8.0   3:34p     S
25  82.4 100.2   2:16p  70.0   5:21a   0.0  17.4  0.00   0.2   7.0   6:26a    SE
26  82.5 103.7   2:31p  67.0   6:54a   0.0  17.5  0.00   0.2   5.0   2:33p   SSE
27  84.6 105.7   2:37p  70.0   5:51a   0.0  19.6  0.00   0.3   6.0   7:50a   ESE
28  85.1 104.5   2:15p  71.2   6:20a   0.0  20.1  0.00   0.1   5.0   1:30p   SSE
29  85.2 104.5   3:13p  70.6   5:57a   0.0  20.2  0.00   0.1   5.0   4:33p     S
30  85.4 102.9   3:03p  72.8   5:10a   0.0  20.4  0.00   0.3   8.0   5:38p     S
31  78.6  96.5   2:49p  64.0   6:14a   0.0  13.6  0.00   0.3   5.0  11:03a     S
----------------------------------------------------------------------------------
    77.2 105.7    27    52.5    10     0.0 379.4  0.00   0.3  12.0    10       S

Max >=  90.0: 22
Max <=  80.0:  0
Min <=  45.0:  0
Min <=  32.0:  0
Max Rain: 0.00 on day 0
Days of Rain: 0 (>= 0.01 in)  0 (>= 0.10 in)  0 (>= 1.00 in)
Heat Base: 65.0  Cool Base: 65.0  Method: Integration