NOAA-Style Climate Reports


Report for 2016 August
                   Monthly Climatological Summary for Aug 2016

Name: Paradise Weather Station   City: Paradise   State: CA
Elevation: 1824 ft  Lat: N 39° 45' 32"   Lon: W 121° 36' 43"

                  Temperature (°F), Rain (in), Wind Speed (mph)

                                      Heat  Cool        Avg
    Mean                              Deg   Deg         Wind                 Dom
Day Temp  High   Time   Low    Time   Days  Days  Rain  Speed High   Time    Dir
----------------------------------------------------------------------------------
 1  77.0  96.1   2:49p  62.0   6:23a   0.0  12.0  0.00   0.2   7.0   3:33p     S
 2  78.7  91.7   4:14p  65.6   6:17a   0.0  13.7  0.00   2.3  11.0   2:34p     E
 3  81.5  95.6   3:47p  67.8   6:23a   0.0  16.5  0.00   2.2   9.0   3:53p     E
 4  77.7  88.3   2:58p  66.0   6:38a   0.0  12.7  0.00   2.3  10.0   2:13p    SE
 5  71.2  83.2   5:28p  59.3   6:16a   0.0   6.2  0.00   1.9  11.0   1:22p   SSE
 6  74.8  87.0   4:31p  63.3   6:02a   0.0   9.8  0.00   2.4  13.0   5:30p    SE
 7  75.3  88.3   4:55p  63.6   6:37a   0.0  10.3  0.00   1.8   8.0   4:24a     E
 8  75.9  93.3   3:06p  64.5   5:37a   0.0  10.9  0.00   1.4   8.0   1:45a   ENE
 9  76.2  95.5   2:39p  60.1   6:30a   0.0  11.2  0.00   0.6   6.0   2:18p     E
10  76.0  92.9   2:45p  66.7  12:15a   0.0  11.0  0.00   1.2   9.0   1:35p   NNE
11  76.5  93.8   3:09p  62.1   6:55a   0.0  11.5  0.00   0.2   5.0   2:01p     S
12  78.2  95.9   2:07p  64.9   6:44a   0.0  13.2  0.00   0.1   5.0   1:26p     S
13  79.8 100.7   2:54p  65.1   6:48a   0.0  14.8  0.00   0.1   5.0  12:08p   SSE
14  81.6  99.6   2:38p  68.1   6:26a   0.0  16.6  0.00   0.3   7.0   1:13p     S
15  79.9  98.3   3:09p  66.5   6:44a   0.0  14.9  0.00   0.1   4.0   1:46a     S
16  78.5  96.0   2:54p  64.5   6:17a   0.0  13.5  0.00   0.1   4.0  10:22a     S
17  79.8  95.5   3:20p  66.8   5:49a   0.0  14.8  0.00   0.2   7.0   4:10p     S
18  80.7  97.7   2:54p  66.1   6:38a   0.0  15.7  0.00   0.1   5.0   1:02p   SSE
19  79.5  95.2   3:02p  67.0   7:04a   0.0  14.5  0.00   0.1   5.0   3:09p     S
20  78.8  96.1   2:38p  65.9   6:33a   0.0  13.8  0.00   0.1   5.0   4:32p     S
21  77.1  93.7   1:41p  64.8   6:57a   0.0  12.1  0.00   0.2   5.0  12:42p     S
22  77.1  95.1   2:56p  64.1   6:39a   0.0  12.1  0.00   0.1   5.0  11:39a     S
23  74.0  90.2   2:10p  62.3   6:50a   0.0   9.0  0.00   0.2   6.0   3:30p     S
24  73.2  91.4   2:44p  59.2   6:45a   0.0   8.2  0.00   0.1   7.0   2:11p     S
25  74.3  94.1   2:32p  59.9   6:25a   0.0   9.3  0.00   0.2   7.0   2:16p     S
26  72.4  90.9   2:37p  59.4   6:30a   0.0   7.4  0.00   0.2   5.0   1:19p     S
27  71.1  89.2   2:53p  57.8   6:47a   0.0   6.1  0.00   0.1   6.0   1:14p     S
28  71.5  91.0   2:51p  57.5   6:33a   0.0   6.5  0.00   0.2   5.0  10:12a     S
29  72.3  91.9   1:56p  59.8   6:08a   0.0   7.3  0.00   0.1   5.0   1:59p     S
30  72.3  89.5   2:41p  58.7   7:06a   0.0   7.3  0.00   0.1   4.0  11:36a     S
31  72.1  88.9   2:25p  59.7   6:53a   0.0   7.1  0.00   0.2   7.0   2:06p     S
----------------------------------------------------------------------------------
    76.3 100.7    13    57.5    28     0.0 350.0  0.00   0.6  13.0     6     ESE

Max >=  90.0: 24
Max <=  80.0:  0
Min <=  45.0:  0
Min <=  32.0:  0
Max Rain: 0.00 on day 0
Days of Rain: 0 (>= 0.01 in)  0 (>= 0.10 in)  0 (>= 1.00 in)
Heat Base: 65.0  Cool Base: 65.0  Method: Integration