NOAA-Style Climate Reports


Report for 2016 September
                   Monthly Climatological Summary for Sep 2016

Name: Paradise Weather Station   City: Paradise   State: CA
Elevation: 1824 ft  Lat: N 39° 45' 32"   Lon: W 121° 36' 43"

                  Temperature (°F), Rain (in), Wind Speed (mph)

                                      Heat  Cool        Avg
    Mean                              Deg   Deg         Wind                 Dom
Day Temp  High   Time   Low    Time   Days  Days  Rain  Speed High   Time    Dir
----------------------------------------------------------------------------------
 1  70.0  88.1   2:25p  57.1   6:50a   0.0   5.0  0.00   0.2   6.0  12:32p     S
 2  71.8  89.9   2:44p  58.3   6:20a   0.0   6.8  0.00   0.1   7.0  12:22p     S
 3  69.4  84.5   3:04p  58.5   6:43a   0.0   4.4  0.00   0.2   7.0   4:33p     S
 4  64.5  78.3   3:06p  54.4   6:31a   0.5   0.0  0.00   0.2   6.0   4:06p     S
 5  68.1  87.8   2:53p  53.3   6:25a   0.0   3.1  0.00   0.3   9.0   1:51p     S
 6  69.4  87.9   2:36p  55.1   6:55a   0.0   4.4  0.00   0.1   6.0  12:43p     S
 7  74.4  94.8   2:44p  59.1   6:30a   0.0   9.4  0.00   0.2   8.0   1:46p   SSE
 8  75.5  93.4   1:48p  63.4   7:00a   0.0  10.5  0.00   0.2   5.0   2:52a   SSE
 9  75.1  94.8   2:52p  60.8   6:56a   0.0  10.1  0.00   0.1   5.0  10:50a     S
10  75.2  94.1   3:02p  61.3   7:01a   0.0  10.2  0.00   0.1   6.0   1:13p     S
11  72.0  86.9   2:34p  61.3   7:10a   0.0   7.0  0.00   0.2   7.0   2:29p     S
12  64.8  78.8   2:41p  54.8   6:49a   0.2   0.0  0.00   0.2   6.0  12:10p     S
13  59.6  71.6   2:52p  51.2   7:44a   5.4   0.0  0.00   0.3   7.0   2:21p     S
14  62.3  80.0   2:27p  49.9   6:44a   2.7   0.0  0.00   0.2   6.0   1:59p     S
15  65.7  84.5   3:00p  51.8   6:51a   0.0   0.7  0.00   0.1   5.0  10:50a     S
16  70.3  90.1   2:27p  54.4   6:38a   0.0   5.3  0.00   0.2   7.0   4:02p   SSE
17  72.5  93.2   2:42p  57.3   6:58a   0.0   7.5  0.00   0.1   5.0  11:28a     S
18  74.9  93.4   2:37p  61.0   6:34a   0.0   9.9  0.00   0.1   4.0   1:26p     S
19  77.5  91.1  12:05p  64.8   7:17a   0.0  12.5  0.00   0.3   7.0  11:43a   SSE
20  76.2  89.9   2:25p  63.3   7:37a   0.0  11.2  0.00   0.5   8.0   9:37a     S
21  67.2  78.4   2:21p  57.7  11:59p   0.0   2.2  0.00   0.4   7.0  10:58a     S
22  59.9  74.8   2:36p  48.1   6:14a   5.1   0.0  0.00   0.3   9.0  12:51p   NNW
23  62.8  80.4   2:47p  48.9   7:00a   2.2   0.0  0.00   0.2   9.0   1:23p   NNW
24  71.0  89.2   2:04p  55.0   5:01a   0.0   6.0  0.00   0.3  11.0   6:54a     N
25  82.8 100.1   2:38p  68.2   1:39a   0.0  17.8  0.00   1.2  16.0  10:58p   NNE
26  77.7  93.2   1:49p  64.4   7:17a   0.0  12.7  0.00   0.2  12.0   2:53a     S
27  74.5  92.6   2:25p  63.2   7:26a   0.0   9.5  0.00   0.1   5.0  12:33p     S
28  74.5  92.2   2:24p  62.7   6:34a   0.0   9.5  0.00   0.1   6.0   1:07p   SSE
29  71.2  85.6   2:19p  58.9   7:28a   0.0   6.2  0.00   0.3   8.0   2:21p     S
30  68.8  80.3   2:44p  56.0  11:59p   0.0   3.8  0.00   0.6   9.0   3:11p     S
----------------------------------------------------------------------------------
    70.7 100.1    25    48.1    22    16.1 185.7  0.00   0.3  16.0    25       S

Max >=  90.0: 12
Max <=  80.0:  6
Min <=  45.0:  0
Min <=  32.0:  0
Max Rain: 0.00 on day 0
Days of Rain: 0 (>= 0.01 in)  0 (>= 0.10 in)  0 (>= 1.00 in)
Heat Base: 65.0  Cool Base: 65.0  Method: Integration