NOAA-Style Climate Reports


Report for 2016 October
                   Monthly Climatological Summary for Oct 2016

Name: Paradise Weather Station   City: Paradise   State: CA
Elevation: 1824 ft  Lat: N 39° 45' 32"   Lon: W 121° 36' 43"

                  Temperature (°F), Rain (in), Wind Speed (mph)

                                      Heat  Cool        Avg
    Mean                              Deg   Deg         Wind                 Dom
Day Temp  High   Time   Low    Time   Days  Days  Rain  Speed High   Time    Dir
----------------------------------------------------------------------------------
 1  58.0  74.8   2:10p  45.0   7:32a   7.0   0.0  0.00   0.2  10.0  11:12a     S
 2  50.6  61.8   3:09p  43.2  11:56p  14.4   0.0  0.50   0.3  23.0   5:08p     S
 3  48.6  53.6   2:27p  41.2   2:11a  16.4   0.0  0.01   0.2   7.0   2:22p    SE
 4  55.1  68.9   1:38p  45.1   7:03a   9.9   0.0  0.01   0.2   8.0   2:04p   SSW
 5  55.9  72.0   2:17p  43.4   6:26a   9.1   0.0  0.00   0.0   6.0   4:21p    NW
 6  59.8  76.9   2:01p  46.7   4:40a   5.2   0.0  0.00   0.4  11.0   8:49a   NNE
 7  62.4  80.7   2:16p  48.9   7:14a   2.6   0.0  0.00   0.1   5.0   2:00p   SSE
 8  65.0  84.3   2:23p  52.1   6:18a   0.0   0.0  0.00   0.1   5.0   1:11p    SE
 9  66.6  84.4   1:54p  54.6   7:16a   0.0   1.6  0.00   0.2   6.0   1:05p    SE
10  65.1  78.2   2:28p  54.2   6:41a   0.0   0.1  0.00   1.3  10.0   4:20p   SSE
11  61.6  75.7   2:01p  52.0   7:28a   3.4   0.0  0.00   0.1   6.0   2:41p     S
12  61.2  75.2   2:19p  48.7   7:20a   3.8   0.0  0.00   0.1   5.0  12:07p     S
13  62.8  71.6  12:48p  54.7  12:00a   2.2   0.0  0.00   0.9  13.0   9:43p     S
14  56.9  60.4  12:00a  55.1  10:19a   8.1   0.0  0.84   1.4  15.0  12:28a     S
15  55.1  57.2   3:49p  53.1  11:36p   9.9   0.0  1.19   1.1  12.0  11:26a     S
16  54.1  57.6   2:34p  52.2  11:48p  10.9   0.0  0.36   0.7  11.0   7:43p     S
17  54.8  63.8   2:17p  50.9   5:25a  10.2   0.0  0.00   0.4   9.0   2:14p     S
18  53.9  66.6   2:17p  45.9   7:37a  11.1   0.0  0.00   0.2   8.0  11:10p     N
19  59.5  74.2   1:50p  47.0   5:46a   5.5   0.0  0.00   0.3  10.0  12:50a     N
20  61.1  77.4   1:40p  51.0   7:37a   3.9   0.0  0.00   0.1   6.0   1:02a    NE
21  60.0  75.1   2:17p  49.8   5:53a   5.0   0.0  0.00   0.1   6.0   8:05a   ESE
22  58.6  70.9  12:09p  50.8   6:06a   6.4   0.0  0.00   0.0   4.0   8:33a   SSE
23  57.7  70.5  12:57p  47.8   5:37a   7.3   0.0  0.00   0.2   5.0  11:33a     S
24  55.4  59.2  12:07p  53.9  10:53p   9.6   0.0  1.89   0.6  10.0  10:41p   SSE
25  54.5  56.4   5:38p  53.5   8:32p  10.5   0.0  3.41   0.8  12.0   8:19a   SSE
26  58.6  71.1   2:25p  51.6   7:50a   6.4   0.0  0.00   0.3  11.0   1:58p   SSE
27  55.8  58.8  12:24p  53.7   1:01a   9.2   0.0  0.37   0.2   8.0  12:27p     S
28  56.4  59.4  12:30p  55.1   7:39a   8.6   0.0  0.84   0.1   7.0   9:50p     S
29  56.4  59.6   3:57p  51.9  10:30p   8.6   0.0  0.53   0.3   8.0  11:38a     S
30  53.5  57.2   4:53a  49.9   1:35p  11.5   0.0  0.73   1.1  13.0  11:35a     S
31  51.3  54.8   3:00p  46.9  10:05p  13.7   0.0  0.44   0.4   9.0  10:29p   SSE
----------------------------------------------------------------------------------
    57.6  84.4     9    41.2     3   230.4   1.7 11.12   0.4  23.0     2     SSE

Max >=  90.0:  0
Max <=  80.0: 28
Min <=  45.0:  4
Min <=  32.0:  0
Max Rain: 3.41 on day 25
Days of Rain: 13 (>= 0.01 in)  11 (>= 0.10 in)  3 (>= 1.00 in)
Heat Base: 65.0  Cool Base: 65.0  Method: Integration