NOAA-Style Climate Reports


Report for 2016 November
                   Monthly Climatological Summary for Nov 2016

Name: Paradise Weather Station   City: Paradise   State: CA
Elevation: 1824 ft  Lat: N 39° 45' 32"   Lon: W 121° 36' 43"

                  Temperature (°F), Rain (in), Wind Speed (mph)

                                      Heat  Cool        Avg
    Mean                              Deg   Deg         Wind                 Dom
Day Temp  High   Time   Low    Time   Days  Days  Rain  Speed High   Time    Dir
----------------------------------------------------------------------------------
 1  50.1  54.9   1:59p  44.7  11:57p  14.9   0.0  0.30   0.4  12.0   3:32a     S
 2  50.4  62.8   1:31p  42.7   5:34a  14.6   0.0  0.01   0.1   7.0   1:48p   SSE
 3  53.2  67.3  11:48a  43.5   7:34a  11.8   0.0  0.00   0.1   6.0  10:28a   NNE
 4  56.4  71.2   1:58p  48.2   7:38a   8.6   0.0  0.00   0.1   6.0   9:39a   NNE
 5  56.3  69.2   1:15p  47.5   5:46a   8.7   0.0  0.00   0.1   6.0   3:17p    SE
 6  56.9  62.1   1:23p  53.0  11:24p   8.1   0.0  0.02   0.2   7.0  12:23p   SSE
 7  57.2  68.6  10:45a  49.4   4:46a   7.8   0.0  0.00   0.0   5.0  10:02a    SE
 8  59.3  73.8  12:15p  49.6   6:50a   5.7   0.0  0.00   0.0   2.0  12:12a   SSW
 9  60.2  75.9  12:34p  50.2   6:26a   4.8   0.0  0.00   0.1   5.0   8:34a     N
10  62.0  75.7   1:29p  54.4   6:47a   3.0   0.0  0.00   0.2  10.0   7:27a   NNE
11  62.1  72.0   1:14p  53.2   6:41a   2.9   0.0  0.00   0.2   7.0   7:56p   SSE
12  59.6  68.6  12:02p  52.4  11:44p   5.4   0.0  0.00   0.0   6.0   4:53a   SSE
13  58.2  71.9  12:58p  51.2   3:58a   6.8   0.0  0.00   0.1   6.0   7:14a    NE
14  57.0  70.6  12:40p  49.1   6:19a   8.0   0.0  0.00   0.1   4.0  12:38a   ESE
15  53.3  59.2   7:52a  48.6   3:48a  11.7   0.0  0.15   0.2  10.0   9:56p    SE
16  46.1  56.8  12:45p  37.5  11:54p  18.9   0.0  0.00   0.1   6.0   1:17p     S
17  44.8  56.8  12:15p  36.6   1:02a  20.2   0.0  0.00   0.1   5.0  10:57a    NE
18  51.0  59.2  12:37p  39.0  12:26a  14.0   0.0  0.00   0.4   9.0  11:49p   SSE
19  47.7  55.4  12:00a  43.5  11:44a  17.3   0.0  2.24   1.1  12.0   4:44a   SSE
20  49.1  50.0  11:50a  48.1  11:57p  15.9   0.0  0.46   0.3   9.0  12:04a   SSE
21  47.3  55.3  11:39a  40.1  11:45p  17.7   0.0  0.10   0.0   4.0  11:35a     S
22  45.7  53.2  11:39a  38.7   6:39a  19.3   0.0  0.44   0.3   8.0   7:23p   SSE
23  44.8  52.1   1:36p  37.9  11:52p  20.2   0.0  0.02   0.3  11.0  12:20a   SSE
24  43.4  54.5  11:41a  36.5   3:08a  21.6   0.0  0.00   0.1   5.0   7:34a   ENE
25  44.7  50.9   1:19p  39.8   3:31a  20.3   0.0  0.01   0.0   4.0  11:59a    SE
26  43.4  47.9   6:45a  40.8  12:36a  21.6   0.0  1.37   1.0  13.0   8:17a   SSE
27  43.4  50.4  12:03p  35.5   7:34a  21.6   0.0  0.13   0.1   7.0  12:17a     S
28  42.5  48.7   1:03p  37.6  10:43p  22.5   0.0  0.19   0.2   6.0  12:09a    SE
29  42.2  56.9  12:20p  34.6   5:59a  22.8   0.0  0.01   0.3   9.0   9:29a   NNE
30  42.9  50.3   3:23p  35.9  12:15a  22.1   0.0  0.00   0.0   5.0   3:09p     N
----------------------------------------------------------------------------------
    51.0  75.9     9    34.6    29   418.8   0.0  5.45   0.2  13.0    26      SE

Max >=  90.0:  0
Max <=  80.0: 30
Min <=  45.0: 17
Min <=  32.0:  0
Max Rain: 2.24 on day 19
Days of Rain: 14 (>= 0.01 in)  9 (>= 0.10 in)  2 (>= 1.00 in)
Heat Base: 65.0  Cool Base: 65.0  Method: Integration