NOAA-Style Climate Reports


Report for 2016 December
                   Monthly Climatological Summary for Dec 2016

Name: Paradise Weather Station   City: Paradise   State: CA
Elevation: 1824 ft  Lat: N 39° 45' 32"   Lon: W 121° 36' 43"

                  Temperature (°F), Rain (in), Wind Speed (mph)

                                      Heat  Cool        Avg
    Mean                              Deg   Deg         Wind                 Dom
Day Temp  High   Time   Low    Time   Days  Days  Rain  Speed High   Time    Dir
----------------------------------------------------------------------------------
 1  45.9  55.7  12:19p  37.7   5:00a  19.1   0.0  0.00   0.9  17.0   8:41a   NNE
 2  44.5  55.8  12:30p  35.7   7:12a  20.5   0.0  0.00   0.4  10.0   9:11a     N
 3  47.8  59.0   1:38p  40.5  11:56p  17.2   0.0  0.00   0.2   7.0   3:43a   NNE
 4  43.0  54.1  11:34a  36.8   7:33a  22.0   0.0  0.00   0.0   3.0  11:27a   NNW
 5  40.8  52.4  12:13p  33.0  11:58p  24.2   0.0  0.00   0.0   3.0  12:22p    NW
 6  36.4  47.5  12:02p  30.2   5:33a  28.6   0.0  0.00   0.1   5.0  11:11a     S
 7  38.4  47.0  10:30a  30.4  12:55a  26.6   0.0  0.41   0.5  12.0   8:25a   NNE
 8  42.9  48.2  11:43p  36.9  12:00a  22.1   0.0  1.35   0.3   9.0  11:33p   SSE
 9  50.3  52.3  11:12p  48.2  12:00a  14.7   0.0  1.50   0.9   8.0   2:58a   SSE
10  51.3  54.2   1:03p  45.6  11:15p  13.7   0.0  2.11   1.3  12.0   3:10a     S
11  46.4  52.2  11:43a  41.7  11:55p  18.6   0.0  0.00   0.0   4.0  11:40a   SSE
12  42.8  53.0  12:06p  35.3   7:56a  22.2   0.0  0.00   0.0   6.0  10:04a   SSW
13  45.1  49.9  10:16a  38.2  12:00a  19.9   0.0  0.32   0.0   5.0  11:24a   SSE
14  50.1  51.3  12:01p  46.7  12:00a  14.9   0.0  1.07   1.4  11.0  11:26a   SSE
15  51.1  52.0   4:18p  50.3   6:49a  13.9   0.0  6.08   2.4  16.0   8:25a     S
16  41.5  50.4  12:00a  33.4   9:27p  23.5   0.0  0.01   0.3   8.0  10:49p   SSE
17  35.1  45.2  12:06p  28.8   6:43a  29.9   0.0  0.00   0.2  11.0   1:32a    NE
18  38.4  51.2  12:54p  29.9   1:09a  26.6   0.0  0.00   1.0  21.0   7:38a   NNE
19  39.7  51.0   1:23p  31.9   5:37a  25.3   0.0  0.00   0.1   5.0   7:38a    NE
20  46.3  58.0   1:42p  35.1   2:42a  18.7   0.0  0.00   0.0   9.0   7:24p   NNE
21  55.1  62.5  11:48a  50.0   2:08a   9.9   0.0  0.00   1.8  17.0   6:47a   NNE
22  47.4  57.9  11:26a  39.9   7:35a  17.6   0.0  0.00   0.2   9.0  10:25a   NNE
23  42.7  47.5  12:06a  39.0  11:53p  22.3   0.0  1.34   1.6  19.0   2:22p   SSE
24  37.8  45.0   1:22p  30.8  11:16p  27.2   0.0  0.12   0.1   6.0   8:08p    NE
25  34.2  42.6   1:25p  29.1   4:53a  30.8   0.0  0.00   0.1   7.0   8:10a   ENE
26  37.4  49.2  12:13p  29.5   5:23a  27.6   0.0  0.00   0.4   8.0   6:34a   NNE
27  41.7  53.0  12:26p  35.3   6:18a  23.3   0.0  0.00   0.2   6.0   4:32a    NE
28  44.6  60.3  12:25p  35.0   5:50a  20.4   0.0  0.00   0.2   5.0   8:39p   NNE
29  47.5  63.2   1:35p  36.2   2:18a  17.5   0.0  0.00   0.2   5.0   7:01a   NNE
30  48.3  61.1  11:58a  40.5   7:40a  16.7   0.0  0.00   0.6   9.0   8:52p   ESE
31  45.5  57.1  11:41a  36.0  11:37p  19.5   0.0  0.00   0.1   9.0   8:52a    NE
----------------------------------------------------------------------------------
    43.9  63.2    29    28.8    17   655.0   0.0 14.31   0.5  21.0    18     ESE

Max >=  90.0:  0
Max <=  80.0: 31
Min <=  45.0: 26
Min <=  32.0:  8
Max Rain: 6.08 on day 15
Days of Rain: 10 (>= 0.01 in)  9 (>= 0.10 in)  6 (>= 1.00 in)
Heat Base: 65.0  Cool Base: 65.0  Method: Integration