ParadiseWeatherStation.org
Reports – Climate

NOAA-Style Climate Reports

Report for 2017
                   Annual Climatological Summary for 2017

Name: Paradise Weather Station   City: Paradise   State: CA
Elevation: 1824 ft  Lat: N 39° 45' 32"   Lon: W 121° 36' 43"

                  Temperature (°F), Heat Base: 65.0  Cool Base: 65.0
                          Dep.  Heat  Cool                       Max  Max  Min  Min
        Mean  Mean        From  Deg   Deg                        >=   <=   <=   <=
 YR MO  Max   Min   Mean  Norm  Days  Days  Hi  Date  Low  Date 90.0 80.0 45.0  32.0
------------------------------------------------------------------------------------
 17  1  50.4  37.4  42.9  -3.1   684     0  64.9  30  31.4   15    0   31   28    1
 17  2  55.4  41.9  47.5  -1.0   491     0  67.8  12  29.6   23    0   28   17    3
 17  3  64.1  43.7  52.6   1.4   385     0  77.5  13  34.3    1    0   31   17    0
 17  4  65.6  45.7  54.4  -1.5   318     0  82.5  30  34.0   14    0   27    8    0
 17  5  81.8  53.9  66.5   3.2    78   124  97.7  22  40.4   13    8   13    2    0
 17  6  90.0  61.4  74.2   2.8    39   314 108.9  22  47.3   10   16    5    0    0
 17  7  97.9  66.4  80.2   2.1     0   471 106.5   7  61.6   19   31    0    0    0
 17  8  95.9  66.6  79.0   2.1     0   434 106.7  28  58.7   15   26    0    0    0
 17  9  87.3  61.1  71.9  -0.6    26   231 107.4   2  46.8   21   13    7    0    0
 17 10  80.3  51.9  62.9  -0.4   137    83  93.0  24  41.5   20    2   13    3    0
 17 11  59.2  45.2  51.2  -0.9   417     1  72.2  22  37.4    5    0   30   15    0
 17 12  61.6  39.9  48.8   2.8   502     2  73.3  14  30.2   21    0   31   27    1
------------------------------------------------------------------------------------
        74.1  51.3  61.0   0.6  3080  1665 108.9 Jun  29.6  Feb   96  216  117    5

                                Precipitation (in)

              Dep.   Max        Days of Rain
              From   Obs.           >=
 YR MO Total  Norm   Day Date 0.01 0.10 1.00
---------------------------------------------
 17  1 16.59  6.13  2.74   3    17   14    7
 17  2 15.37  6.30  2.05   9    19   14    8
 17  3  7.34 -0.61  2.09  24    14    8    4
 17  4  7.21  3.12  2.05   6    13   11    1
 17  5  0.34 -1.53  0.28  31     3    1    0
 17  6  0.70  0.00  0.48   8     3    2    0
 17  7  0.00 -0.08  0.00   0     0    0    0
 17  8  0.00 -0.23  0.00   0     0    0    0
 17  9  0.04 -0.75  0.04   5     1    0    0
 17 10  1.10 -2.03  0.66  19     2    2    0
 17 11  9.65  2.77  1.66   8    15   11    4
 17 12  0.34 -9.24  0.32  20     2    1    0
---------------------------------------------
       58.68  3.85  2.74  Jan   89   64   24

                                Wind Speed (mph)
                          Dom
 YR MO   Avg.  Hi   Date  Dir
------------------------------
 17  1   1.1  21.0   10   SSE
 17  2   1.3  21.0    7     S
 17  3   0.5  18.0    4   SSE
 17  4   0.4  18.0    6     S
 17  5   0.3  15.0    7   SSE
 17  6   0.2  15.0   11   SSE
 17  7   0.3  12.0   17   SSE
 17  8   0.1   8.0   15   SSE
 17  9   0.3  13.0   22   ENE
 17 10   0.4  24.0    3   NNE
 17 11   0.3  15.0    9   SSE
 17 12   0.4  24.0    6   NNE
------------------------------
         0.5  24.0  Oct   SSE