NOAA-Style Climate Reports


Report for 2017 January
                   Monthly Climatological Summary for Jan 2017

Name: Paradise Weather Station   City: Paradise   State: CA
Elevation: 1824 ft  Lat: N 39° 45' 32"   Lon: W 121° 36' 43"

                  Temperature (°F), Rain (in), Wind Speed (mph)

                                      Heat  Cool        Avg
    Mean                              Deg   Deg         Wind                 Dom
Day Temp  High   Time   Low    Time   Days  Days  Rain  Speed High   Time    Dir
----------------------------------------------------------------------------------
 1  38.3  40.1   5:10a  34.9   1:20a  26.7   0.0  0.46   0.4   6.0   2:19p     S
 2  37.1  40.5   3:26p  33.8   1:21a  27.9   0.0  0.02   1.5  10.0  12:15p     S
 3  40.6  45.2  10:11p  38.5  12:16a  24.4   0.0  2.74   1.8  17.0   9:06p   SSE
 4  44.6  46.8   7:18a  41.7   8:20p  20.4   0.0  0.05   1.3  18.0   2:05a     S
 5  37.9  42.0  12:00a  32.8   7:36a  27.1   0.0  0.00   0.4  13.0  11:04p   NNE
 6  39.0  46.6   1:42p  33.1   1:04a  26.0   0.0  0.00   0.7  12.0  12:42a   NNE
 7  44.5  55.4   3:52p  38.1   5:49a  20.5   0.0  2.21   1.2  12.0   9:58a   SSE
 8  52.8  53.7   6:47a  50.6   1:15a  12.2   0.0  1.67   3.3  17.0   8:21a   SSE
 9  45.7  45.8  12:12a  45.7  12:00a  19.3   0.0  2.69   2.9  11.0  12:17a   SSW
10  46.9  48.8   9:25p  45.4   2:26a  18.1   0.0  1.95   3.4  21.0   3:54p     S
11  44.8  49.2  12:33p  42.2   7:38p  20.2   0.0  0.08   1.3  10.0  12:53a     S
12  41.0  44.7   2:13p  34.9  11:55p  24.0   0.0  0.10   0.0   4.0   3:08a     E
13  44.3  55.9   1:34p  33.7   2:16a  20.7   0.0  0.00   1.4  18.0   3:30p   NNE
14  43.8  54.0  12:36p  35.2  11:54p  21.2   0.0  0.00   0.5  13.0   1:03a   NNE
15  39.9  51.4  12:14p  31.4   6:38a  25.1   0.0  0.00   0.2   9.0  11:23p   NNE
16  46.0  61.0  11:54a  34.8  11:45p  19.0   0.0  0.00   0.9  18.0   8:01a   NNE
17  42.0  62.2   5:07p  32.4   4:16a  23.0   0.0  0.00   0.1   6.0   9:59p    SE
18  43.0  45.6   8:43a  40.5   3:13p  22.0   0.0  1.89   2.5  21.0   1:43p   SSE
19  43.6  47.4   2:52p  42.0   3:53a  21.4   0.0  0.32   1.6  12.0   1:11a     S
20  40.5  42.6   4:16p  36.3   6:05a  24.5   0.0  1.23   2.7  17.0   4:02a   SSE
21  41.6  45.0   2:23p  39.5  11:58p  23.4   0.0  0.40   2.6  14.0   7:40p   SSE
22  41.2  45.8   1:58p  36.3   7:52p  23.8   0.0  0.53   2.2  19.0   4:39a   SSE
23  39.7  43.6  11:42a  37.7   7:03p  25.3   0.0  0.10   0.5   7.0  11:12a   SSE
24  39.4  49.8   1:09p  33.7   8:09a  25.6   0.0  0.15   0.1   7.0   2:14p   NNE
25  38.4  46.1  12:56p  33.0   6:45a  26.6   0.0  0.00   0.1   6.0   9:11a    NE
26  42.2  53.5   1:14p  34.6   7:50a  22.8   0.0  0.00   0.3  11.0   8:23p     N
27  44.7  59.3   1:33p  35.7  11:39p  20.3   0.0  0.00   0.5  12.0   5:45a   NNE
28  45.0  54.8  11:26a  33.6   7:07a  20.0   0.0  0.00   0.1   4.0   9:52p     N
29  47.3  60.0  12:09p  37.8   6:44a  17.7   0.0  0.00   0.2   8.0   2:04a   NNE
30  47.2  64.9  12:12p  38.5   3:58a  17.8   0.0  0.00   0.2   5.0   5:40a   NNE
31  47.8  60.2  12:00p  39.9   5:07a  17.2   0.0  0.00   0.2   5.0   2:29a   NNE
----------------------------------------------------------------------------------
    42.9  64.9    30    31.4    15   684.2   0.0 16.59   1.1  21.0    10     SSE

Max >=  90.0:  0
Max <=  80.0: 31
Min <=  45.0: 28
Min <=  32.0:  1
Max Rain: 2.74 on day 3
Days of Rain: 17 (>= 0.01 in)  14 (>= 0.10 in)  7 (>= 1.00 in)
Heat Base: 65.0  Cool Base: 65.0  Method: Integration