NOAA-Style Climate Reports


Report for 2017 February
                   Monthly Climatological Summary for Feb 2017

Name: Paradise Weather Station   City: Paradise   State: CA
Elevation: 1824 ft  Lat: N 39° 45' 32"   Lon: W 121° 36' 43"

                  Temperature (°F), Rain (in), Wind Speed (mph)

                                      Heat  Cool        Avg
    Mean                              Deg   Deg         Wind                 Dom
Day Temp  High   Time   Low    Time   Days  Days  Rain  Speed High   Time    Dir
----------------------------------------------------------------------------------
 1  46.7  64.9   1:29p  39.6   6:15a  18.3   0.0  0.00   0.1   6.0   7:41a   ESE
 2  48.1  51.3   9:56p  43.8   7:15a  16.9   0.0  0.99   1.0  10.0   4:54a   SSE
 3  50.2  52.1   3:06a  48.9  11:31p  14.8   0.0  0.87   3.4  17.0   2:44p     S
 4  49.0  51.3   2:10p  48.3   3:22a  16.0   0.0  0.03   1.8  11.0   8:43a   SSE
 5  49.3  53.3  10:36a  47.5  11:46p  15.7   0.0  0.84   1.5  16.0   9:20p     S
 6  48.9  64.9  12:09p  46.8  11:50p  16.1   0.0  1.36   3.5  15.0   2:04p     S
 7  52.1  55.1   1:43p  46.1   1:18a  12.9   0.0  1.18   2.6  21.0   2:28a     S
 8  55.3  56.7   6:04p  53.5  12:00a   9.7   0.0  1.32   1.8  16.0   4:41p     S
 9  53.7  56.0   2:16a  50.8  11:59p  11.3   0.0  2.05   2.6  15.0   8:27a     S
10  50.3  56.6   1:44p  44.8  11:35p  14.7   0.0  0.13   0.4   8.0   2:33a   SSE
11  50.8  61.8   1:38p  40.6   7:49a  14.2   0.0  0.38   0.5  11.0   3:28p     N
12  52.7  67.8   1:45p  43.3  12:50a  12.3   0.0  0.00   1.0  17.0   3:59a   NNE
13  48.1  58.4  12:22p  39.7   5:44a  16.9   0.0  0.00   0.0   5.0  12:13a     N
14  50.6  66.9   1:24p  39.0   6:56a  14.4   0.0  0.00   0.1   6.0  11:51a   NNE
15  53.0  60.6   3:34p  45.4  12:12a  12.0   0.0  0.01   0.4  11.0  11:49p    SE
16  51.8  57.6   1:48p  47.0   5:13a  13.2   0.0  0.84   2.4  15.0   3:23a     S
17  47.4  50.3  12:00a  45.4   2:11p  17.6   0.0  1.60   0.6  13.0  12:03p   ESE
18  47.9  51.5   3:35p  44.5  11:46p  17.1   0.0  1.19   1.1  12.0  12:12a   SSE
19  43.5  46.1  10:34p  41.0   8:00a  21.5   0.0  1.06   2.2  16.0   2:50p   SSE
20  48.7  50.3   9:30p  46.0   2:00a  16.3   0.0  1.34   4.1  20.0  10:17p     S
21  47.9  53.2   1:37p  44.0  10:45p  17.1   0.0  0.08   1.6  17.0  12:03a     S
22  41.2  51.1   1:55p  34.6  11:57p  23.8   0.0  0.09   0.3   7.0   3:12a   SSE
23  36.6  48.7  12:56p  29.6   6:49a  28.4   0.0  0.01   0.2   6.0  11:41a    SE
24  39.2  50.0  12:58p  31.4   1:56a  25.8   0.0  0.00   0.4   8.0   3:01p   SSE
25  42.1  53.4   1:29p  34.9   7:30a  22.9   0.0  0.00   0.3   7.0   1:06p   SSE
26  41.7  52.3  12:53p  33.3   7:08a  23.3   0.0  0.00   0.8   8.0   9:35a   SSE
27  40.7  53.1  12:40p  32.1   7:00a  24.3   0.0  0.00   0.2   8.0  10:49a   SSE
28  41.4  55.7   1:07p  30.7   6:38a  23.6   0.0  0.00   0.2   6.0  11:06a    SW
----------------------------------------------------------------------------------
    47.5  67.8    12    29.6    23   491.1   0.0 15.37   1.3  21.0     7     SSE

Max >=  90.0:  0
Max <=  80.0: 28
Min <=  45.0: 17
Min <=  32.0:  3
Max Rain: 2.05 on day 9
Days of Rain: 19 (>= 0.01 in)  14 (>= 0.10 in)  8 (>= 1.00 in)
Heat Base: 65.0  Cool Base: 65.0  Method: Integration