ParadiseWeatherStation.org
Reports – Climate

NOAA-Style Climate Reports

Report for 2017 March
                   Monthly Climatological Summary for Mar 2017

Name: Paradise Weather Station   City: Paradise   State: CA
Elevation: 1824 ft  Lat: N 39° 45' 32"   Lon: W 121° 36' 43"

                  Temperature (°F), Rain (in), Wind Speed (mph)

                                      Heat  Cool        Avg
    Mean                              Deg   Deg         Wind                 Dom
Day Temp  High   Time   Low    Time   Days  Days  Rain  Speed High   Time    Dir
----------------------------------------------------------------------------------
 1  46.2  63.1   1:13p  34.3   6:26a  18.8   0.0  0.00   0.2   7.0   9:45a     S
 2  47.9  64.8   1:02p  34.6   6:49a  17.1   0.0  0.00   0.1   5.0  11:36a   SSE
 3  50.3  61.7  10:39a  40.4   6:55a  14.7   0.0  0.00   0.1   6.0   3:59p     E
 4  47.3  50.6  12:30p  41.9  11:59p  17.7   0.0  1.00   1.7  18.0  12:25p     S
 5  40.1  46.1   1:21p  35.0  11:41p  24.9   0.0  0.01   0.9   9.0   2:13p     S
 6  40.1  45.5   3:08p  35.2  12:00a  24.9   0.0  0.02   1.3   9.0   2:45a     S
 7  44.7  53.6   2:48p  38.1   6:21a  20.3   0.0  0.01   0.3   8.0  12:52p   SSE
 8  52.9  68.3   1:37p  41.0   6:44a  12.1   0.0  0.00   0.1   7.0   2:21p    NW
 9  57.4  73.1   1:27p  46.7   2:54a   7.6   0.0  0.00   0.3   8.0  12:47p   NNE
10  57.5  71.2   2:02p  48.5  11:54p   7.5   0.0  0.00   0.1   7.0  12:39p     N
11  58.3  73.0   2:04p  47.8   1:45a   6.7   0.0  0.00   0.2   7.0   3:16a   ESE
12  59.3  75.6   2:20p  48.1   3:27a   5.7   0.0  0.00   0.3   8.0   6:05a    NE
13  59.1  77.5   2:03p  45.9   7:59a   5.9   0.0  0.00   0.2   6.0  11:43a   SSE
14  61.3  76.9   2:50p  49.7   4:45a   3.7   0.0  0.00   0.4   9.0   9:16a     E
15  59.6  70.3  12:37p  51.2   4:45a   5.4   0.0  0.00   0.6   9.0   3:27p   SSE
16  57.8  66.1  12:53p  49.5  11:40p   7.2   0.0  0.00   0.1   5.0  12:58p     S
17  58.8  75.1   2:26p  46.7   6:11a   6.2   0.0  0.00   0.2   5.0   3:12p    SE
18  57.0  64.5   3:12p  50.9  11:49p   8.0   0.0  0.15   0.1   6.0   2:05p   SSE
19  57.0  69.6   2:45p  49.8   4:54a   8.0   0.0  0.00   0.1   7.0   8:30a    NE
20  54.6  61.3  12:33p  50.0  11:34p  10.4   0.0  0.56   0.6  10.0   5:13p   SSE
21  53.3  61.1   3:05p  50.0  12:00a  11.7   0.0  1.84   1.9  16.0   9:59a     S
22  45.8  51.0   3:28p  39.9  11:57p  19.2   0.0  1.09   0.5  11.0   4:10a    SE
23  47.4  59.6   3:03p  36.5   7:10a  17.6   0.0  0.01   0.4   7.0   2:45p     S
24  45.7  49.5  12:00a  43.7   5:29a  19.3   0.0  2.09   1.1  13.0   8:39a   SSE
25  50.1  61.5   2:07p  44.2  11:55p  14.9   0.0  0.00   0.1   6.0   1:03p     S
26  46.9  54.2   3:27p  42.4   3:10a  18.1   0.0  0.23   0.5  10.0   6:01p    SE
27  50.3  63.1   2:31p  38.9   7:10a  14.7   0.0  0.28   0.4  14.0   4:46p   NNW
28  56.0  73.5   3:09p  41.8   4:45a   9.0   0.0  0.00   0.3  11.0   2:54p   NNW
29  57.8  67.6  12:41p  47.9   7:11a   7.2   0.0  0.01   0.1   5.0  12:53a   ENE
30  53.9  65.6   2:48p  44.0   7:19a  11.1   0.0  0.04   1.1  18.0  12:52p   NNW
31  55.2  72.2   2:47p  39.6   6:05a   9.8   0.0  0.00   0.6  12.0   2:04p     N
----------------------------------------------------------------------------------
    52.6  77.5    13    34.3     1   385.4   0.0  7.34   0.5  18.0     4     SSE

Max >=  90.0:  0
Max <=  80.0: 31
Min <=  45.0: 17
Min <=  32.0:  0
Max Rain: 2.09 on day 24
Days of Rain: 14 (>= 0.01 in)  8 (>= 0.10 in)  4 (>= 1.00 in)
Heat Base: 65.0  Cool Base: 65.0  Method: Integration