NOAA-Style Climate Reports


Report for 2017 April
                   Monthly Climatological Summary for Apr 2017

Name: Paradise Weather Station   City: Paradise   State: CA
Elevation: 1824 ft  Lat: N 39° 45' 32"   Lon: W 121° 36' 43"

                  Temperature (°F), Rain (in), Wind Speed (mph)

                                      Heat  Cool        Avg
    Mean                              Deg   Deg         Wind                 Dom
Day Temp  High   Time   Low    Time   Days  Days  Rain  Speed High   Time    Dir
----------------------------------------------------------------------------------
 1  62.8  81.1   2:43p  47.4   4:18a   2.2   0.0  0.00   0.3  11.0  12:46p     N
 2  62.5  81.2   2:37p  48.8   7:09a   2.5   0.0  0.00   0.3  10.0   1:59p   NNW
 3  58.1  73.8   2:47p  44.3   4:58a   6.9   0.0  0.00   0.4  11.0   8:37a     N
 4  59.6  73.4   1:57p  49.8  12:00a   5.4   0.0  0.00   0.2   5.0   3:54a    SE
 5  60.7  71.6  11:47a  51.3   6:47a   4.3   0.0  0.00   0.4   9.0  10:53a   SSE
 6  50.8  58.7  12:00a  46.1  11:40p  14.2   0.0  2.05   1.2  18.0  10:20p   SSE
 7  47.7  52.9   4:28p  45.6   8:05a  17.3   0.0  0.75   1.9  16.0  12:39a     S
 8  43.0  48.7   2:17p  36.0  12:14p  22.0   0.0  0.57   0.1   6.0   3:00p   SSE
 9  45.7  59.6   2:23p  34.1   6:39a  19.3   0.0  0.00   0.2   6.0   3:58p     S
10  52.2  64.1   3:17p  45.9  12:08a  12.8   0.0  0.00   0.3   8.0   2:02a   SSE
11  50.0  52.9   3:10p  46.2   6:50a  15.0   0.0  0.38   0.2  10.0   3:20p   SSE
12  51.0  54.5   9:51a  48.0  10:05p  14.0   0.0  0.57   0.8  11.0  11:35a   SSE
13  46.6  55.5   2:11p  40.1  11:59p  18.4   0.0  0.38   0.6  10.0   4:13p   SSE
14  46.2  61.2   2:29p  34.0   6:37a  18.8   0.0  0.00   0.3   8.0   2:12p     W
15  51.8  65.2   1:47p  39.7   5:37a  13.2   0.0  0.00   0.2   7.0   8:20a    SE
16  49.6  60.3   9:32a  44.6   4:06p  15.4   0.0  0.92   0.5  12.0  10:32p     S
17  50.9  53.7   5:13p  48.8  11:57p  14.1   0.0  0.43   0.2   8.0   9:17a   SSE
18  54.0  65.6   3:05p  48.1  12:26a  11.0   0.0  0.03   0.2   9.0  12:44a     S
19  54.0  63.1   1:38p  47.7   4:06a  11.0   0.0  0.43   0.6  10.0  12:16p     S
20  53.7  66.9   2:56p  48.0   3:22a  11.3   0.0  0.02   0.2   7.0   2:54p     S
21  60.4  77.8   3:01p  46.8  12:54a   4.6   0.0  0.00   0.3   8.0   8:35a   NNE
22  59.7  69.7   1:23p  51.3   2:00a   5.3   0.0  0.00   0.3   6.0   2:13p     S
23  57.3  68.3   3:08p  47.5   6:24a   7.7   0.0  0.00   0.2   7.0  10:59a     S
24  52.3  58.1   3:30p  47.3   6:53a  12.7   0.0  0.24   0.4   8.0   1:42p     S
25  55.1  65.5   1:45p  46.5   2:50a   9.9   0.0  0.00   0.1   7.0  12:46p     S
26  54.8  58.6   6:11p  52.1   5:10a  10.2   0.0  0.44   0.2   7.0  11:45a   SSE
27  57.8  71.7   3:00p  47.8   6:43a   7.2   0.0  0.00   0.3  10.0   4:01p   NNW
28  56.4  73.0   3:02p  40.9   6:11a   8.6   0.0  0.00   0.4  10.0   1:21p     N
29  61.9  79.2   2:07p  45.3   6:12a   3.1   0.0  0.00   0.5  12.0   7:55a   NNW
30  65.3  82.5   2:53p  50.7   6:17a   0.0   0.3  0.00   0.3   6.0  12:20p     S
----------------------------------------------------------------------------------
    54.4  82.5    30    34.0    14   318.4   0.3  7.21   0.4  18.0     6       S

Max >=  90.0:  0
Max <=  80.0: 27
Min <=  45.0:  8
Min <=  32.0:  0
Max Rain: 2.05 on day 6
Days of Rain: 13 (>= 0.01 in)  11 (>= 0.10 in)  1 (>= 1.00 in)
Heat Base: 65.0  Cool Base: 65.0  Method: Integration