NOAA-Style Climate Reports


Report for 2017 May
                   Monthly Climatological Summary for May 2017

Name: Paradise Weather Station   City: Paradise   State: CA
Elevation: 1824 ft  Lat: N 39° 45' 32"   Lon: W 121° 36' 43"

                  Temperature (°F), Rain (in), Wind Speed (mph)

                                      Heat  Cool        Avg
    Mean                              Deg   Deg         Wind                 Dom
Day Temp  High   Time   Low    Time   Days  Days  Rain  Speed High   Time    Dir
----------------------------------------------------------------------------------
 1  70.4  87.8   2:59p  55.0   5:13a   0.0   5.4  0.00   0.4  10.0   6:27p     N
 2  73.0  89.2   2:38p  57.7   5:27a   0.0   8.0  0.00   0.4  10.0   1:00p     N
 3  78.2  92.2   2:48p  66.9  11:51p   0.0  13.2  0.00   0.9  13.0   6:00a    NE
 4  75.3  90.6   2:43p  62.7   5:19a   0.0  10.3  0.00   0.4   6.0  10:37a   SSE
 5  67.6  80.2   2:41p  56.8   6:12a   0.0   2.6  0.00   0.4   9.0   2:30p   SSE
 6  55.4  67.7   2:36p  49.3   8:12a   9.6   0.0  0.01   0.2   9.0   5:50p   SSE
 7  63.4  81.0   2:57p  47.3   3:19a   1.6   0.0  0.00   0.5  15.0   8:45a   NNE
 8  65.8  84.0   3:03p  50.3   6:20a   0.0   0.8  0.00   0.2   8.0   1:26p   WSW
 9  70.0  91.0   2:42p  52.3   6:10a   0.0   5.0  0.00   0.2   9.0   2:36p     N
10  66.2  78.6   2:54p  56.9   6:54a   0.0   1.2  0.00   0.4   8.0  12:32p     S
11  60.9  73.7   2:43p  52.0   6:11a   4.1   0.0  0.00   0.7   9.0   3:36p     S
12  55.5  69.6   2:56p  45.4   6:29a   9.5   0.0  0.00   0.4  12.0   5:03p     S
13  53.8  70.1   2:45p  40.4   6:04a  11.2   0.0  0.00   0.3   7.0  11:16a     S
14  54.5  72.3   2:08p  41.1   6:05a  10.5   0.0  0.00   0.2   7.0   1:43p   SSE
15  60.8  78.5   3:05p  45.2   5:20a   4.2   0.0  0.00   0.4  11.0   3:13p   NNW
16  52.7  56.8   3:26p  49.4   6:59a  12.3   0.0  0.05   0.2   9.0   3:11p   SSE
17  58.6  74.0   2:32p  46.2   3:37a   6.4   0.0  0.00   0.3   9.0  12:59p   SSW
18  65.3  84.0   3:05p  48.1   3:54a   0.0   0.3  0.00   0.3   9.0   2:21p   NNW
19  70.6  87.8   2:03p  55.8   6:32a   0.0   5.6  0.00   0.3   8.0   2:05p   SSE
20  72.1  91.3   2:35p  57.3   6:10a   0.0   7.1  0.00   0.1   7.0   1:53p   SSE
21  76.2  93.0   2:46p  61.8   6:28a   0.0  11.2  0.00   0.3   7.0   5:01a    NE
22  78.2  97.7   2:57p  62.7   5:49a   0.0  13.2  0.00   0.3  10.0   9:35a     E
23  78.0  95.8   3:02p  64.5   5:13a   0.0  13.0  0.00   0.2   5.0   5:27a    SE
24  76.1  90.1   3:05p  64.6   6:24a   0.0  11.1  0.00   0.4   6.0   4:59p     S
25  62.7  74.9   2:59p  50.9   7:18a   2.3   0.0  0.00   0.4   8.0   1:07p     S
26  61.5  75.1   3:04p  50.8   6:03a   3.5   0.0  0.00   0.2   8.0   1:30p     S
27  64.1  78.4   3:11p  51.4   6:04a   0.9   0.0  0.00   0.1   4.0  10:48a     S
28  70.1  88.2   2:55p  55.5   5:32a   0.0   5.1  0.00   0.2   6.0  12:12p   SSE
29  72.1  89.4   2:41p  59.3   5:47a   0.0   7.1  0.00   0.1   4.0  11:49a   SSE
30  69.3  80.2   3:14p  58.2   5:46a   0.0   4.3  0.00   0.1   7.0   2:59p     S
31  62.3  72.8   2:47p  56.3   6:14a   2.7   0.0  0.28   0.1   6.0   3:05p   SSE
----------------------------------------------------------------------------------
    66.5  97.7    22    40.4    13    78.8 124.5  0.34   0.3  15.0     7     SSE

Max >=  90.0:  8
Max <=  80.0: 13
Min <=  45.0:  2
Min <=  32.0:  0
Max Rain: 0.28 on day 31
Days of Rain: 3 (>= 0.01 in)  1 (>= 0.10 in)  0 (>= 1.00 in)
Heat Base: 65.0  Cool Base: 65.0  Method: Integration