NOAA-Style Climate Reports


Report for 2017 June
                   Monthly Climatological Summary for Jun 2017

Name: Paradise Weather Station   City: Paradise   State: CA
Elevation: 1824 ft  Lat: N 39° 45' 32"   Lon: W 121° 36' 43"

                  Temperature (°F), Rain (in), Wind Speed (mph)

                                      Heat  Cool        Avg
    Mean                              Deg   Deg         Wind                 Dom
Day Temp  High   Time   Low    Time   Days  Days  Rain  Speed High   Time    Dir
----------------------------------------------------------------------------------
 1  67.8  82.7   2:41p  56.4   6:12a   0.0   2.8  0.00   0.1   6.0  12:13p     S
 2  70.9  87.4   3:21p  57.2   5:48a   0.0   5.9  0.00   0.2   5.0  11:08a     S
 3  71.6  86.9   2:50p  62.3   3:08a   0.0   6.6  0.00   0.2   6.0   7:07a   ENE
 4  70.0  85.4   2:44p  57.3   6:27a   0.0   5.0  0.00   0.2   6.0  11:46a     S
 5  71.6  90.7   2:54p  56.7   4:58a   0.0   6.6  0.00   0.2   6.0   8:07a   SSE
 6  74.2  91.0   2:12p  61.3   5:29a   0.0   9.2  0.00   0.4   7.0   5:40a   ESE
 7  70.9  83.4   2:54p  60.1   5:38a   0.0   5.9  0.00   0.4   7.0   1:20p   SSE
 8  56.9  65.1  12:00a  47.8   8:33a   8.1   0.0  0.48   0.3   9.0   9:04a   SSE
 9  61.6  71.6   2:22p  55.3  11:58p   3.4   0.0  0.02   0.5   8.0   7:21p     S
10  58.7  71.3   2:47p  47.3   5:04a   6.3   0.0  0.00   0.3   8.0   2:56p     S
11  53.3  63.4   1:50p  48.4   6:37a  11.7   0.0  0.20   0.3  15.0   3:24p   ENE
12  55.0  66.4   3:36p  47.7   5:24a  10.0   0.0  0.00   0.2   6.0   3:30p   SSE
13  65.0  81.9   3:19p  51.1   6:08a   0.0   0.0  0.00   0.2   9.0  11:43a     N
14  69.3  88.1   3:01p  53.3   5:17a   0.0   4.3  0.00   0.2   5.0  12:26p     S
15  73.5  91.1   3:03p  58.2   5:53a   0.0   8.5  0.00   0.2   7.0  12:05p     S
16  80.0  98.6   2:51p  64.1   6:19a   0.0  15.0  0.00   0.3  11.0   2:33p   NNW
17  82.0  99.4   2:34p  65.1   6:00a   0.0  17.0  0.00   0.4   9.0   2:06p   NNW
18  88.2 107.5   2:59p  70.6   5:59a   0.0  23.2  0.00   0.5  13.0  12:19p   NNE
19  87.5 104.7   1:11p  74.2   4:49a   0.0  22.5  0.00   0.2   6.0   1:49p   SSE
20  87.3 103.7   2:57p  74.5   6:24a   0.0  22.3  0.00   0.1   7.0   2:58p   SSE
21  88.6 107.9   3:09p  73.1   6:42a   0.0  23.6  0.00   0.2   9.0   6:46p     N
22  90.0 108.9   3:13p  76.5   5:26a   0.0  25.0  0.00   0.4  10.0  10:45a   NNE
23  85.9 104.0   2:19p  72.1   5:51a   0.0  20.9  0.00   0.1   5.0  12:16p   SSE
24  85.6 102.4   3:15p  71.5   6:27a   0.0  20.6  0.00   0.1   4.0  10:43a     S
25  83.1  96.6   3:32p  71.0   6:38a   0.0  18.1  0.00   0.2   6.0   1:45p   SSE
26  74.8  89.9   3:14p  63.1   6:18a   0.0   9.8  0.00   0.3   6.0  12:51p     S
27  72.9  88.7   3:22p  58.4   5:33a   0.0   7.9  0.00   0.2   5.0   2:23p     S
28  75.0  91.1   2:55p  61.2   5:57a   0.0  10.0  0.00   0.1   5.0  12:31p     S
29  77.3  94.6   3:03p  64.2   6:20a   0.0  12.3  0.00   0.1   5.0   1:38p   SSE
30  77.0  94.3   3:00p  63.0   6:14a   0.0  12.0  0.00   0.1   4.0  10:41a     S
----------------------------------------------------------------------------------
    74.2 108.9    22    47.3    10    39.5 315.0  0.70   0.2  15.0    11      SE

Max >=  90.0: 16
Max <=  80.0:  5
Min <=  45.0:  0
Min <=  32.0:  0
Max Rain: 0.48 on day 8
Days of Rain: 3 (>= 0.01 in)  2 (>= 0.10 in)  0 (>= 1.00 in)
Heat Base: 65.0  Cool Base: 65.0  Method: Integration