ParadiseWeatherStation.org
Reports – Climate

NOAA-Style Climate Reports

Report for 2017 July
                   Monthly Climatological Summary for Jul 2017

Name: Paradise Weather Station   City: Paradise   State: CA
Elevation: 1824 ft  Lat: N 39° 45' 32"   Lon: W 121° 36' 43"

                  Temperature (°F), Rain (in), Wind Speed (mph)

                                      Heat  Cool        Avg
    Mean                              Deg   Deg         Wind                 Dom
Day Temp  High   Time   Low    Time   Days  Days  Rain  Speed High   Time    Dir
----------------------------------------------------------------------------------
 1  77.6  93.2   2:16p  64.8   6:22a   0.0  12.6  0.00   0.2   5.0   7:47a   SSE
 2  79.0  95.9   3:05p  66.2   6:39a   0.0  14.0  0.00   0.2   6.0   4:26p     S
 3  78.0  94.3   2:25p  64.2   6:17a   0.0  13.0  0.00   0.2   5.0   2:35a   SSE
 4  78.2  96.6   2:17p  64.7   6:15a   0.0  13.2  0.00   0.2   5.0   2:42p   SSE
 5  78.3  95.6   2:58p  64.7   4:13a   0.0  13.3  0.00   0.3   7.5   2:43p     S
 6  81.7 102.8   2:54p  65.7   6:03a   0.0  16.7  0.00   0.2   6.3  12:18p   SSE
 7  85.6 106.5   2:34p  71.9   4:54a   0.0  20.6  0.00   0.3   8.0   5:02p   NNE
 8  85.9 105.2   3:01p  72.3   3:44a   0.0  20.9  0.00   0.3   8.0   7:56a    NE
 9  83.3 100.3   2:26p  70.6   7:10a   0.0  18.3  0.00   0.2   7.0   4:37p   SSE
10  81.6  98.7   2:25p  66.2   6:10a   0.0  16.6  0.00   0.3   7.0   4:04p   SSE
11  79.8  95.5   2:40p  65.6   6:16a   0.0  14.8  0.00   0.3   9.0   3:47p     S
12  78.6  96.2   2:34p  64.5   6:23a   0.0  13.6  0.00   0.2   6.0   4:11p   SSE
13  79.1  96.6   2:56p  64.6   6:24a   0.0  14.1  0.00   0.2   6.0  11:29a     S
14  79.4  99.2   2:55p  64.7   6:05a   0.0  14.4  0.00   0.1   5.0  11:11a   SSE
15  81.4  99.6   3:31p  65.8   5:49a   0.0  16.4  0.00   0.2   8.0   4:29p   SSE
16  84.1 103.2   2:25p  70.0   6:02a   0.0  19.1  0.00   0.2   7.0   7:05a   SSE
17  83.2  95.0   4:10p  71.3   6:33a   0.0  18.2  0.00   2.5  12.0   2:59p   ESE
18  77.6  92.4   2:37p  66.5   7:05a   0.0  12.6  0.00   0.4   8.0  12:04p     S
19  76.0  94.6   2:33p  61.6   6:32a   0.0  11.0  0.00   0.2   5.0   5:35a   SSE
20  76.7  94.8   2:54p  63.3   6:05a   0.0  11.7  0.00   0.1   6.0   4:02p   SSE
21  78.6  98.0   2:40p  63.5   6:06a   0.0  13.6  0.00   0.2   8.0   2:03p     S
22  79.2  96.6   2:14p  64.1   6:36a   0.0  14.2  0.00   0.1   6.0   4:45p   SSE
23  81.8 100.1   2:22p  69.6   6:33a   0.0  16.8  0.00   0.1   6.0   1:03p     S
24  79.5  95.3   3:23p  67.8   6:46a   0.0  14.5  0.00   0.2   5.0  12:06p     S
25  76.9  95.7   2:48p  62.7   6:47a   0.0  11.9  0.00   0.1   6.0  11:52a     S
26  78.0  95.6   3:10p  63.8   5:32a   0.0  13.0  0.00   0.1   8.0   3:14p     S
27  81.4  99.4   2:44p  66.8   6:26a   0.0  16.4  0.00   0.2   6.0  11:58a    SE
28  82.3 100.8   3:03p  69.1   5:41a   0.0  17.3  0.00   0.2   6.0  11:03a   SSE
29  81.1  98.9   2:29p  69.2   6:33a   0.0  16.1  0.00   0.2   6.0   5:13a   SSE
30  80.7  99.9   2:51p  65.7   6:22a   0.0  15.7  0.00   0.1   6.0  12:47p     S
31  81.9  99.4   2:10p  68.0   6:22a   0.0  16.9  0.00   0.1   4.0  11:52a     S
----------------------------------------------------------------------------------
    80.2 106.5     7    61.6    19     0.0 471.5  0.00   0.3  12.0    17     SSE

Max >=  90.0: 31
Max <=  80.0:  0
Min <=  45.0:  0
Min <=  32.0:  0
Max Rain: 0.00 on day 0
Days of Rain: 0 (>= 0.01 in)  0 (>= 0.10 in)  0 (>= 1.00 in)
Heat Base: 65.0  Cool Base: 65.0  Method: Integration