NOAA-Style Climate Reports


Report for 2017 August
                   Monthly Climatological Summary for Aug 2017

Name: Paradise Weather Station   City: Paradise   State: CA
Elevation: 1824 ft  Lat: N 39° 45' 32"   Lon: W 121° 36' 43"

                  Temperature (°F), Rain (in), Wind Speed (mph)

                                      Heat  Cool        Avg
    Mean                              Deg   Deg         Wind                 Dom
Day Temp  High   Time   Low    Time   Days  Days  Rain  Speed High   Time    Dir
----------------------------------------------------------------------------------
 1  84.2 102.7   3:02p  70.2   5:50a   0.0  19.2  0.00   0.1   3.0  10:30a     S
 2  86.3 102.7   2:58p  72.1   6:15a   0.0  21.3  0.00   0.1   7.0   2:06p   SSE
 3  85.1 101.9   2:59p  72.8   6:26a   0.0  20.1  0.00   0.1   4.0  12:05p   SSE
 4  83.0  98.3   2:47p  70.6   4:48a   0.0  18.0  0.00   0.1   5.0   1:53p   SSE
 5  80.3  94.0   3:19p  71.7   8:02a   0.0  15.3  0.00   0.1   4.0   2:32p     S
 6  78.0  93.9   2:37p  66.3   6:51a   0.0  13.0  0.00   0.1   5.0  10:08a     S
 7  77.6  93.8   2:55p  65.6   6:36a   0.0  12.6  0.00   0.1   6.0  11:18a     S
 8  78.0  93.3   2:50p  65.9   6:29a   0.0  13.0  0.00   0.1   5.0  10:55a   SSE
 9  77.7  94.2   3:03p  65.7   6:24a   0.0  12.7  0.00   0.1   6.0   1:05p     S
10  76.8  96.0   2:36p  63.9   6:37a   0.0  11.8  0.00   0.1   5.0   3:45p     S
11  79.1  96.3   2:45p  66.2   6:33a   0.0  14.1  0.00   0.1   5.0   1:18p   SSE
12  80.2  96.6   2:55p  69.7   6:33a   0.0  15.2  0.00   0.2   7.0   2:56p   SSE
13  77.8  92.9   1:35p  66.8   5:50a   0.0  12.8  0.00   0.3   6.0   3:44p     S
14  72.8  86.2   3:10p  63.9   5:04a   0.0   7.8  0.00   0.2   7.0  12:43p     S
15  70.6  85.7   2:44p  58.7   6:30a   0.0   5.6  0.00   0.2   8.0   3:50p     S
16  72.2  86.8   2:38p  60.7   6:34a   0.0   7.2  0.00   0.2   5.0   1:53p   SSE
17  76.2  94.2   2:38p  62.7   6:33a   0.0  11.2  0.00   0.1   6.0  10:08a     S
18  77.8  95.7   3:08p  64.3   7:12a   0.0  12.8  0.00   0.1   5.0  12:20p   SSE
19  78.7  95.2   2:51p  66.0   6:48a   0.0  13.7  0.00   0.1   5.0   1:06p   SSE
20  77.2  92.7   2:36p  65.0   6:49a   0.0  12.2  0.00   0.1   6.0   1:56p     S
21  75.0  88.0   2:56p  65.4   6:27a   0.0  10.0  0.00   0.1   4.0   2:02p     S
22  75.3  89.5   3:12p  64.4   6:20a   0.0  10.3  0.00   0.0   4.0   3:54p   SSE
23  78.6  97.2   2:42p  65.4   6:46a   0.0  13.6  0.00   0.1   5.0  12:12p     S
24  77.8  93.2   2:34p  66.5   6:36a   0.0  12.8  0.00   0.2   6.0   2:07a   SSE
25  77.1  96.3   2:50p  63.9   4:49a   0.0  12.1  0.00   0.2   6.0   3:04p   SSE
26  81.4 102.9   2:41p  67.0   2:54a   0.0  16.4  0.00   0.2   8.0   2:12p    SE
27  84.4 105.0   2:20p  71.5   3:26a   0.0  19.4  0.00   0.2   8.0   5:57a    NE
28  85.5 106.7   3:16p  70.6   6:14a   0.0  20.5  0.00   0.2   8.0  11:55p   ESE
29  85.7 103.0   2:40p  73.0  11:59p   0.0  20.7  0.00   0.4   7.0   3:54a   ESE
30  79.1  97.5   2:46p  66.2   6:36a   0.0  14.1  0.00   0.2   6.0  12:56p   SSE
31  79.6  99.5   2:37p  62.9   6:05a   0.0  14.6  0.00   0.1   6.0  11:04a   ENE
----------------------------------------------------------------------------------
    79.0 106.7    28    58.7    15     0.0 434.1  0.00   0.1   8.0    15     SSE

Max >=  90.0: 26
Max <=  80.0:  0
Min <=  45.0:  0
Min <=  32.0:  0
Max Rain: 0.00 on day 0
Days of Rain: 0 (>= 0.01 in)  0 (>= 0.10 in)  0 (>= 1.00 in)
Heat Base: 65.0  Cool Base: 65.0  Method: Integration