ParadiseWeatherStation.org
Reports – Climate

NOAA-Style Climate Reports

Report for 2017 September
                   Monthly Climatological Summary for Sep 2017

Name: Paradise Weather Station   City: Paradise   State: CA
Elevation: 1824 ft  Lat: N 39° 45' 32"   Lon: W 121° 36' 43"

                  Temperature (°F), Rain (in), Wind Speed (mph)

                                      Heat  Cool        Avg
    Mean                              Deg   Deg         Wind                 Dom
Day Temp  High   Time   Low    Time   Days  Days  Rain  Speed High   Time    Dir
----------------------------------------------------------------------------------
 1  88.5 107.0   2:37p  73.4   1:01a   0.0  23.5  0.00   0.7  10.0   2:48a   NNE
 2  86.5 107.4   1:41p  72.6   5:38a   0.0  21.5  0.00   0.1   5.0   8:46a    NE
 3  87.0 103.6   2:58p  75.8   6:31a   0.0  22.0  0.00   0.1   6.0   7:26a   ENE
 4  83.8  98.6   2:51p  71.7   7:03a   0.0  18.8  0.00   0.1   5.0  12:54p     S
 5  76.9  91.2   2:07p  67.4   5:48a   0.0  11.9  0.04   0.2   8.0   6:22p   SSE
 6  77.8  91.6   1:52p  67.0   7:02a   0.0  12.8  0.00   0.1   5.0  12:20p   SSE
 7  69.7  81.4   2:58p  63.3  11:42p   0.0   4.7  0.00   0.2   6.0  12:01p     S
 8  72.1  89.0   2:07p  58.7   6:38a   0.0   7.1  0.00   0.0   5.0   2:30p   SSE
 9  74.2  91.8   2:47p  61.2   7:01a   0.0   9.2  0.00   0.1   6.0  12:58p   SSE
10  78.5  97.7   2:52p  63.0   6:57a   0.0  13.5  0.00   0.1   8.0   3:26p     S
11  81.9  96.4   2:46p  70.1   5:27a   0.0  16.9  0.00   0.2   9.0   6:47a   ESE
12  80.8  94.9   2:55p  69.8   6:58a   0.0  15.8  0.00   0.2   6.0  12:18a   SSE
13  73.8  85.9   1:46p  65.9   7:19a   0.0   8.8  0.00   0.2   5.0  10:57a     S
14  63.5  68.5   4:32p  58.9   7:21a   1.5   0.0  0.00   0.1   7.0   2:27p   SSE
15  67.7  83.6   2:13p  55.7   7:03a   0.0   2.7  0.00   0.2   9.0   3:10p   SSW
16  67.8  82.8   2:54p  58.1   1:50a   0.0   2.8  0.00   0.1   6.0   2:53a   WSW
17  68.7  85.4   2:08p  58.5   5:51a   0.0   3.7  0.00   0.2   5.0   4:29a    SE
18  65.3  76.6   3:04p  57.0   7:42a   0.0   0.3  0.00   0.3   6.0   3:45p     S
19  61.4  76.5   2:52p  49.2   6:49a   3.6   0.0  0.00   0.4   9.0  11:48a   NNW
20  62.4  69.5  12:06p  56.0  11:57p   2.6   0.0  0.00   0.4  10.0  11:50a     S
21  56.8  70.4   2:11p  46.8   7:03a   8.2   0.0  0.00   0.4   9.0   1:28a   SSE
22  58.1  70.9  12:20p  50.9   7:47a   6.9   0.0  0.00   0.7  13.0   1:52a   NNE
23  61.5  78.0   2:29p  51.2  12:35a   3.5   0.0  0.00   0.7  12.0   6:12a     N
24  65.9  83.1   2:58p  54.8   3:01a   0.0   0.9  0.00   0.7  11.0  11:30a   NNE
25  70.2  89.2   2:57p  57.4   5:15a   0.0   5.2  0.00   0.6  12.0   7:58a   NNE
26  72.9  92.2   2:55p  62.1   2:12a   0.0   7.9  0.00   0.6  12.0  12:30p   NNE
27  74.3  93.3   2:45p  62.0   1:12a   0.0   9.3  0.00   0.6  11.0   6:08a    NE
28  71.6  92.0   2:38p  60.1   3:51a   0.0   6.6  0.00   0.2   7.0   8:12a    SE
29  69.6  84.4  12:08p  60.5  11:52p   0.0   4.6  0.00   0.2   5.0  10:26a   SSE
30  66.4  86.0   3:00p  52.9   7:51a   0.0   1.4  0.00   0.2  10.0   3:46p   SSW
----------------------------------------------------------------------------------
    71.9 107.4     2    46.8    21    26.3 231.9  0.04   0.3  13.0    22     ENE

Max >=  90.0: 13
Max <=  80.0:  7
Min <=  45.0:  0
Min <=  32.0:  0
Max Rain: 0.04 on day 5
Days of Rain: 1 (>= 0.01 in)  0 (>= 0.10 in)  0 (>= 1.00 in)
Heat Base: 65.0  Cool Base: 65.0  Method: Integration