ParadiseWeatherStation.org
Reports – Climate

NOAA-Style Climate Reports

Report for 2017 October
                   Monthly Climatological Summary for Oct 2017

Name: Paradise Weather Station   City: Paradise   State: CA
Elevation: 1824 ft  Lat: N 39° 45' 32"   Lon: W 121° 36' 43"

                  Temperature (°F), Rain (in), Wind Speed (mph)

                                      Heat  Cool        Avg
    Mean                              Deg   Deg         Wind                 Dom
Day Temp  High   Time   Low    Time   Days  Days  Rain  Speed High   Time    Dir
----------------------------------------------------------------------------------
 1  65.3  82.7   2:43p  51.9   6:11a   0.0   0.3  0.00   0.7  23.0  11:10p   NNW
 2  62.0  78.0   2:46p  49.4   7:33a   3.0   0.0  0.00   0.5  13.0  12:01a     N
 3  63.5  77.8   2:55p  54.0  12:00a   1.5   0.0  0.00   1.8  24.0   8:13a   NNE
 4  60.6  80.0   2:04p  46.9   7:02a   4.4   0.0  0.00   0.2   7.0  12:09p   ESE
 5  62.2  83.4   2:36p  47.9   5:48a   2.8   0.0  0.00   0.2   8.0   2:50p     E
 6  68.6  89.9   2:34p  53.6   3:05a   0.0   3.6  0.00   0.3  11.0   6:04a   NNE
 7  66.9  88.6   2:32p  54.2   7:17a   0.0   1.9  0.00   0.1   5.0   1:53p   SSE
 8  64.4  80.3   1:58p  53.9   6:06a   0.6   0.0  0.00   1.3  19.0  12:52p   NNE
 9  65.7  84.5   2:35p  55.2  11:58p   0.0   0.7  0.00   1.4  21.0   7:07a   NNE
10  62.8  79.4   1:57p  53.2   5:15a   2.2   0.0  0.00   0.2   7.0  12:30p    SE
11  58.4  75.4   2:16p  47.0   7:49a   6.6   0.0  0.00   0.3  11.0   2:16p   NNW
12  52.5  56.4   8:30p  48.7  11:58p   1.8   0.0  0.00   0.4  11.0   1:42a   NNE
13  57.9  77.2   2:24p  45.3   4:32a   9.4   2.3  0.00   0.2   9.0   2:55p    SE
14  64.2  81.2   2:09p  52.3   5:31a   4.4   3.6  0.00   1.3  17.0   7:12a   NNE
15  66.9  85.5   2:11p  53.3  11:59p   2.7   4.6  0.00   1.0  14.0   1:58a   NNE
16  64.5  85.6   2:23p  52.0   1:43a   5.4   4.9  0.00   0.2   8.0   9:37a   NNE
17  63.3  84.0   2:00p  52.4   5:47a   6.1   4.4  0.00   0.0   5.0   1:35p   SSE
18  62.4  82.8   2:11p  50.3   7:13a   6.7   4.1  0.00   0.1   4.0   8:48a   ENE
19  59.2  67.4   2:24p  54.0  11:57p   5.8   0.1  0.66   0.7  13.0  10:17p   SSE
20  49.3  60.2   2:28p  41.5   7:55a  15.7   0.0  0.44   0.2  17.0  12:35a     N
21  51.6  67.2   2:38p  42.1   5:42a  13.5   0.1  0.00   0.0   6.0   9:01a   ENE
22  58.0  77.0   2:24p  44.9   7:02a   9.1   2.1  0.00   0.0   5.0   2:59p   ---
23  73.5  92.1   2:23p  58.1  12:00a   1.1   9.6  0.00   0.6  16.0  10:06p   NNE
24  77.2  93.0   2:10p  65.1  11:17p   0.0  12.2  0.00   1.6  19.0   2:04a   NNE
25  70.4  88.6   2:21p  60.6  11:58p   1.0   6.4  0.00   0.1   7.0   8:52a    NE
26  67.8  88.5   1:49p  56.7   3:27a   3.3   6.1  0.00   0.0   5.0  11:11a   ENE
27  67.8  88.1   1:23p  57.9   5:09a   3.0   5.7  0.00   0.0   5.0   7:55a    NE
28  65.7  84.8   2:03p  54.7   5:39a   4.2   4.9  0.00   0.0   4.0   1:20a    NE
29  64.7  84.1   2:19p  54.5   5:22a   4.8   4.5  0.00   0.0   5.0   6:41a     S
30  58.6  72.8  12:52p  50.1  11:50p   7.3   0.9  0.00   0.0   4.0  12:08p     S
31  55.2  72.8   1:14p  45.8   6:44a  10.6   0.9  0.00   0.0   4.0  11:23a   ---
----------------------------------------------------------------------------------
    62.9  93.0    24    41.5    20   137.0  83.9  1.10   0.4  24.0     3     NNE

Max >=  90.0:  2
Max <=  80.0: 13
Min <=  45.0:  3
Min <=  32.0:  0
Max Rain: 0.66 on day 19
Days of Rain: 2 (>= 0.01 in)  2 (>= 0.10 in)  0 (>= 1.00 in)
Heat Base: 65.0  Cool Base: 65.0  Method: Integration