NOAA-Style Climate Reports


Report for 2017 November
                   Monthly Climatological Summary for Nov 2017

Name: Paradise Weather Station   City: Paradise   State: CA
Elevation: 1824 ft  Lat: N 39° 45' 32"   Lon: W 121° 36' 43"

                  Temperature (°F), Rain (in), Wind Speed (mph)

                                      Heat  Cool        Avg
    Mean                              Deg   Deg         Wind                 Dom
Day Temp  High   Time   Low    Time   Days  Days  Rain  Speed High   Time    Dir
----------------------------------------------------------------------------------
 1  53.5  68.6   1:34p  43.5   7:51a  11.8   0.3  0.00   0.0   3.0  11:35a   ---
 2  54.5  61.9   1:44p  48.1   2:07a  10.5   0.0  0.00   0.4   9.0  12:22p   SSE
 3  51.7  54.8  12:00a  50.1  11:56p  13.3   0.0  0.92   0.2   9.0  11:35a   SSE
 4  49.8  51.0   3:53p  48.1  11:43p  15.1   0.0  1.44   0.7  10.0   7:58a     S
 5  47.8  56.0  12:51p  37.4   7:29a  18.0   0.0  0.00   0.3  11.0  10:56a   SSE
 6  48.2  58.2   1:22p  40.9  11:55p  16.8   0.0  0.02   0.0   5.0  12:41p   SSE
 7  48.3  64.6  12:05p  38.8   6:28a  16.7   0.0  0.00   0.1   7.0   8:23a     E
 8  49.6  54.2   2:18p  42.9   1:22a  15.4   0.0  1.66   0.6  14.0   9:07p   SSE
 9  53.8  57.2   2:12p  50.9   6:12a  11.2   0.0  0.41   1.4  15.0  12:07a     S
10  52.2  55.0   3:30p  50.1   6:56a  12.8   0.0  0.29   0.1   9.0  12:42p   SSE
11  51.8  62.0  11:41a  44.0  11:56p  13.2   0.0  0.00   0.0   5.0  12:09p   SSE
12  49.3  54.4  12:52p  43.4   1:23a  15.7   0.0  0.00   0.1   6.0   9:29p   SSE
13  51.3  52.8   7:41p  49.6   6:18a  13.7   0.0  0.67   0.2   7.0   4:37p   SSE
14  51.1  60.8   1:14p  42.9   7:26a  13.9   0.0  0.00   0.1   6.0  12:24a   SSE
15  49.2  52.3  11:54p  47.7   7:30a  15.8   0.0  1.24   0.9  12.0   8:38p   SSE
16  50.5  52.3  12:00a  48.5  10:36p  14.5   0.0  0.62   0.8   9.0  12:15a     S
17  46.9  57.1  12:19p  39.7  11:55p  18.1   0.0  0.04   0.1   8.0   1:53p   NNW
18  48.4  63.5  12:05p  39.4  12:14a  16.6   0.0  0.00   0.5  12.0   1:13a   NNE
19  47.7  58.9  12:56p  39.4   7:21a  17.3   0.0  0.00   0.0   4.0   3:21a   ---
20  50.5  54.0  11:28p  47.5   5:54a  14.5   0.0  0.94   0.2   9.0  11:10a    SE
21  57.4  69.1  12:19p  50.6  11:59p   8.0   0.4  0.01   0.0   2.0   6:15a   ---
22  57.6  72.2  11:57a  49.4   2:18a   8.3   0.9  0.00   0.0   6.0   8:08a   NNE
23  56.3  62.4   3:29p  50.2  11:56p   8.7   0.0  0.02   0.0   3.0   5:49a   ---
24  55.1  63.2  11:38a  49.4   7:36a   9.9   0.0  0.00   0.0   3.0  10:55a   ---
25  57.7  64.7  12:09p  52.4  12:36a   7.3   0.0  0.00   0.0   5.0  11:49a    SE
26  55.8  59.9   2:12a  50.4  11:57p   9.2   0.0  1.05   1.4  14.0  11:43a   SSE
27  45.6  50.4  12:00a  40.3  11:35p  19.4   0.0  0.32   0.1   7.0  12:33a   ESE
28  45.2  56.6  12:10p  37.4   5:58a  19.8   0.0  0.00   0.0   5.0  12:03p    SE
29  49.4  64.7  11:46a  41.4  12:45a  15.6   0.0  0.00   0.2  14.0   5:20a   NNE
30  49.0  64.0  11:43a  40.3   2:33a  16.0   0.0  0.00   0.0   4.0   7:54a   ENE
----------------------------------------------------------------------------------
    51.2  72.2    22    37.4     5   417.1   1.6  9.65   0.3  15.0     9     SSE

Max >=  90.0:  0
Max <=  80.0: 30
Min <=  45.0: 15
Min <=  32.0:  0
Max Rain: 1.66 on day 8
Days of Rain: 15 (>= 0.01 in)  11 (>= 0.10 in)  4 (>= 1.00 in)
Heat Base: 65.0  Cool Base: 65.0  Method: Integration