ParadiseWeatherStation.org
Reports – Climate

NOAA-Style Climate Reports

Report for 2017 December
                   Monthly Climatological Summary for Dec 2017

Name: Paradise Weather Station   City: Paradise   State: CA
Elevation: 1824 ft  Lat: N 39° 45' 32"   Lon: W 121° 36' 43"

                  Temperature (°F), Rain (in), Wind Speed (mph)

                                      Heat  Cool        Avg
    Mean                              Deg   Deg         Wind                 Dom
Day Temp  High   Time   Low    Time   Days  Days  Rain  Speed High   Time    Dir
----------------------------------------------------------------------------------
 1  46.6  59.8  11:54a  39.3   6:42a  18.4   0.0  0.00   0.0   4.0   8:35a     S
 2  47.6  55.6   1:12p  39.5  12:16a  17.4   0.0  0.02   0.4   8.0   7:04p   SSE
 3  43.8  52.5   1:18p  35.6  11:34p  21.2   0.0  0.00   0.0   7.0   3:25p   SSE
 4  45.1  56.2  12:12p  36.2  12:00a  19.9   0.0  0.00   0.9  18.0   1:16p   NNE
 5  52.7  66.1  12:14p  36.7   1:30a  12.3   0.0  0.00   1.5  19.0   8:57p   NNE
 6  54.7  66.9   1:10p  42.2   7:48a  10.4   0.2  0.00   2.0  24.0   9:48p    NE
 7  59.3  69.9  12:15p  48.7   7:31a   6.3   0.6  0.00   1.8  22.0   2:29a   NNE
 8  52.3  64.7  12:03p  42.3   7:03a  12.7   0.0  0.00   0.2  12.0   1:26a   NNE
 9  54.0  67.9  12:02p  47.0   8:22p  11.1   0.1  0.00   0.2  12.0  10:20p   NNE
10  55.2  69.5  12:16p  46.6   8:19p  10.1   0.4  0.00   0.5  15.0   2:17a   NNE
11  53.8  68.7   1:28p  43.7  11:36p  11.5   0.3  0.00   0.4  10.0   8:28a   NNE
12  49.3  66.3  12:16p  40.4  11:59p  15.7   0.0  0.00   0.1   7.0  12:36a   NNE
13  48.9  64.3  12:09p  36.3   4:25a  16.0   0.0  0.00   0.2  18.0   9:44p   NNE
14  58.8  73.3  11:44a  46.8   8:26p   6.8   0.7  0.00   0.6  18.0   7:08a   NNE
15  51.0  63.1   1:01p  42.5   3:47a  14.0   0.0  0.00   0.0   5.0   9:58a   NNE
16  49.9  59.6  12:13p  44.1   8:19a  15.1   0.0  0.00   1.4  18.0   1:37p     N
17  52.5  64.7  12:25p  43.0  11:57p  12.4   0.0  0.00   1.4  21.0   9:35a   NNE
18  46.8  63.0  12:22p  38.7   4:30a  18.2   0.0  0.00   0.2   8.0   8:18a    NE
19  47.2  56.6  12:23p  39.1   1:32a  17.8   0.0  0.00   1.0  16.0   7:15p   SSE
20  41.1  50.3  12:18p  34.0   7:51a  23.9   0.0  0.32   0.4  10.0   1:23a     N
21  40.6  53.5   1:37p  30.2   7:17a  24.4   0.0  0.00   0.3  12.0   1:52p   NNE
22  41.1  48.4  12:50p  34.3   2:52a  23.9   0.0  0.00   0.0   5.0   4:29a   SSE
23  45.8  58.2  12:23p  39.3   7:47a  19.2   0.0  0.00   0.0   3.0  10:56a   ---
24  46.1  53.5   1:51p  40.8  11:59p  18.9   0.0  0.00   0.0   3.0   3:09p   ---
25  46.7  61.4  12:35p  38.7   3:56a  18.3   0.0  0.00   0.0   5.0   9:40a    NE
26  45.7  60.7  12:21p  36.6   7:57a  19.3   0.0  0.00   0.0   3.0   4:23a   ---
27  44.7  60.9  12:29p  36.0   7:41a  20.2   0.0  0.00   0.0   3.0   6:03a   NNE
28  46.2  61.2  12:20p  38.6   4:59a  18.8   0.0  0.00   0.0   4.0   5:52a   NNW
29  47.4  63.7  12:24p  38.4   4:19a  17.6   0.0  0.00   0.1   3.0   4:51a   WNW
30  48.2  63.1   1:36p  40.1   5:13a  16.8   0.0  0.00   0.0   3.0   7:58a   SSE
31  50.8  65.9  12:28p  41.6   1:44a  14.2   0.0  0.00   0.2  10.0   5:42p    NE
----------------------------------------------------------------------------------
    48.8  73.3    14    30.2    21   502.8   2.3  0.34   0.4  24.0     6     NNE

Max >=  90.0:  0
Max <=  80.0: 31
Min <=  45.0: 27
Min <=  32.0:  1
Max Rain: 0.32 on day 20
Days of Rain: 2 (>= 0.01 in)  1 (>= 0.10 in)  0 (>= 1.00 in)
Heat Base: 65.0  Cool Base: 65.0  Method: Integration