NOAA-Style Climate Reports


Report for 2018 January
                   Monthly Climatological Summary for Jan 2018

Name: Paradise Weather Station   City: Paradise   State: CA
Elevation: 1824 ft  Lat: N 39° 45' 32"   Lon: W 121° 36' 43"

                  Temperature (°F), Rain (in), Wind Speed (mph)

                                      Heat  Cool        Avg
    Mean                              Deg   Deg         Wind                 Dom
Day Temp  High   Time   Low    Time   Days  Days  Rain  Speed High   Time    Dir
----------------------------------------------------------------------------------
 1  52.3  69.0  12:24p  43.8   7:16a  12.8   0.1  0.00   0.0   4.0  12:29p     E
 2  53.5  66.1   1:34p  44.2   6:51a  11.5   0.1  0.00   0.0   7.0  11:47p   NNE
 3  57.3  65.7   1:14p  53.2   7:44a   7.8   0.0  0.03   0.1   8.0   8:47a   NNE
 4  54.1  58.2   1:17p  49.9   1:44a  10.9   0.0  0.36   0.4  13.0   5:24a    SE
 5  54.8  56.0  11:09a  52.9  11:56p  10.2   0.0  0.93   0.6   8.0  12:36a    SE
 6  47.2  53.0   1:58p  41.7  11:53p  17.8   0.0  0.01   0.0   5.0  12:00a   ESE
 7  47.1  57.8  12:11p  40.4   7:42a  17.9   0.0  0.00   0.1   6.0   2:52a    SE
 8  49.6  52.2   8:59p  47.2  12:00a  15.4   0.0  2.02   0.3   9.0   9:36a    SE
 9  52.9  57.4   1:47p  49.0  11:25p  12.1   0.0  0.85   0.1   8.0   1:41a   SSE
10  47.6  49.0  12:00a  42.0  11:52p  17.4   0.0  0.17   0.2   9.0   1:46p    SE
11  46.6  53.8   1:33p  39.9   6:08a  18.4   0.0  0.00   0.2   7.0  12:14p   SSE
12  48.4  61.6   1:29p  41.2   7:17a  16.5   0.0  0.00   0.1   7.0   1:27p     N
13  51.3  65.3  12:45p  43.6   7:45a  13.7   0.0  0.00   0.2   6.0   2:19a     N
14  54.7  68.9  11:47a  47.3  12:51a  10.5   0.3  0.00   0.2   8.0  10:45a   NNE
15  53.3  64.3   1:35p  45.2   4:38a  11.7   0.0  0.00   0.1   6.0   1:10p   ESE
16  51.7  59.4   1:51p  46.7   6:33a  13.3   0.0  0.23   0.1  10.0   2:41a   NNE
17  51.7  61.6   1:03p  46.3   4:29a  13.3   0.0  0.01   0.0   7.0   6:35p   ESE
18  49.2  52.4  10:11a  45.5  11:55p  15.8   0.0  1.15   0.6  11.0   8:23a   SSE
19  43.0  51.8  12:58p  34.3  11:58p  22.0   0.0  0.00   0.1   6.0  10:31a   SSE
20  40.5  55.4   1:16p  31.3   6:16a  24.5   0.0  0.00   0.1   8.0   3:44p     N
21  41.6  49.5  11:23a  36.2   3:15a  23.4   0.0  0.42   0.7  12.0   9:53p    SE
22  44.2  47.7   3:17p  40.1  12:07a  20.8   0.0  0.64   0.4   9.0   1:31a    SE
23  43.7  54.4  12:27p  36.8   7:18a  21.3   0.0  0.00   0.0   6.0  12:05p   SSE
24  44.2  48.6  12:16p  39.4  12:00a  20.8   0.0  0.89   1.3  12.0  10:04a   SSE
25  40.5  43.2   1:41p  36.9   6:17a  24.5   0.0  0.09   0.7  11.0   5:07p   SSE
26  42.9  49.1   1:24p  38.9   7:37a  22.1   0.0  0.01   0.0   5.0  12:38a    SE
27  45.4  57.2   1:36p  37.9   2:29a  19.6   0.0  0.00   0.0   6.0  11:44a   ESE
28  50.7  66.1   1:08p  41.0   7:20a  14.3   0.1  0.00   0.0   5.0   1:26p    NE
29  51.1  64.0   1:43p  41.8   3:39a  13.9   0.0  0.00   0.2   7.0   9:54a   NNE
30  51.8  68.4   1:24p  42.0   8:00a  13.5   0.3  0.00   0.1   5.0   8:42a   NNE
31  50.8  65.9  12:09p  38.3   7:46a  14.3   0.0  0.00   0.0   4.0   9:52a   NNE
----------------------------------------------------------------------------------
    48.8  69.0     1    31.3    20   502.0   0.9  7.81   0.2  13.0     4      SE

Max >=  90.0:  0
Max <=  80.0: 31
Min <=  45.0: 21
Min <=  32.0:  1
Max Rain: 2.02 on day 8
Days of Rain: 15 (>= 0.01 in)  10 (>= 0.10 in)  2 (>= 1.00 in)
Heat Base: 65.0  Cool Base: 65.0  Method: Integration