NOAA-Style Climate Reports


Report for 2018 February
                   Monthly Climatological Summary for Feb 2018

Name: Paradise Weather Station   City: Paradise   State: CA
Elevation: 1824 ft  Lat: N 39° 45' 32"   Lon: W 121° 36' 43"

                  Temperature (°F), Rain (in), Wind Speed (mph)

                                      Heat  Cool        Avg
    Mean                              Deg   Deg         Wind                 Dom
Day Temp  High   Time   Low    Time   Days  Days  Rain  Speed High   Time    Dir
----------------------------------------------------------------------------------
 1  56.2  72.3   1:42p  45.2   7:29a   9.6   0.8  0.00   0.1   5.0  12:26a     N
 2  60.1  75.5   1:50p  48.3   7:49a   6.7   1.8  0.00   0.2  10.0  10:27p     N
 3  64.1  81.2   1:32p  52.1   6:48a   4.7   3.8  0.00   0.4  10.0   4:18p   NNE
 4  59.3  73.7   1:33p  51.5   6:03a   6.8   1.2  0.00   0.1   9.0  12:14a   NNE
 5  58.7  78.7   1:18p  48.1  11:57p   8.3   2.0  0.00   0.2   7.0   3:15a   NNE
 6  60.6  74.6   1:30p  47.9  12:07a   5.9   1.5  0.00   1.0  13.0   3:27a   NNE
 7  60.8  77.6   1:32p  48.1   4:36a   6.5   2.2  0.00   0.4  12.0   6:38a   NNE
 8  59.4  76.9  12:31p  50.2   5:57a   7.7   2.1  0.00   0.1   7.0  12:17a    NE
 9  58.0  77.2  12:44p  46.9   5:44a   9.3   2.2  0.00   0.1   7.0   8:53a   NNE
10  52.0  66.0   1:31p  42.9   7:01a  13.1   0.1  0.00   0.7  13.0   9:58a   NNE
11  46.7  54.0   2:06p  36.2  11:48p  18.3   0.0  0.00   0.8  11.0   1:07a   ESE
12  45.4  59.1  11:51a  35.5   7:53a  19.6   0.0  0.00   0.9  16.0  10:31a   NNE
13  48.6  65.9   1:48p  37.5   7:49a  16.4   0.0  0.00   0.8  16.0   8:44a    NE
14  45.7  59.6   2:02p  37.5   4:17a  19.2   0.0  0.00   0.4  10.0  11:28a   SSE
15  49.0  64.9   1:48p  37.6  12:33a  16.0   0.0  0.00   0.7  11.0   7:14a     N
16  49.8  66.7   1:29p  38.4   6:39a  15.3   0.1  0.00   0.1   7.0   9:14a   ESE
17  51.3  67.5   1:49p  38.7   7:12a  13.8   0.2  0.00   0.2   6.0   1:16p   SSE
18  45.4  54.6  12:15p  32.8  11:59p  19.6   0.0  0.00   0.8  17.0   7:01p     N
19  36.6  49.4  11:53a  26.5   6:43a  28.4   0.0  0.00   0.3  10.0   2:17p    SW
20  36.0  48.1  12:17p  27.6   5:32a  29.0   0.0  0.00   0.2   7.0   8:07a    SE
21  40.6  55.4   1:48p  28.7  12:18a  24.4   0.0  0.00   0.2   9.0  12:28p    NW
22  37.7  47.0  11:43a  29.0  11:55p  27.3   0.0  0.00   0.3  12.0   4:13p   SSE
23  35.8  51.4   1:52p  25.8   4:34a  29.2   0.0  0.08   0.2   9.0   1:28p     W
24  39.2  49.0   2:29p  29.9  12:13a  25.8   0.0  0.00   0.5   9.0  10:25a   SSE
25  44.3  58.5   1:01p  31.5   6:53a  20.7   0.0  0.00   0.3   7.0   8:09a    SE
26  38.3  44.5  12:00a  34.8   6:59a  26.7   0.0  1.27   0.8  10.0   1:02a    SE
27  43.4  56.6   1:42p  34.8   7:14a  21.6   0.0  0.00   1.5  15.0   1:21a   NNE
28  40.7  48.6  11:44a  31.8   2:57a  24.3   0.0  0.79   1.4  14.0   8:24p    SE
----------------------------------------------------------------------------------
    48.7  81.2     3    25.8    23   474.2  18.0  2.14   0.5  17.0    18      NE

Max >=  90.0:  0
Max <=  80.0: 27
Min <=  45.0: 19
Min <=  32.0:  8
Max Rain: 1.27 on day 26
Days of Rain: 3 (>= 0.01 in)  2 (>= 0.10 in)  1 (>= 1.00 in)
Heat Base: 65.0  Cool Base: 65.0  Method: Integration