NOAA-Style Climate Reports


Report for 2018 March
                   Monthly Climatological Summary for Mar 2018

Name: Paradise Weather Station   City: Paradise   State: CA
Elevation: 1824 ft  Lat: N 39° 45' 32"   Lon: W 121° 36' 43"

                  Temperature (°F), Rain (in), Wind Speed (mph)

                                      Heat  Cool        Avg
    Mean                              Deg   Deg         Wind                 Dom
Day Temp  High   Time   Low    Time   Days  Days  Rain  Speed High   Time    Dir
----------------------------------------------------------------------------------
 1  41.3  44.9   1:43p  38.1   1:18a  23.7   0.0  1.32   3.4  19.0  12:54a     S
 2  38.0  46.7   1:05p  32.5   5:09a  27.0   0.0  0.25   1.1  13.0   4:35p   SSE
 3  38.0  44.9  12:39p  35.9  11:58p  26.8   0.0  0.11   0.5   7.0   2:18a    SE
 4  38.6  47.6   2:27p  33.3  11:58p  26.3   0.0  0.05   0.1   7.0   4:04p    SE
 5  39.7  42.3   8:32p  39.2  10:44p   3.6   0.0  0.00   0.4   8.0   7:56a    NE
 6  50.1  70.0   1:45p  37.3   5:36a  15.3   0.4  0.00   0.3   8.0  10:35a     E
 7  54.7  68.5  12:52p  43.7   7:12a  10.5   0.2  0.11   0.8  10.0   3:46p    SE
 8  51.7  61.2   2:22p  46.0  11:58p  13.3   0.0  0.62   0.4   8.0   2:35p    SE
 9  51.7  62.1   2:21p  43.2   6:56a  13.3   0.0  0.00   0.0   7.0   8:24a     E
10  51.0  59.4   3:31p  45.2  12:00a  13.9   0.0  0.00   0.2   8.0   3:05p   ESE
11  54.5  72.1   3:05p  42.5   6:14a  10.9   0.9  0.00   0.3   8.0   7:44a   ESE
12  57.7  73.8   2:51p  45.6   4:26a   8.7   1.4  0.34   0.5  10.0  11:27p   SSE
13  50.5  56.4  12:00a  43.4  10:47p  14.5   0.0  1.38   1.9  18.0   4:44a   SSE
14  43.4  46.6  12:53p  38.6  11:54p  21.6   0.0  0.54   0.5  10.0   5:42a   SSE
15  39.5  42.3   8:23p  35.9   2:45p  25.5   0.0  0.85   1.3  15.0  12:23p   SSE
16  42.9  50.3   2:53p  38.8  11:59p  22.1   0.0  0.05   1.1  10.0   3:37a   SSE
17  40.9  49.6   3:26p  35.3  11:56p  24.1   0.0  0.06   0.4   8.0   1:34a   SSE
18  43.5  58.2   2:15p  31.9   6:46a  21.4   0.0  0.01   0.2   8.0   2:02p     S
19  49.2  66.5   2:19p  35.6   7:37a  15.9   0.1  0.00   0.1   9.0   2:38p   SSE
20  48.8  54.6  12:30p  44.0   1:04a  16.2   0.0  1.03   0.2   8.0   3:30p    SE
21  50.9  55.5   9:33p  47.2  12:41a  14.1   0.0  1.41   1.3  15.0   9:20p   SSE
22  52.6  56.7   4:05p  45.5  11:54p  12.4   0.0  1.26   2.0  15.0   3:20a     S
23  46.7  59.0   2:58p  37.6   7:40a  18.3   0.0  0.02   1.6  12.0   6:49p     S
24  45.1  55.7   3:20p  38.0  11:54p  19.9   0.0  0.13   1.5  10.0   2:23a     S
25  42.7  54.0   3:37p  36.7   1:47a  22.3   0.0  0.07   0.4   9.0   3:29p    SE
26  49.4  66.9   2:48p  35.0   3:29a  15.6   0.1  0.00   0.6  13.0  11:54a   NNE
27  57.0  77.9   3:19p  40.3   6:23a  10.6   2.6  0.00   0.5  10.0   1:56p     N
28  65.2  83.6   3:13p  52.3   7:29a   4.5   4.7  0.00   0.5  10.0   3:25a     N
29  66.4  84.8   1:56p  52.2   6:12a   4.2   5.6  0.00   0.3   9.0  12:05a     N
30  63.9  82.8   2:58p  51.3   7:09a   5.2   4.1  0.00   0.2   6.0  11:48a   ESE
31  63.5  81.1   3:00p  52.3   5:08a   5.3   3.9  0.00   0.3   7.0   3:27p    SE
----------------------------------------------------------------------------------
    49.3  84.8    29    31.9    18   487.0  24.0  9.61   0.7  19.0     1     SSE

Max >=  80.0:  4
Max <=  32.0:  0
Min <=  32.0:  1
Min <=   0.0:  0
Max Rain: 1.41 on day 21
Days of Rain: 19 (>= 0.01 in)  13 (>= 0.10 in)  5 (>= 1.00 in)
Heat Base: 65.0  Cool Base: 65.0  Method: Integration