NOAA-Style Climate Reports


Report for 2018 April
                   Monthly Climatological Summary for Apr 2018

Name: Paradise Weather Station   City: Paradise   State: CA
Elevation: 1824 ft  Lat: N 39° 45' 32"   Lon: W 121° 36' 43"

                  Temperature (°F), Rain (in), Wind Speed (mph)

                                      Heat  Cool        Avg
    Mean                              Deg   Deg         Wind                 Dom
Day Temp  High   Time   Low    Time   Days  Days  Rain  Speed High   Time    Dir
----------------------------------------------------------------------------------
 1  62.4  81.7   2:58p  49.0   7:20a   6.3   3.7  0.00   0.2   8.0   2:27p     S
 2  61.4  77.5   3:08p  51.1   4:25a   6.1   2.6  0.00   0.4   9.0   1:43p   WNW
 3  60.9  77.9   3:08p  49.6   2:11a   6.8   2.8  0.00   0.4   7.0   3:31a   ESE
 4  63.5  79.6   3:00p  53.2   6:46a   4.4   3.0  0.00   0.2   6.0   1:36p   SSE
 5  56.7  65.1   1:06p  48.1  10:41p   8.3   0.0  0.31   0.2   8.0  10:23p    SE
 6  51.8  55.1   8:16p  48.4  12:00a  13.2   0.0  3.92   1.1  11.0   8:05p   SSE
 7  55.8  62.4   2:11p  50.2  11:58p   9.2   0.0  1.51   1.5  13.0   7:01a     S
 8  54.9  69.9   2:49p  42.8   7:29a  10.6   0.5  0.00   0.3   8.0   4:03p     S
 9  61.3  77.4   3:13p  47.1   2:22a   6.4   2.7  0.00   0.2   6.0   5:05a     S
10  59.4  65.3  11:40a  54.0   3:20p   5.6   0.0  0.14   0.4   9.0   9:44a    SE
11  51.3  57.5   2:49p  42.6  11:58p  13.7   0.0  0.29   0.7  13.0   5:57p   SSE
12  45.2  54.8   3:13p  34.1   6:51a  19.8   0.0  0.00   0.2   6.0   2:36p   SSE
13  53.9  73.4   2:58p  38.8   3:05a  12.2   1.1  0.00   0.3   8.0  11:12a   NNW
14  59.5  77.2   2:59p  45.1   7:05a   7.8   2.4  0.00   0.2   7.0   3:37p   SSE
15  54.1  61.5   2:11p  43.4  11:57p  10.9   0.0  0.43   0.9  12.0   1:00p     S
16  42.5  50.8  12:13p  38.9  10:30p  22.5   0.0  0.34   0.2   8.0   2:42p   SSE
17  47.2  63.5   3:00p  35.3   7:32a  17.8   0.0  0.01   0.2   6.0  10:47a   SSW
18  49.6  63.3   2:50p  42.0  11:53p  15.4   0.0  0.00   0.2   7.0  12:41p   SSE
19  53.3  70.0   3:23p  37.9   5:04a  12.3   0.6  0.00   0.3   9.0   1:43p   NNW
----------------------------------------------------------------------------------
    55.0  81.7     1    34.1    12   209.3  19.4  6.95   0.4  13.0     7     SSE

Max >=  80.0:  1
Max <=  32.0:  0
Min <=  32.0:  0
Min <=   0.0:  0
Max Rain: 3.92 on day 6
Days of Rain: 8 (>= 0.01 in)  7 (>= 0.10 in)  2 (>= 1.00 in)
Heat Base: 65.0  Cool Base: 65.0  Method: Integration