NOAA-Style Climate Reports


Report for 2018 May
                   Monthly Climatological Summary for May 2018

Name: Paradise Weather Station   City: Paradise   State: CA
Elevation: 1824 ft  Lat: N 39° 45' 32"   Lon: W 121° 36' 43"

                  Temperature (°F), Rain (in), Wind Speed (mph)

                                      Heat  Cool        Avg
    Mean                              Deg   Deg         Wind                 Dom
Day Temp  High   Time   Low    Time   Days  Days  Rain  Speed High   Time    Dir
----------------------------------------------------------------------------------
 1  61.7  74.8   3:03p  47.0   6:23a   6.4   3.1  0.00   0.7  13.0   8:01p   NNE
 2  64.5  83.0   3:02p  47.9   6:55a   5.5   5.0  0.00   0.3   8.0   7:16a     S
 3  64.9  81.1   2:26p  51.3   5:57a   4.8   4.8  0.00   0.2   5.0  10:05a     S
 4  67.7  87.1   3:04p  53.3   6:42a   3.9   6.6  0.00   0.1   5.0   3:08p     S
 5  67.6  80.0  12:24p  55.9   5:33a   2.7   5.3  0.00   0.0   5.0   5:53a   ENE
 6  66.0  82.1   3:03p  54.1   6:54a   3.3   4.3  0.00   0.2   7.0   1:18p   SSE
 7  67.4  88.4   3:00p  49.6   6:34a   5.0   7.5  0.00   0.2   5.0  11:49a     S
 8  71.5  89.7   2:58p  54.2   5:44a   3.0   9.5  0.00   0.2   6.0   9:57p     S
 9  68.8  82.8   3:08p  57.4   7:14a   1.8   5.6  0.00   0.3   8.0   1:33p     S
10  66.0  81.6   3:24p  53.0   5:40a   3.9   4.9  0.00   0.1   5.0   3:29p     S
11  65.9  82.6   3:11p  50.7   6:26a   4.1   5.0  0.00   1.1  14.0   8:23a   NNE
12  66.9  83.4   3:18p  52.4   6:56a   3.8   5.7  0.00   0.3   7.0  11:58a     N
13  65.8  80.2   2:17p  53.7   6:42a   3.5   4.3  0.00   0.2   7.0   1:29p   SSE
14  66.9  84.1   2:57p  52.3   6:54a   3.7   5.6  0.00   0.2   6.0  11:42a   SSW
15  65.0  79.5   2:57p  52.8   6:43a   3.8   3.8  0.00   0.2   7.0   3:03p   SSE
16  59.2  65.0   3:21p  51.0   7:28a   5.8   0.0  0.00   0.1   6.0   2:44p   SSE
17  66.6  81.2   2:45p  56.9   5:56a   2.9   4.5  0.00   0.2   7.0  12:35p   SSW
18  69.1  87.1   3:10p  54.8   6:25a   2.9   7.1  0.00   0.1   7.0   1:31p     S
19  69.1  83.9   3:08p  56.3   6:25a   2.0   6.2  0.00   0.2   6.0   5:49p   SSE
20  63.4  77.4   3:12p  50.2   7:01a   4.3   2.7  0.00   0.2   6.0   5:29p   SSE
----------------------------------------------------------------------------------
    66.2  89.7     8    47.0     1    77.1 101.5  0.00   0.3  14.0    11      SE

Max >=  80.0: 16
Max <=  32.0:  0
Min <=  32.0:  0
Min <=   0.0:  0
Max Rain: 0.00 on day 0
Days of Rain: 0 (>= 0.01 in)  0 (>= 0.10 in)  0 (>= 1.00 in)
Heat Base: 65.0  Cool Base: 65.0  Method: Integration